--
-- Host: localhost    Database: flex_home
-- ------------------------------------------------------


--
-- Table structure for table `activations`
--

CREATE TABLE `activations` (
  `id` int unsigned NOT NULL AUTO_INCREMENT,
  `user_id` int unsigned NOT NULL,
  `code` varchar(120) CHARACTER SET utf8mb4 COLLATE utf8mb4_unicode_ci NOT NULL,
  `completed` tinyint(1) NOT NULL DEFAULT '0',
  `completed_at` timestamp NULL DEFAULT NULL,
  `created_at` timestamp NULL DEFAULT NULL,
  `updated_at` timestamp NULL DEFAULT NULL,
  PRIMARY KEY (`id`),
  KEY `activations_user_id_index` (`user_id`)
) ENGINE=InnoDB AUTO_INCREMENT=14 DEFAULT CHARSET=utf8mb4 COLLATE=utf8mb4_unicode_ci;

--
-- Dumping data for table `activations`
--

INSERT INTO `activations` VALUES (1,1,'JVEVccHIalHLwIL41uMnOJDfC0p59ohS',1,'2019-11-15 04:53:30','2019-11-15 04:53:30','2019-11-15 04:53:30'),(2,2,'bUiPYBbscR6j5dhSlWSesCy0LEXp7LDG',1,'2021-01-03 17:23:28','2021-01-03 17:23:28','2021-01-03 17:23:28'),(3,1,'dtG3n9fA2nz5TPWNuYP1nCFwtfgtVY3Q',1,'2021-01-12 20:51:55','2021-01-12 20:51:55','2021-01-12 20:51:55'),(4,1,'j34UyDusAYW6Qv7W8R9Phy1eS7J6x7VH',1,'2021-01-12 20:57:53','2021-01-12 20:57:53','2021-01-12 20:57:53'),(5,1,'zybfCxjzArgxYwys3SFXJFr5GtrR4fVh',1,'2021-04-15 01:12:40','2021-04-15 01:12:40','2021-04-15 01:12:40'),(6,1,'CdxxFEhkLAEjMbXfwV0sGfYouD04RXxR',1,'2021-04-18 09:20:14','2021-04-18 09:20:14','2021-04-18 09:20:14'),(7,1,'5QGfTcVcYiXHzILQHh84iziigUT1Asfo',1,'2021-04-29 20:46:36','2021-04-29 20:46:36','2021-04-29 20:46:36'),(8,1,'b6OPzC5TBqVWQUjUE6MwNt1xW50BQCiq',1,'2021-06-11 20:56:49','2021-06-11 20:56:49','2021-06-11 20:56:49'),(9,1,'aErtd3iYdCfFQHt9JGTC6CK2sDEipDfJ',1,'2021-12-04 05:15:56','2021-12-04 05:15:56','2021-12-04 05:15:56'),(10,1,'E2pnOQvxfnxT3FhzIVG3y64EmlSJquav',1,'2021-12-04 05:17:41','2021-12-04 05:17:41','2021-12-04 05:17:41'),(11,1,'aw6YZVSneTmkzQYSO1uZ5sza3JyZYFkk',1,'2021-12-04 05:21:13','2021-12-04 05:21:13','2021-12-04 05:21:13'),(12,1,'NmUPB12SAMkdIku581sX5QpARXMxqJjg',1,'2021-12-09 21:24:36','2021-12-09 21:24:36','2021-12-09 21:24:36'),(13,1,'brlhvZ2kzt9LlSMb4zvTFoibinKxnEQg',1,'2021-12-09 21:25:34','2021-12-09 21:25:34','2021-12-09 21:25:34');

--
-- Table structure for table `audit_histories`
--

CREATE TABLE `audit_histories` (
  `id` int unsigned NOT NULL AUTO_INCREMENT,
  `user_id` int unsigned NOT NULL,
  `module` varchar(60) CHARACTER SET utf8mb4 COLLATE utf8mb4_unicode_ci NOT NULL,
  `request` text CHARACTER SET utf8mb4 COLLATE utf8mb4_unicode_ci,
  `action` varchar(120) CHARACTER SET utf8mb4 COLLATE utf8mb4_unicode_ci NOT NULL,
  `user_agent` text CHARACTER SET utf8mb4 COLLATE utf8mb4_unicode_ci,
  `ip_address` varchar(39) CHARACTER SET utf8mb4 COLLATE utf8mb4_unicode_ci DEFAULT NULL,
  `reference_user` int unsigned NOT NULL,
  `reference_id` int unsigned NOT NULL,
  `reference_name` varchar(255) CHARACTER SET utf8mb4 COLLATE utf8mb4_unicode_ci NOT NULL,
  `type` varchar(20) CHARACTER SET utf8mb4 COLLATE utf8mb4_unicode_ci NOT NULL,
  `created_at` timestamp NULL DEFAULT NULL,
  `updated_at` timestamp NULL DEFAULT NULL,
  PRIMARY KEY (`id`),
  KEY `audit_histories_user_id_index` (`user_id`),
  KEY `audit_histories_module_index` (`module`)
) ENGINE=InnoDB DEFAULT CHARSET=utf8mb4 COLLATE=utf8mb4_unicode_ci;

--
-- Dumping data for table `audit_histories`
--


--
-- Table structure for table `careers`
--

CREATE TABLE `careers` (
  `id` int unsigned NOT NULL AUTO_INCREMENT,
  `name` varchar(120) CHARACTER SET utf8mb4 COLLATE utf8mb4_unicode_ci NOT NULL,
  `location` varchar(255) CHARACTER SET utf8mb4 COLLATE utf8mb4_unicode_ci NOT NULL,
  `salary` varchar(255) CHARACTER SET utf8mb4 COLLATE utf8mb4_unicode_ci NOT NULL,
  `content` text CHARACTER SET utf8mb4 COLLATE utf8mb4_unicode_ci NOT NULL,
  `status` varchar(60) CHARACTER SET utf8mb4 COLLATE utf8mb4_unicode_ci NOT NULL DEFAULT 'published',
  `created_at` timestamp NULL DEFAULT NULL,
  `updated_at` timestamp NULL DEFAULT NULL,
  `description` varchar(400) CHARACTER SET utf8mb4 COLLATE utf8mb4_unicode_ci DEFAULT NULL,
  PRIMARY KEY (`id`)
) ENGINE=InnoDB AUTO_INCREMENT=6 DEFAULT CHARSET=utf8mb4 COLLATE=utf8mb4_unicode_ci;

--
-- Dumping data for table `careers`
--

INSERT INTO `careers` VALUES (1,'Sales Manager (Up to 2600$)','Ho Chi Minh, Viet Nam','1300$ - 2600$','<p><span style=\"font-size:16px;\"><span style=\"font-family:Arial,Helvetica,sans-serif;\"><strong>BENEFITS FOR YOU</strong></span></span></p>\r\n\r\n<p><span style=\"font-size:14px;\"><span style=\"font-family:Arial,Helvetica,sans-serif;\">- Applicants receive a salary from 1300 USD to 2600 USD<br />\r\n- Fully enjoy the regimes according to Vietnam&#39;s Labor Law: Social insurance, health insurance, unemployment insurance<br />\r\n- Trained to improve expertise and capacity in suitable positions.</span></span></p>\r\n\r\n<p>&nbsp;</p>\r\n\r\n<p><span style=\"font-size:16px;\"><span style=\"font-family:Arial,Helvetica,sans-serif;\"><strong>JOB DESCRIPTION</strong></span></span></p>\r\n\r\n<p><span style=\"font-size:14px;\"><span style=\"font-family:Arial,Helvetica,sans-serif;\">- Coordinate with the Investment Department in organizing the collection, analysis, evaluation of market information and submitting proposals for planning the project&#39;s products and investment cooperation plans (if any);<br />\r\n- Acting as a focal point of exploitation and trading with customers, managing trading floors and distributors;<br />\r\n- Checking and approving the selection of sales units, management units for exploitation, operation and investment cooperation;<br />\r\n- Leading the negotiation and management of contracts with customers, sales units, management of exploitation, operation and investment cooperation;<br />\r\n- Prepare and submit a price approval for the sale, lease, and cooperation prices of all real estate projects;<br />\r\n- Develop sales plans, sales policies, support and promotions;<br />\r\n- Coordinate with member companies (Project Management Board) to collect and hand over product records (technical documents, red books, sales contracts ...) to hand over customers;<br />\r\n- Deploy customer support activities;</span></span></p>\r\n\r\n<p>&nbsp;</p>\r\n\r\n<p><span style=\"font-size:16px;\"><span style=\"font-family:Arial,Helvetica,sans-serif;\"><strong>JOB REQUIREMENTS</strong></span></span></p>\r\n\r\n<p><span style=\"font-size:14px;\"><span style=\"font-family:Arial,Helvetica,sans-serif;\">- Preferred age: 30-35<br />\r\n- University degree in Business Administration, Economics, or related industries.<br />\r\n- Over 03 years of experience in assuming the position of Real Estate Business City<br />\r\n- Priority with a certificate of real estate broker, certificate of real estate trading floor management<br />\r\n- Good planning, operating, and control skills<br />\r\n- Good communication, negotiation and problem-solving skills</span></span></p>','published','2019-11-30 19:43:10','2019-11-30 19:46:53',NULL),(3,'Senior Real Estate Consultant Demo','Ho Chi Minh, Viet Nam','From 1500$','<p><span style=\"font-size:16px;\"><span style=\"font-family:Arial,Helvetica,sans-serif;\"><strong>BENEFITS FOR YOU</strong></span></span></p>\r\n\r\n<p><span style=\"font-size:14px;\"><span style=\"font-family:Arial,Helvetica,sans-serif;\">- Basic salary 500$&nbsp;/ month.<br />\r\n- Access to diverse sources of goods and opportunities from reputable investors.<br />\r\n- Retrospective salary policy up to 2400$-7000$&nbsp;/ year.<br />\r\n- Commission of 22-50% and a commission 1000$ / successful transaction in the month.<br />\r\n- Effective bonus 0.6-3% of annual revenue.<br />\r\n- A place to build your personal brand in a standard and different way.<br />\r\n- Attend seminars on real estate every 6 months.<br />\r\n- Participate in the course on negotiation skills (Win - Win), language of sales (Language of Sales), customer mind marketing (SOI), customer conversion from social networks (Go Social)<br />\r\n- Unlimited promotion opportunities.<br />\r\n- Working with professional space and modern open office design.<br />\r\n- Welfare policy, domestic and foreign tourism ...<br />\r\n- Decentralized, democratic, financial transparency, considering brokerage is a business partner.<br />\r\n- Environmentally friendly, is the place where brokers are connected with regular activities</span></span></p>\r\n\r\n<p>&nbsp;</p>\r\n\r\n<p><span style=\"font-size:16px;\"><span style=\"font-family:Arial,Helvetica,sans-serif;\"><strong>JOB DESCRIPTION</strong></span></span></p>\r\n\r\n<p><span style=\"font-size:14px;\"><span style=\"font-family:Arial,Helvetica,sans-serif;\">- Quantity: 30 employees<br />\r\n- Find and exploit potential customers for real estate products valued from 2000 USD / m2 in the high-end and luxury segment;<br />\r\n- Deploying activities to find customers, coordinate with teams to realize sales targets<br />\r\n- Advise customers on information related to products and projects of the Company;</span></span></p>\r\n\r\n<p>&nbsp;</p>\r\n\r\n<p><span style=\"font-size:16px;\"><span style=\"font-family:Arial,Helvetica,sans-serif;\"><strong>JOB REQUIREMENTS</strong></span></span></p>\r\n\r\n<p><span style=\"font-size:14px;\"><span style=\"font-family:Arial,Helvetica,sans-serif;\">- Graduating from college or higher<br />\r\n- Good appearance, male height from 1.68m, female from 1.58m. Age from 22-35 years old<br />\r\n- Priority to candidates who know foreign languages ​​and have 1 year or more experience in the field of real estate, banking and finance.<br />\r\n- Have financial goals, work and life.<br />\r\n- Desire to achieve big goals.<br />\r\n- Diligent, persistent, honest.</span></span></p>','published','2019-11-30 19:52:42','2021-01-03 17:26:17',NULL);

--
-- Table structure for table `careers_translations`
--

CREATE TABLE `careers_translations` (
  `lang_code` varchar(191) CHARACTER SET utf8mb4 COLLATE utf8mb4_unicode_ci NOT NULL,
  `careers_id` int NOT NULL,
  `name` varchar(255) CHARACTER SET utf8mb4 COLLATE utf8mb4_unicode_ci DEFAULT NULL,
  `location` varchar(255) CHARACTER SET utf8mb4 COLLATE utf8mb4_unicode_ci DEFAULT NULL,
  `salary` varchar(255) CHARACTER SET utf8mb4 COLLATE utf8mb4_unicode_ci DEFAULT NULL,
  `description` longtext CHARACTER SET utf8mb4 COLLATE utf8mb4_unicode_ci,
  PRIMARY KEY (`lang_code`,`careers_id`)
) ENGINE=InnoDB DEFAULT CHARSET=utf8mb4 COLLATE=utf8mb4_unicode_ci;

--
-- Dumping data for table `careers_translations`
--

INSERT INTO `careers_translations` VALUES ('vi',1,'Trưởng Phòng Kinh Doanh ( Lương lên tới 60tr)','Ho Chi Minh, Viet Nam','30,000,000 VND-60,000,000 VND',NULL),('vi',3,'Chuyên Viên Tư Vấn Bất Động Sản Cao Cấp','Ho Chi Minh, Viet Nam','Từ 30,000,000 VND',NULL);

--
-- Table structure for table `categories`
--

CREATE TABLE `categories` (
  `id` int unsigned NOT NULL AUTO_INCREMENT,
  `name` varchar(120) CHARACTER SET utf8mb4 COLLATE utf8mb4_unicode_ci NOT NULL,
  `parent_id` int unsigned NOT NULL DEFAULT '0',
  `description` varchar(400) CHARACTER SET utf8mb4 COLLATE utf8mb4_unicode_ci DEFAULT NULL,
  `status` varchar(60) CHARACTER SET utf8mb4 COLLATE utf8mb4_unicode_ci NOT NULL DEFAULT 'published',
  `author_id` int NOT NULL,
  `author_type` varchar(255) CHARACTER SET utf8mb4 COLLATE utf8mb4_unicode_ci NOT NULL DEFAULT 'Botble\\ACL\\Models\\User',
  `icon` varchar(60) CHARACTER SET utf8mb4 COLLATE utf8mb4_unicode_ci DEFAULT NULL,
  `order` tinyint NOT NULL DEFAULT '0',
  `is_featured` tinyint NOT NULL DEFAULT '0',
  `is_default` tinyint unsigned NOT NULL DEFAULT '0',
  `created_at` timestamp NULL DEFAULT NULL,
  `updated_at` timestamp NULL DEFAULT NULL,
  PRIMARY KEY (`id`),
  KEY `categories_parent_id_status_created_at_index` (`parent_id`,`status`,`created_at`)
) ENGINE=InnoDB AUTO_INCREMENT=9 DEFAULT CHARSET=utf8mb4 COLLATE=utf8mb4_unicode_ci;

--
-- Dumping data for table `categories`
--

INSERT INTO `categories` VALUES (1,'News',0,NULL,'published',1,'Botble\\ACL\\Models\\User',NULL,0,0,1,'2019-11-18 02:33:35','2019-11-18 02:33:35'),(2,'House architecture',0,NULL,'published',1,'Botble\\ACL\\Models\\User',NULL,0,0,0,'2019-11-21 07:49:25','2019-11-21 07:49:25'),(3,'Kiến trúc nhà',0,NULL,'published',1,'Botble\\ACL\\Models\\User',NULL,0,0,0,'2019-11-21 07:49:35','2019-11-21 07:49:35'),(4,'House design',0,NULL,'published',1,'Botble\\ACL\\Models\\User',NULL,0,0,0,'2019-11-21 07:50:02','2019-11-21 07:50:02'),(5,'Thiết kế nhà',0,NULL,'published',1,'Botble\\ACL\\Models\\User',NULL,0,0,0,'2019-11-21 07:50:17','2019-11-21 07:50:17'),(6,'Building materials',0,NULL,'published',1,'Botble\\ACL\\Models\\User',NULL,0,0,0,'2019-11-21 07:50:36','2019-11-21 07:50:36'),(7,'Vật liệu xây dựng',0,NULL,'published',1,'Botble\\ACL\\Models\\User',NULL,0,0,0,'2019-11-21 07:50:58','2019-11-21 07:50:58'),(8,'Tin tức',0,NULL,'published',1,'Botble\\ACL\\Models\\User',NULL,0,0,1,'2019-11-22 01:26:08','2019-11-22 01:26:08');

--
-- Table structure for table `categories_translations`
--

CREATE TABLE `categories_translations` (
  `lang_code` varchar(191) CHARACTER SET utf8mb4 COLLATE utf8mb4_unicode_ci NOT NULL,
  `categories_id` int NOT NULL,
  `name` varchar(255) CHARACTER SET utf8mb4 COLLATE utf8mb4_unicode_ci DEFAULT NULL,
  `description` varchar(400) CHARACTER SET utf8mb4 COLLATE utf8mb4_unicode_ci DEFAULT NULL,
  PRIMARY KEY (`lang_code`,`categories_id`)
) ENGINE=InnoDB DEFAULT CHARSET=utf8mb4 COLLATE=utf8mb4_unicode_ci;

--
-- Dumping data for table `categories_translations`
--


--
-- Table structure for table `cities`
--

CREATE TABLE `cities` (
  `id` int unsigned NOT NULL AUTO_INCREMENT,
  `name` varchar(120) CHARACTER SET utf8mb4 COLLATE utf8mb4_unicode_ci NOT NULL,
  `state_id` int unsigned NOT NULL,
  `country_id` int unsigned NOT NULL,
  `order` tinyint NOT NULL DEFAULT '0',
  `is_default` tinyint unsigned NOT NULL DEFAULT '0',
  `is_featured` tinyint NOT NULL DEFAULT '0',
  `image` varchar(255) CHARACTER SET utf8mb4 COLLATE utf8mb4_unicode_ci DEFAULT NULL,
  `status` varchar(60) CHARACTER SET utf8mb4 COLLATE utf8mb4_unicode_ci NOT NULL DEFAULT 'published',
  `created_at` timestamp NULL DEFAULT NULL,
  `updated_at` timestamp NULL DEFAULT NULL,
  `slug` varchar(120) CHARACTER SET utf8mb4 COLLATE utf8mb4_unicode_ci DEFAULT NULL,
  `record_id` varchar(40) CHARACTER SET utf8mb4 COLLATE utf8mb4_unicode_ci DEFAULT NULL,
  PRIMARY KEY (`id`),
  UNIQUE KEY `cities_slug_unique` (`slug`)
) ENGINE=InnoDB AUTO_INCREMENT=6 DEFAULT CHARSET=utf8mb4 COLLATE=utf8mb4_unicode_ci;

--
-- Dumping data for table `cities`
--

INSERT INTO `cities` VALUES (1,'Alhambra',1,1,0,0,1,'cities/los-angeles-winter-2016.jpg','published','2019-11-18 08:18:42','2019-12-03 05:55:52','alhambra',NULL),(2,'Oakland',1,1,0,0,1,'cities/oaklandnightskylineandlakemerritt.jpg','published','2019-11-18 08:23:14','2019-12-03 05:55:52','oakland',NULL),(3,'Bakersfield',1,1,0,0,1,'cities/2009-0726-ca-bakersfield-truxtontower.jpg','published','2019-11-18 08:26:54','2019-12-03 05:55:52','bakersfield',NULL),(4,'Anaheim',1,1,0,0,1,'cities/castillo-de-disneyland.jpg','published','2019-11-18 08:27:57','2019-12-03 05:55:52','anaheim',NULL),(5,'San Francisco',1,1,0,0,1,'cities/goldengatebridge-001.jpg','published','2019-11-18 08:29:18','2019-12-03 05:55:52','san-francisco',NULL);

--
-- Table structure for table `cities_translations`
--

CREATE TABLE `cities_translations` (
  `lang_code` varchar(191) CHARACTER SET utf8mb4 COLLATE utf8mb4_unicode_ci NOT NULL,
  `cities_id` int NOT NULL,
  `name` varchar(120) CHARACTER SET utf8mb4 COLLATE utf8mb4_unicode_ci DEFAULT NULL,
  PRIMARY KEY (`lang_code`,`cities_id`)
) ENGINE=InnoDB DEFAULT CHARSET=utf8mb4 COLLATE=utf8mb4_unicode_ci;

--
-- Dumping data for table `cities_translations`
--

INSERT INTO `cities_translations` VALUES ('vi',1,'Alhambra'),('vi',2,'Oakland'),('vi',3,'Bakersfield'),('vi',4,'Anaheim'),('vi',5,'San Francisco');

--
-- Table structure for table `contact_replies`
--

CREATE TABLE `contact_replies` (
  `id` int unsigned NOT NULL AUTO_INCREMENT,
  `message` text CHARACTER SET utf8mb4 COLLATE utf8mb4_unicode_ci NOT NULL,
  `contact_id` int NOT NULL,
  `created_at` timestamp NULL DEFAULT NULL,
  `updated_at` timestamp NULL DEFAULT NULL,
  PRIMARY KEY (`id`)
) ENGINE=InnoDB DEFAULT CHARSET=utf8mb4 COLLATE=utf8mb4_unicode_ci;

--
-- Dumping data for table `contact_replies`
--


--
-- Table structure for table `contacts`
--

CREATE TABLE `contacts` (
  `id` int unsigned NOT NULL AUTO_INCREMENT,
  `name` varchar(60) CHARACTER SET utf8mb4 COLLATE utf8mb4_unicode_ci NOT NULL,
  `email` varchar(60) CHARACTER SET utf8mb4 COLLATE utf8mb4_unicode_ci NOT NULL,
  `phone` varchar(60) CHARACTER SET utf8mb4 COLLATE utf8mb4_unicode_ci DEFAULT NULL,
  `address` varchar(120) CHARACTER SET utf8mb4 COLLATE utf8mb4_unicode_ci DEFAULT NULL,
  `subject` varchar(120) CHARACTER SET utf8mb4 COLLATE utf8mb4_unicode_ci DEFAULT NULL,
  `content` text CHARACTER SET utf8mb4 COLLATE utf8mb4_unicode_ci NOT NULL,
  `status` varchar(60) CHARACTER SET utf8mb4 COLLATE utf8mb4_unicode_ci NOT NULL DEFAULT 'unread',
  `created_at` timestamp NULL DEFAULT NULL,
  `updated_at` timestamp NULL DEFAULT NULL,
  PRIMARY KEY (`id`)
) ENGINE=InnoDB DEFAULT CHARSET=utf8mb4 COLLATE=utf8mb4_unicode_ci;

--
-- Dumping data for table `contacts`
--


--
-- Table structure for table `countries`
--

CREATE TABLE `countries` (
  `id` int unsigned NOT NULL AUTO_INCREMENT,
  `name` varchar(120) CHARACTER SET utf8mb4 COLLATE utf8mb4_unicode_ci NOT NULL,
  `nationality` varchar(120) CHARACTER SET utf8mb4 COLLATE utf8mb4_unicode_ci DEFAULT NULL,
  `order` tinyint NOT NULL DEFAULT '0',
  `is_default` tinyint unsigned NOT NULL DEFAULT '0',
  `status` varchar(60) CHARACTER SET utf8mb4 COLLATE utf8mb4_unicode_ci NOT NULL DEFAULT 'published',
  `created_at` timestamp NULL DEFAULT NULL,
  `updated_at` timestamp NULL DEFAULT NULL,
  `code` varchar(10) CHARACTER SET utf8mb4 COLLATE utf8mb4_unicode_ci DEFAULT NULL,
  PRIMARY KEY (`id`)
) ENGINE=InnoDB AUTO_INCREMENT=2 DEFAULT CHARSET=utf8mb4 COLLATE=utf8mb4_unicode_ci;

--
-- Dumping data for table `countries`
--

INSERT INTO `countries` VALUES (1,'United States','United States of America',0,0,'published','2019-11-18 08:17:29','2019-11-18 08:17:29',NULL);

--
-- Table structure for table `countries_translations`
--

CREATE TABLE `countries_translations` (
  `lang_code` varchar(191) CHARACTER SET utf8mb4 COLLATE utf8mb4_unicode_ci NOT NULL,
  `countries_id` int NOT NULL,
  `name` varchar(120) CHARACTER SET utf8mb4 COLLATE utf8mb4_unicode_ci DEFAULT NULL,
  `nationality` varchar(120) CHARACTER SET utf8mb4 COLLATE utf8mb4_unicode_ci DEFAULT NULL,
  PRIMARY KEY (`lang_code`,`countries_id`)
) ENGINE=InnoDB DEFAULT CHARSET=utf8mb4 COLLATE=utf8mb4_unicode_ci;

--
-- Dumping data for table `countries_translations`
--

INSERT INTO `countries_translations` VALUES ('vi',1,'United States',NULL);

--
-- Table structure for table `dashboard_widget_settings`
--

CREATE TABLE `dashboard_widget_settings` (
  `id` int unsigned NOT NULL AUTO_INCREMENT,
  `settings` text CHARACTER SET utf8mb4 COLLATE utf8mb4_unicode_ci,
  `user_id` int unsigned NOT NULL,
  `widget_id` int unsigned NOT NULL,
  `order` tinyint unsigned NOT NULL DEFAULT '0',
  `status` tinyint unsigned NOT NULL DEFAULT '1',
  `created_at` timestamp NULL DEFAULT NULL,
  `updated_at` timestamp NULL DEFAULT NULL,
  PRIMARY KEY (`id`),
  KEY `dashboard_widget_settings_user_id_index` (`user_id`),
  KEY `dashboard_widget_settings_widget_id_index` (`widget_id`)
) ENGINE=InnoDB AUTO_INCREMENT=7 DEFAULT CHARSET=utf8mb4 COLLATE=utf8mb4_unicode_ci;

--
-- Dumping data for table `dashboard_widget_settings`
--

INSERT INTO `dashboard_widget_settings` VALUES (1,NULL,1,7,0,1,'2019-11-26 02:40:58','2019-11-26 02:40:58'),(2,NULL,1,5,1,1,'2019-11-26 02:40:58','2019-11-26 02:40:58'),(3,NULL,1,6,2,1,'2019-11-26 02:40:58','2019-11-26 02:40:58'),(4,NULL,1,8,3,1,'2019-11-26 02:40:58','2019-11-26 02:40:58'),(5,NULL,1,9,4,1,'2019-11-26 02:40:58','2019-11-26 02:40:58'),(6,NULL,1,10,5,1,'2019-11-26 02:40:58','2019-11-26 02:40:58');

--
-- Table structure for table `dashboard_widgets`
--

CREATE TABLE `dashboard_widgets` (
  `id` int unsigned NOT NULL AUTO_INCREMENT,
  `name` varchar(120) CHARACTER SET utf8mb4 COLLATE utf8mb4_unicode_ci NOT NULL,
  `created_at` timestamp NULL DEFAULT NULL,
  `updated_at` timestamp NULL DEFAULT NULL,
  PRIMARY KEY (`id`)
) ENGINE=InnoDB AUTO_INCREMENT=11 DEFAULT CHARSET=utf8mb4 COLLATE=utf8mb4_unicode_ci;

--
-- Dumping data for table `dashboard_widgets`
--

INSERT INTO `dashboard_widgets` VALUES (1,'widget_total_pages','2019-11-15 04:57:40','2019-11-15 04:57:40'),(2,'widget_total_users','2019-11-15 04:57:40','2019-11-15 04:57:40'),(3,'widget_total_plugins','2019-11-15 04:57:40','2019-11-15 04:57:40'),(4,'widget_total_themes','2019-11-15 04:57:40','2019-11-15 04:57:40'),(5,'widget_audit_logs','2019-11-15 18:54:50','2019-11-15 18:54:50'),(6,'widget_posts_recent','2019-11-15 18:54:50','2019-11-15 18:54:50'),(7,'widget_analytics_general','2019-11-15 18:54:50','2019-11-15 18:54:50'),(8,'widget_analytics_page','2019-11-15 18:54:50','2019-11-15 18:54:50'),(9,'widget_analytics_browser','2019-11-15 18:54:50','2019-11-15 18:54:50'),(10,'widget_analytics_referrer','2019-11-15 18:54:50','2019-11-15 18:54:50');

--
-- Table structure for table `failed_jobs`
--

CREATE TABLE `failed_jobs` (
  `id` bigint unsigned NOT NULL AUTO_INCREMENT,
  `connection` text CHARACTER SET utf8mb4 COLLATE utf8mb4_unicode_ci NOT NULL,
  `queue` text CHARACTER SET utf8mb4 COLLATE utf8mb4_unicode_ci NOT NULL,
  `payload` longtext CHARACTER SET utf8mb4 COLLATE utf8mb4_unicode_ci NOT NULL,
  `exception` longtext CHARACTER SET utf8mb4 COLLATE utf8mb4_unicode_ci NOT NULL,
  `failed_at` timestamp NOT NULL DEFAULT CURRENT_TIMESTAMP,
  PRIMARY KEY (`id`)
) ENGINE=InnoDB DEFAULT CHARSET=utf8mb4 COLLATE=utf8mb4_unicode_ci;

--
-- Dumping data for table `failed_jobs`
--


--
-- Table structure for table `jobs`
--

CREATE TABLE `jobs` (
  `id` bigint unsigned NOT NULL AUTO_INCREMENT,
  `queue` varchar(191) CHARACTER SET utf8mb4 COLLATE utf8mb4_unicode_ci NOT NULL,
  `payload` longtext CHARACTER SET utf8mb4 COLLATE utf8mb4_unicode_ci NOT NULL,
  `attempts` tinyint unsigned NOT NULL,
  `reserved_at` int unsigned DEFAULT NULL,
  `available_at` int unsigned NOT NULL,
  `created_at` int unsigned NOT NULL,
  PRIMARY KEY (`id`),
  KEY `jobs_queue_index` (`queue`)
) ENGINE=InnoDB DEFAULT CHARSET=utf8mb4 COLLATE=utf8mb4_unicode_ci;

--
-- Dumping data for table `jobs`
--


--
-- Table structure for table `language_meta`
--

CREATE TABLE `language_meta` (
  `lang_meta_id` int unsigned NOT NULL AUTO_INCREMENT,
  `reference_id` int unsigned NOT NULL,
  `lang_meta_code` text CHARACTER SET utf8mb4 COLLATE utf8mb4_unicode_ci,
  `reference_type` varchar(120) CHARACTER SET utf8mb4 COLLATE utf8mb4_unicode_ci NOT NULL,
  `lang_meta_origin` varchar(255) CHARACTER SET utf8mb4 COLLATE utf8mb4_unicode_ci NOT NULL,
  PRIMARY KEY (`lang_meta_id`),
  KEY `language_meta_lang_meta_content_id_index` (`reference_id`)
) ENGINE=InnoDB AUTO_INCREMENT=452 DEFAULT CHARSET=utf8mb4 COLLATE=utf8mb4_unicode_ci;

--
-- Dumping data for table `language_meta`
--

INSERT INTO `language_meta` VALUES (3,1,'en_US','Botble\\RealEstate\\Models\\Property','404601a719bd38c609172d77df408ba1'),(4,2,'en_US','Botble\\RealEstate\\Models\\Property','9fd22570b6527cea3f74256bc5beeade'),(5,3,'en_US','Botble\\RealEstate\\Models\\Property','657ce80dc667a53aed03ea05f3977ff0'),(6,4,'en_US','Botble\\RealEstate\\Models\\Property','6be7679ead5366a6369167210fd247a0'),(7,1,'en_US','Botble\\RealEstate\\Models\\PropertyFeature','13cf1f003e0c62806dd7ad26f048b91d'),(8,2,'en_US','Botble\\RealEstate\\Models\\PropertyFeature','f2356c699c6653bffaff97dd9387717d'),(12,3,'en_US','Botble\\RealEstate\\Models\\PropertyFeature','e8c67bae0a5f47fa54a4a76a875daf3f'),(13,4,'en_US','Botble\\RealEstate\\Models\\PropertyFeature','d57fa54aad5abc3f0caec4fb0e4e0907'),(14,5,'en_US','Botble\\RealEstate\\Models\\PropertyFeature','2d253e85c0394609682b9dbe77705bdb'),(15,1,'en_US','Botble\\RealEstate\\Models\\Project','56e4bdd055bc0b01d9fdc5efdbee6166'),(16,5,'en_US','Botble\\RealEstate\\Models\\Property','ac45379b9b6134531a834400a7d9175c'),(17,6,'en_US','Botble\\RealEstate\\Models\\PropertyFeature','150d1429049e27e62396ed759719ada4'),(18,7,'en_US','Botble\\RealEstate\\Models\\PropertyFeature','a7dd32dd31e9b85768892b17c4b6283b'),(19,8,'en_US','Botble\\RealEstate\\Models\\PropertyFeature','bc3b21d633995dfaaa528eeb34b804ca'),(20,6,'en_US','Botble\\RealEstate\\Models\\Property','976a11dca6f828f42ef579a8b3671b56'),(21,7,'en_US','Botble\\RealEstate\\Models\\Property','141e080b1eff418e2977b5efdbfe799a'),(22,1,'en_US','Botble\\RealEstate\\Models\\Investor','b55b725e9ba113942275849272e2969b'),(23,2,'en_US','Botble\\RealEstate\\Models\\Investor','8b391f8d425ee376f0378860cbc205ae'),(24,3,'en_US','Botble\\RealEstate\\Models\\Investor','c9199634afef0d21b9ed76f0438c1d92'),(25,4,'en_US','Botble\\RealEstate\\Models\\Investor','ae7c96e8601ae6be06b85cb1b035498d'),(26,5,'en_US','Botble\\RealEstate\\Models\\Investor','12f47dc443a0c4c9ed8dd3f48e43ef24'),(27,6,'en_US','Botble\\RealEstate\\Models\\Investor','35466099783edd979365b6d42380217a'),(28,7,'en_US','Botble\\RealEstate\\Models\\Investor','0f2d227a5e8b165455e69574d168d628'),(29,8,'en_US','Botble\\RealEstate\\Models\\Investor','9c7f8c61383d7ea76f817fcd2224363f'),(30,9,'en_US','Botble\\RealEstate\\Models\\Investor','a714f38063f2a21302b72ca0c9ebf69d'),(31,10,'en_US','Botble\\RealEstate\\Models\\Investor','3752c23672cc11767202d85776490354'),(32,11,'en_US','Botble\\RealEstate\\Models\\Investor','33ba5096310a9bb0d2cbed1ebab2f00e'),(33,12,'en_US','Botble\\RealEstate\\Models\\Investor','b9df16fdbc60e5d1d446560fa55780ad'),(34,13,'en_US','Botble\\RealEstate\\Models\\Investor','aa340b8dd1304e49d7b6e3be7bb939cb'),(35,14,'en_US','Botble\\RealEstate\\Models\\Investor','0dc7c295282a2e338f97f9ac56d3e707'),(36,15,'en_US','Botble\\RealEstate\\Models\\Investor','7e37f52d065e2ac7f71cec27528ff1a7'),(37,2,'en_US','Botble\\RealEstate\\Models\\Project','b8c605675ac073dd9d5b3572087a2445'),(38,8,'en_US','Botble\\RealEstate\\Models\\Property','ccf2b58508febe22dae3fe588d1f7f36'),(39,9,'en_US','Botble\\RealEstate\\Models\\Property','18e0c764a6457fa1677a1710cc219337'),(40,10,'en_US','Botble\\RealEstate\\Models\\Property','2c9217b2ce21882234bfaf9222893fc9'),(41,11,'en_US','Botble\\RealEstate\\Models\\Property','dad4f25ae76974a87d59084f82dae01b'),(42,1,'en_US','Botble\\Blog\\Models\\Category','8804d947c9dfc67caa38c6d758c533fb'),(43,12,'en_US','Botble\\RealEstate\\Models\\Property','4be0c322dda4d57a9ae43c4bb5b7b608'),(45,1,'en_US','Botble\\Blog\\Models\\Tag','cb81f9780b7fcdcb490a2dc412bf2dc8'),(47,2,'en_US','Botble\\Blog\\Models\\Tag','b1f1b44f1eb59e622269e868a16d4ead'),(50,3,'en_US','Botble\\Blog\\Models\\Tag','3facfab60703e4bb17ce679a63d04d6e'),(51,3,'en_US','Botble\\RealEstate\\Models\\Project','1631e995fd3df41119f30d9608085dae'),(52,4,'en_US','Botble\\RealEstate\\Models\\Project','e6f78da435a49ddb8497a027537ad6f5'),(53,5,'en_US','Botble\\RealEstate\\Models\\Project','e10e38c14cc5ba56f403049c9f003285'),(54,6,'en_US','Botble\\RealEstate\\Models\\Project','0f0ae4af74e088ea71a1456a71084118'),(55,13,'en_US','Botble\\RealEstate\\Models\\Property','cb46b75d51f5b9ca4f7ea650ae885169'),(56,14,'en_US','Botble\\RealEstate\\Models\\Property','702833126d23884c8fa5f965b7fa3870'),(57,15,'en_US','Botble\\RealEstate\\Models\\Property','73a8f9e2401b54cca959e1a0a5fb9c9e'),(58,16,'en_US','Botble\\RealEstate\\Models\\Property','4aba3c5a608665c657affb7c59fce1e5'),(59,17,'en_US','Botble\\RealEstate\\Models\\Property','417317c4e6d4e390e19b87986cc52aa0'),(83,16,'vi','Botble\\RealEstate\\Models\\Investor','7e37f52d065e2ac7f71cec27528ff1a7'),(84,17,'vi','Botble\\RealEstate\\Models\\Investor','0dc7c295282a2e338f97f9ac56d3e707'),(85,18,'vi','Botble\\RealEstate\\Models\\Investor','aa340b8dd1304e49d7b6e3be7bb939cb'),(86,19,'vi','Botble\\RealEstate\\Models\\Investor','b9df16fdbc60e5d1d446560fa55780ad'),(87,20,'vi','Botble\\RealEstate\\Models\\Investor','33ba5096310a9bb0d2cbed1ebab2f00e'),(88,21,'vi','Botble\\RealEstate\\Models\\Investor','3752c23672cc11767202d85776490354'),(89,22,'vi','Botble\\RealEstate\\Models\\Investor','a714f38063f2a21302b72ca0c9ebf69d'),(90,23,'vi','Botble\\RealEstate\\Models\\Investor','9c7f8c61383d7ea76f817fcd2224363f'),(91,24,'vi','Botble\\RealEstate\\Models\\Investor','0f2d227a5e8b165455e69574d168d628'),(92,25,'vi','Botble\\RealEstate\\Models\\Investor','35466099783edd979365b6d42380217a'),(93,26,'vi','Botble\\RealEstate\\Models\\Investor','12f47dc443a0c4c9ed8dd3f48e43ef24'),(94,27,'vi','Botble\\RealEstate\\Models\\Investor','ae7c96e8601ae6be06b85cb1b035498d'),(96,29,'vi','Botble\\RealEstate\\Models\\Investor','c9199634afef0d21b9ed76f0438c1d92'),(97,30,'vi','Botble\\RealEstate\\Models\\Investor','8b391f8d425ee376f0378860cbc205ae'),(98,31,'vi','Botble\\RealEstate\\Models\\Investor','b55b725e9ba113942275849272e2969b'),(122,2,'en_US','Botble\\Blog\\Models\\Category','6675f12d6ce53d9ed753a54bca8d67b0'),(123,3,'vi','Botble\\Blog\\Models\\Category','6675f12d6ce53d9ed753a54bca8d67b0'),(124,4,'en_US','Botble\\Blog\\Models\\Category','745e79e10f12a0f66d19ae3b4dad987a'),(125,5,'vi','Botble\\Blog\\Models\\Category','745e79e10f12a0f66d19ae3b4dad987a'),(126,6,'en_US','Botble\\Blog\\Models\\Category','f1ba0f3404bb5b827cfaa552a6894c0f'),(127,7,'vi','Botble\\Blog\\Models\\Category','f1ba0f3404bb5b827cfaa552a6894c0f'),(135,8,'vi','Botble\\Blog\\Models\\Category','8804d947c9dfc67caa38c6d758c533fb'),(144,1,'en_US','Botble\\Career\\Models\\Career','09e2cc1ea05bd7c9dd60cfd54725975c'),(146,3,'en_US','Botble\\Career\\Models\\Career','dcd6eb9e2a31b96825a0c519101c098e'),(194,5,'en_US','Botble\\Career\\Models\\Career','9d36fac293afaacbe2deeaaccc00f346'),(442,1,'en_US','Botble\\Menu\\Models\\MenuLocation','5ad59171af0cc4d0dccc3d38422c455d'),(443,1,'en_US','Botble\\Menu\\Models\\Menu','ffecf7382cb34d54fb4b6879ce3d4cbd'),(444,2,'en_US','Botble\\Menu\\Models\\Menu','2171b9545e3c19b81ec7d3448699d972'),(445,3,'en_US','Botble\\Menu\\Models\\Menu','ed29f281cdb65de4428a630d3b917f83'),(446,4,'en_US','Botble\\Menu\\Models\\Menu','55182b2b4e696c141e5cca8a6f85a29e'),(447,2,'vi','Botble\\Menu\\Models\\MenuLocation','dcaa0fe6da1d86071c035fc304a73d07'),(448,5,'vi','Botble\\Menu\\Models\\Menu','ffecf7382cb34d54fb4b6879ce3d4cbd'),(449,6,'vi','Botble\\Menu\\Models\\Menu','2171b9545e3c19b81ec7d3448699d972'),(450,7,'vi','Botble\\Menu\\Models\\Menu','ed29f281cdb65de4428a630d3b917f83'),(451,8,'vi','Botble\\Menu\\Models\\Menu','55182b2b4e696c141e5cca8a6f85a29e');

--
-- Table structure for table `languages`
--

CREATE TABLE `languages` (
  `lang_id` int unsigned NOT NULL AUTO_INCREMENT,
  `lang_name` varchar(120) CHARACTER SET utf8mb4 COLLATE utf8mb4_unicode_ci NOT NULL,
  `lang_locale` varchar(20) CHARACTER SET utf8mb4 COLLATE utf8mb4_unicode_ci NOT NULL,
  `lang_code` varchar(20) CHARACTER SET utf8mb4 COLLATE utf8mb4_unicode_ci NOT NULL,
  `lang_flag` varchar(20) CHARACTER SET utf8mb4 COLLATE utf8mb4_unicode_ci DEFAULT NULL,
  `lang_is_default` tinyint unsigned NOT NULL DEFAULT '0',
  `lang_order` int NOT NULL DEFAULT '0',
  `lang_is_rtl` tinyint unsigned NOT NULL DEFAULT '0',
  PRIMARY KEY (`lang_id`)
) ENGINE=InnoDB AUTO_INCREMENT=3 DEFAULT CHARSET=utf8mb4 COLLATE=utf8mb4_unicode_ci;

--
-- Dumping data for table `languages`
--

INSERT INTO `languages` VALUES (1,'English','en','en_US','us',1,0,0),(2,'Tiếng Việt','vi','vi','vn',0,0,0);

--
-- Table structure for table `media_files`
--

CREATE TABLE `media_files` (
  `id` int unsigned NOT NULL AUTO_INCREMENT,
  `user_id` int unsigned NOT NULL,
  `name` varchar(255) CHARACTER SET utf8mb4 COLLATE utf8mb4_unicode_ci NOT NULL,
  `folder_id` int unsigned NOT NULL DEFAULT '0',
  `mime_type` varchar(120) CHARACTER SET utf8mb4 COLLATE utf8mb4_unicode_ci NOT NULL,
  `size` int NOT NULL,
  `url` varchar(255) CHARACTER SET utf8mb4 COLLATE utf8mb4_unicode_ci NOT NULL,
  `options` text CHARACTER SET utf8mb4 COLLATE utf8mb4_unicode_ci,
  `created_at` timestamp NULL DEFAULT NULL,
  `updated_at` timestamp NULL DEFAULT NULL,
  `deleted_at` timestamp NULL DEFAULT NULL,
  PRIMARY KEY (`id`),
  KEY `media_files_user_id_index` (`user_id`),
  KEY `media_files_folder_id_user_id_created_at_index` (`folder_id`,`user_id`,`created_at`)
) ENGINE=InnoDB AUTO_INCREMENT=1655 DEFAULT CHARSET=utf8mb4 COLLATE=utf8mb4_unicode_ci;

--
-- Dumping data for table `media_files`
--

INSERT INTO `media_files` VALUES (1483,0,'1',80,'image/jpeg',11752,'accounts/1.jpg','[]','2021-12-09 21:25:30','2021-12-09 21:25:30',NULL),(1484,0,'10',80,'image/jpeg',27814,'accounts/10.jpg','[]','2021-12-09 21:25:30','2021-12-09 21:25:30',NULL),(1485,0,'2',80,'image/jpeg',19005,'accounts/2.jpg','[]','2021-12-09 21:25:30','2021-12-09 21:25:30',NULL),(1486,0,'3',80,'image/jpeg',20400,'accounts/3.jpg','[]','2021-12-09 21:25:30','2021-12-09 21:25:30',NULL),(1487,0,'4',80,'image/jpeg',26819,'accounts/4.jpg','[]','2021-12-09 21:25:30','2021-12-09 21:25:30',NULL),(1488,0,'5',80,'image/jpeg',14367,'accounts/5.jpg','[]','2021-12-09 21:25:30','2021-12-09 21:25:30',NULL),(1489,0,'6',80,'image/jpeg',12367,'accounts/6.jpg','[]','2021-12-09 21:25:30','2021-12-09 21:25:30',NULL),(1490,0,'7',80,'image/jpeg',20652,'accounts/7.jpg','[]','2021-12-09 21:25:30','2021-12-09 21:25:30',NULL),(1491,0,'8',80,'image/jpeg',21164,'accounts/8.jpg','[]','2021-12-09 21:25:30','2021-12-09 21:25:30',NULL),(1492,0,'9',80,'image/jpeg',6084,'accounts/9.jpg','[]','2021-12-09 21:25:30','2021-12-09 21:25:30',NULL),(1494,0,'asset-3-at-3x',82,'image/png',76833,'general/asset-3-at-3x.png','[]','2021-12-09 21:25:36','2021-12-09 21:25:36',NULL),(1495,0,'asset-4-at-3x',82,'image/png',84067,'general/asset-4-at-3x.png','[]','2021-12-09 21:25:36','2021-12-09 21:25:36',NULL),(1496,0,'breadcrumb-background',82,'image/jpeg',504692,'general/breadcrumb-background.jpg','[]','2021-12-09 21:25:36','2021-12-09 21:25:36',NULL),(1497,0,'copyright',82,'image/jpeg',128544,'general/copyright.jpg','[]','2021-12-09 21:25:36','2021-12-09 21:25:36',NULL),(1498,0,'home-banner',82,'image/jpeg',892011,'general/home-banner.jpg','[]','2021-12-09 21:25:36','2021-12-09 21:25:36',NULL),(1499,0,'termsconditions-pagedesktop',82,'image/jpeg',185151,'general/termsconditions-pagedesktop.jpg','[]','2021-12-09 21:25:37','2021-12-09 21:25:37',NULL),(1500,0,'video-vi-pham-ban-quyen-bi-youtube-thang-tay-trung-tri',82,'image/jpeg',63143,'general/video-vi-pham-ban-quyen-bi-youtube-thang-tay-trung-tri.jpg','[]','2021-12-09 21:25:37','2021-12-09 21:25:37',NULL),(1501,0,'vietnam-office-4',82,'image/jpeg',214366,'general/vietnam-office-4.jpg','[]','2021-12-09 21:25:37','2021-12-09 21:25:37',NULL),(1502,0,'1',83,'image/jpeg',66997,'news/1.jpg','[]','2021-12-09 21:25:37','2021-12-09 21:25:37',NULL),(1503,0,'10',83,'image/jpeg',66858,'news/10.jpg','[]','2021-12-09 21:25:38','2021-12-09 21:25:38',NULL),(1504,0,'11',83,'image/jpeg',86492,'news/11.jpg','[]','2021-12-09 21:25:38','2021-12-09 21:25:38',NULL),(1505,0,'12',83,'image/jpeg',91376,'news/12.jpg','[]','2021-12-09 21:25:38','2021-12-09 21:25:38',NULL),(1506,0,'13',83,'image/jpeg',82991,'news/13.jpg','[]','2021-12-09 21:25:38','2021-12-09 21:25:38',NULL),(1507,0,'14',83,'image/jpeg',66997,'news/14.jpg','[]','2021-12-09 21:25:38','2021-12-09 21:25:38',NULL),(1508,0,'15',83,'image/jpeg',111450,'news/15.jpg','[]','2021-12-09 21:25:38','2021-12-09 21:25:38',NULL),(1509,0,'16',83,'image/jpeg',464807,'news/16.jpg','[]','2021-12-09 21:25:38','2021-12-09 21:25:38',NULL),(1510,0,'2',83,'image/jpeg',51884,'news/2.jpg','[]','2021-12-09 21:25:39','2021-12-09 21:25:39',NULL),(1511,0,'3',83,'image/jpeg',132835,'news/3.jpg','[]','2021-12-09 21:25:39','2021-12-09 21:25:39',NULL),(1512,0,'4',83,'image/jpeg',948302,'news/4.jpg','[]','2021-12-09 21:25:39','2021-12-09 21:25:39',NULL),(1513,0,'5',83,'image/jpeg',66858,'news/5.jpg','[]','2021-12-09 21:25:39','2021-12-09 21:25:39',NULL),(1514,0,'6',83,'image/jpeg',328317,'news/6.jpg','[]','2021-12-09 21:25:39','2021-12-09 21:25:39',NULL),(1515,0,'7',83,'image/jpeg',249538,'news/7.jpg','[]','2021-12-09 21:25:39','2021-12-09 21:25:39',NULL),(1516,0,'8',83,'image/jpeg',147871,'news/8.jpg','[]','2021-12-09 21:25:40','2021-12-09 21:25:40',NULL),(1517,0,'9',83,'image/jpeg',194815,'news/9.jpg','[]','2021-12-09 21:25:40','2021-12-09 21:25:40',NULL),(1518,0,'banner',1,'image/jpeg',239032,'banner/banner.jpg','[]','2021-12-09 21:25:41','2021-12-09 21:25:41',NULL),(1519,0,'2009-0726-ca-bakersfield-truxtontower',84,'image/jpeg',686056,'cities/2009-0726-ca-bakersfield-truxtontower.jpg','[]','2021-12-09 21:25:41','2021-12-09 21:25:41',NULL),(1520,0,'castillo-de-disneyland',84,'image/jpeg',412609,'cities/castillo-de-disneyland.jpg','[]','2021-12-09 21:25:41','2021-12-09 21:25:41',NULL),(1521,0,'goldengatebridge-001',84,'image/jpeg',371864,'cities/goldengatebridge-001.jpg','[]','2021-12-09 21:25:41','2021-12-09 21:25:41',NULL),(1522,0,'los-angeles-winter-2016',84,'image/jpeg',254681,'cities/los-angeles-winter-2016.jpg','[]','2021-12-09 21:25:41','2021-12-09 21:25:41',NULL),(1523,0,'oaklandnightskylineandlakemerritt',84,'image/jpeg',433073,'cities/oaklandnightskylineandlakemerritt.jpg','[]','2021-12-09 21:25:41','2021-12-09 21:25:41',NULL),(1524,0,'favicon',85,'image/png',3110,'logo/favicon.png','[]','2021-12-09 21:25:42','2021-12-09 21:25:42',NULL),(1525,0,'logo-white',85,'image/png',18120,'logo/logo-white.png','[]','2021-12-09 21:25:42','2021-12-09 21:25:42',NULL),(1526,0,'logo',85,'image/png',23910,'logo/logo.png','[]','2021-12-09 21:25:42','2021-12-09 21:25:42',NULL),(1527,0,'1',86,'image/jpeg',750839,'projects/1.jpg','[]','2021-12-09 21:25:42','2021-12-09 21:25:42',NULL),(1528,0,'11',86,'image/jpeg',1729433,'projects/11.jpg','[]','2021-12-09 21:25:43','2021-12-09 21:25:43',NULL),(1529,0,'12',86,'image/jpeg',942082,'projects/12.jpg','[]','2021-12-09 21:25:43','2021-12-09 21:25:43',NULL),(1530,0,'13',86,'image/jpeg',562580,'projects/13.jpg','[]','2021-12-09 21:25:43','2021-12-09 21:25:43',NULL),(1531,0,'14',86,'image/jpeg',1259051,'projects/14.jpg','[]','2021-12-09 21:25:44','2021-12-09 21:25:44',NULL),(1532,0,'2',86,'image/jpeg',431985,'projects/2.jpg','[]','2021-12-09 21:25:44','2021-12-09 21:25:44',NULL),(1533,0,'21',86,'image/jpeg',173885,'projects/21.jpg','[]','2021-12-09 21:25:44','2021-12-09 21:25:44',NULL),(1534,0,'22',86,'image/jpeg',94488,'projects/22.jpg','[]','2021-12-09 21:25:44','2021-12-09 21:25:44',NULL),(1535,0,'23',86,'image/jpeg',90740,'projects/23.jpg','[]','2021-12-09 21:25:44','2021-12-09 21:25:44',NULL),(1536,0,'24',86,'image/jpeg',96624,'projects/24.jpg','[]','2021-12-09 21:25:44','2021-12-09 21:25:44',NULL),(1537,0,'25',86,'image/jpeg',138699,'projects/25.jpg','[]','2021-12-09 21:25:45','2021-12-09 21:25:45',NULL),(1538,0,'26',86,'image/jpeg',121747,'projects/26.jpg','[]','2021-12-09 21:25:45','2021-12-09 21:25:45',NULL),(1539,0,'3',86,'image/jpeg',450933,'projects/3.jpg','[]','2021-12-09 21:25:45','2021-12-09 21:25:45',NULL),(1540,0,'5',86,'image/jpeg',206027,'projects/5.jpg','[]','2021-12-09 21:25:45','2021-12-09 21:25:45',NULL),(1541,0,'1-1',87,'image/jpeg',750839,'properties/1-1.jpg','[]','2021-12-09 21:25:46','2021-12-09 21:25:46',NULL),(1542,0,'1-2',87,'image/jpeg',1587777,'properties/1-2.jpg','[]','2021-12-09 21:25:46','2021-12-09 21:25:46',NULL),(1543,0,'1-3',87,'image/jpeg',646056,'properties/1-3.jpg','[]','2021-12-09 21:25:46','2021-12-09 21:25:46',NULL),(1544,0,'1',87,'image/jpeg',80373,'properties/1.jpg','[]','2021-12-09 21:25:47','2021-12-09 21:25:47',NULL),(1545,0,'10-1',87,'image/jpeg',198455,'properties/10-1.jpg','[]','2021-12-09 21:25:47','2021-12-09 21:25:47',NULL),(1546,0,'10',87,'image/jpeg',255695,'properties/10.jpg','[]','2021-12-09 21:25:47','2021-12-09 21:25:47',NULL),(1547,0,'11-1',87,'image/jpeg',127294,'properties/11-1.jpg','[]','2021-12-09 21:25:47','2021-12-09 21:25:47',NULL),(1548,0,'11',87,'image/jpeg',79403,'properties/11.jpg','[]','2021-12-09 21:25:47','2021-12-09 21:25:47',NULL),(1549,0,'12',87,'image/jpeg',86373,'properties/12.jpg','[]','2021-12-09 21:25:48','2021-12-09 21:25:48',NULL),(1550,0,'13',87,'image/jpeg',82991,'properties/13.jpg','[]','2021-12-09 21:25:48','2021-12-09 21:25:48',NULL),(1551,0,'14',87,'image/jpeg',66997,'properties/14.jpg','[]','2021-12-09 21:25:48','2021-12-09 21:25:48',NULL),(1552,0,'15',87,'image/jpeg',111450,'properties/15.jpg','[]','2021-12-09 21:25:48','2021-12-09 21:25:48',NULL),(1553,0,'2-1',87,'image/jpeg',431985,'properties/2-1.jpg','[]','2021-12-09 21:25:48','2021-12-09 21:25:48',NULL),(1554,0,'2-2',87,'image/jpeg',260049,'properties/2-2.jpg','[]','2021-12-09 21:25:49','2021-12-09 21:25:49',NULL),(1555,0,'2-3',87,'image/jpeg',684758,'properties/2-3.jpg','[]','2021-12-09 21:25:49','2021-12-09 21:25:49',NULL),(1556,0,'2',87,'image/jpeg',93464,'properties/2.jpg','[]','2021-12-09 21:25:49','2021-12-09 21:25:49',NULL),(1557,0,'21',87,'image/jpeg',85475,'properties/21.jpg','[]','2021-12-09 21:25:49','2021-12-09 21:25:49',NULL),(1558,0,'22-1',87,'image/jpeg',94488,'properties/22-1.jpg','[]','2021-12-09 21:25:50','2021-12-09 21:25:50',NULL),(1559,0,'22',87,'image/jpeg',713091,'properties/22.jpg','[]','2021-12-09 21:25:50','2021-12-09 21:25:50',NULL),(1560,0,'23',87,'image/jpeg',111948,'properties/23.jpg','[]','2021-12-09 21:25:50','2021-12-09 21:25:50',NULL),(1561,0,'24-1',87,'image/jpeg',96624,'properties/24-1.jpg','[]','2021-12-09 21:25:50','2021-12-09 21:25:50',NULL),(1562,0,'24',87,'image/jpeg',69034,'properties/24.jpg','[]','2021-12-09 21:25:50','2021-12-09 21:25:50',NULL),(1563,0,'3-1',87,'image/jpeg',450933,'properties/3-1.jpg','[]','2021-12-09 21:25:51','2021-12-09 21:25:51',NULL),(1564,0,'3-2',87,'image/jpeg',124405,'properties/3-2.jpg','[]','2021-12-09 21:25:51','2021-12-09 21:25:51',NULL),(1565,0,'3-3',87,'image/jpeg',762723,'properties/3-3.jpg','[]','2021-12-09 21:25:51','2021-12-09 21:25:51',NULL),(1566,0,'3',87,'image/jpeg',70442,'properties/3.jpg','[]','2021-12-09 21:25:51','2021-12-09 21:25:51',NULL),(1567,0,'31',87,'image/jpeg',33300,'properties/31.jpg','[]','2021-12-09 21:25:51','2021-12-09 21:25:51',NULL),(1568,0,'311',87,'image/jpeg',22270,'properties/311.jpg','[]','2021-12-09 21:25:51','2021-12-09 21:25:51',NULL),(1569,0,'32',87,'image/jpeg',18100,'properties/32.jpg','[]','2021-12-09 21:25:51','2021-12-09 21:25:51',NULL),(1570,0,'32223-43914-378',87,'image/jpeg',716445,'properties/32223-43914-378.jpg','[]','2021-12-09 21:25:52','2021-12-09 21:25:52',NULL),(1571,0,'33',87,'image/jpeg',21031,'properties/33.jpg','[]','2021-12-09 21:25:52','2021-12-09 21:25:52',NULL),(1572,0,'34',87,'image/jpeg',19947,'properties/34.jpg','[]','2021-12-09 21:25:52','2021-12-09 21:25:52',NULL),(1573,0,'35',87,'image/jpeg',24653,'properties/35.jpg','[]','2021-12-09 21:25:52','2021-12-09 21:25:52',NULL),(1574,0,'4-1',87,'image/jpeg',433537,'properties/4-1.jpg','[]','2021-12-09 21:25:52','2021-12-09 21:25:52',NULL),(1575,0,'4-2',87,'image/jpeg',642443,'properties/4-2.jpg','[]','2021-12-09 21:25:52','2021-12-09 21:25:52',NULL),(1576,0,'4',87,'image/jpeg',96537,'properties/4.jpg','[]','2021-12-09 21:25:53','2021-12-09 21:25:53',NULL),(1577,0,'411',87,'image/jpeg',29035,'properties/411.jpg','[]','2021-12-09 21:25:53','2021-12-09 21:25:53',NULL),(1578,0,'42',87,'image/jpeg',24790,'properties/42.jpg','[]','2021-12-09 21:25:53','2021-12-09 21:25:53',NULL),(1579,0,'421834935dbc9ef3aaa42',87,'image/jpeg',538188,'properties/421834935dbc9ef3aaa42.jpg','[]','2021-12-09 21:25:53','2021-12-09 21:25:53',NULL),(1580,0,'43',87,'image/jpeg',20920,'properties/43.jpg','[]','2021-12-09 21:25:53','2021-12-09 21:25:53',NULL),(1581,0,'44',87,'image/jpeg',17781,'properties/44.jpg','[]','2021-12-09 21:25:53','2021-12-09 21:25:53',NULL),(1582,0,'5-1',87,'image/jpeg',86536,'properties/5-1.jpg','[]','2021-12-09 21:25:53','2021-12-09 21:25:53',NULL),(1583,0,'5-2',87,'image/jpeg',656323,'properties/5-2.jpg','[]','2021-12-09 21:25:53','2021-12-09 21:25:53',NULL),(1584,0,'5',87,'image/jpeg',206027,'properties/5.jpg','[]','2021-12-09 21:25:54','2021-12-09 21:25:54',NULL),(1585,0,'6-1',87,'image/jpeg',252518,'properties/6-1.jpg','[]','2021-12-09 21:25:54','2021-12-09 21:25:54',NULL),(1586,0,'6-2',87,'image/jpeg',76855,'properties/6-2.jpg','[]','2021-12-09 21:25:54','2021-12-09 21:25:54',NULL),(1587,0,'6',87,'image/jpeg',51884,'properties/6.jpg','[]','2021-12-09 21:25:54','2021-12-09 21:25:54',NULL),(1588,0,'7-1',87,'image/jpeg',46086,'properties/7-1.jpg','[]','2021-12-09 21:25:54','2021-12-09 21:25:54',NULL),(1589,0,'7-2',87,'image/jpeg',172462,'properties/7-2.jpg','[]','2021-12-09 21:25:54','2021-12-09 21:25:54',NULL),(1590,0,'7',87,'image/jpeg',464807,'properties/7.jpg','[]','2021-12-09 21:25:55','2021-12-09 21:25:55',NULL),(1591,0,'71',87,'image/jpeg',127638,'properties/71.jpg','[]','2021-12-09 21:25:55','2021-12-09 21:25:55',NULL),(1592,0,'72',87,'image/jpeg',99746,'properties/72.jpg','[]','2021-12-09 21:25:55','2021-12-09 21:25:55',NULL),(1593,0,'73',87,'image/jpeg',99089,'properties/73.jpg','[]','2021-12-09 21:25:55','2021-12-09 21:25:55',NULL),(1594,0,'74',87,'image/jpeg',108268,'properties/74.jpg','[]','2021-12-09 21:25:55','2021-12-09 21:25:55',NULL),(1595,0,'75',87,'image/jpeg',144040,'properties/75.jpg','[]','2021-12-09 21:25:55','2021-12-09 21:25:55',NULL),(1596,0,'78',87,'image/jpeg',132835,'properties/78.jpg','[]','2021-12-09 21:25:55','2021-12-09 21:25:55',NULL),(1597,0,'79',87,'image/jpeg',128490,'properties/79.jpg','[]','2021-12-09 21:25:56','2021-12-09 21:25:56',NULL),(1598,0,'8-1',87,'image/jpeg',35774,'properties/8-1.jpg','[]','2021-12-09 21:25:56','2021-12-09 21:25:56',NULL),(1599,0,'8-2',87,'image/jpeg',116324,'properties/8-2.jpg','[]','2021-12-09 21:25:56','2021-12-09 21:25:56',NULL),(1600,0,'8',87,'image/jpeg',542999,'properties/8.jpg','[]','2021-12-09 21:25:56','2021-12-09 21:25:56',NULL),(1601,0,'9-1',87,'image/jpeg',82701,'properties/9-1.jpg','[]','2021-12-09 21:25:56','2021-12-09 21:25:56',NULL),(1602,0,'9',87,'image/jpeg',98602,'properties/9.jpg','[]','2021-12-09 21:25:56','2021-12-09 21:25:56',NULL),(1603,0,'a1-1',87,'image/jpeg',244411,'properties/a1-1.jpg','[]','2021-12-09 21:25:57','2021-12-09 21:25:57',NULL),(1604,0,'a1-2',87,'image/jpeg',213475,'properties/a1-2.jpg','[]','2021-12-09 21:25:57','2021-12-09 21:25:57',NULL),(1605,0,'a1',87,'image/jpeg',104460,'properties/a1.jpg','[]','2021-12-09 21:25:57','2021-12-09 21:25:57',NULL),(1606,0,'a10',87,'image/jpeg',135558,'properties/a10.jpg','[]','2021-12-09 21:25:57','2021-12-09 21:25:57',NULL),(1607,0,'a2-1',87,'image/jpeg',58090,'properties/a2-1.jpg','[]','2021-12-09 21:25:57','2021-12-09 21:25:57',NULL),(1608,0,'a2-2',87,'image/jpeg',110869,'properties/a2-2.jpg','[]','2021-12-09 21:25:57','2021-12-09 21:25:57',NULL),(1609,0,'a2',87,'image/jpeg',79585,'properties/a2.jpg','[]','2021-12-09 21:25:57','2021-12-09 21:25:57',NULL),(1610,0,'a3-1',87,'image/jpeg',103281,'properties/a3-1.jpg','[]','2021-12-09 21:25:58','2021-12-09 21:25:58',NULL),(1611,0,'a3-2',87,'image/jpeg',180354,'properties/a3-2.jpg','[]','2021-12-09 21:25:58','2021-12-09 21:25:58',NULL),(1612,0,'a3',87,'image/jpeg',182143,'properties/a3.jpg','[]','2021-12-09 21:25:58','2021-12-09 21:25:58',NULL),(1613,0,'a4-1',87,'image/jpeg',93023,'properties/a4-1.jpg','[]','2021-12-09 21:25:58','2021-12-09 21:25:58',NULL),(1614,0,'a4-2',87,'image/jpeg',91918,'properties/a4-2.jpg','[]','2021-12-09 21:25:58','2021-12-09 21:25:58',NULL),(1615,0,'a4',87,'image/jpeg',79498,'properties/a4.jpg','[]','2021-12-09 21:25:58','2021-12-09 21:25:58',NULL),(1616,0,'a5-1',87,'image/jpeg',184906,'properties/a5-1.jpg','[]','2021-12-09 21:25:58','2021-12-09 21:25:58',NULL),(1617,0,'a5',87,'image/jpeg',116582,'properties/a5.jpg','[]','2021-12-09 21:25:59','2021-12-09 21:25:59',NULL),(1618,0,'a6-1',87,'image/jpeg',581176,'properties/a6-1.jpg','[]','2021-12-09 21:25:59','2021-12-09 21:25:59',NULL),(1619,0,'a6',87,'image/jpeg',82219,'properties/a6.jpg','[]','2021-12-09 21:25:59','2021-12-09 21:25:59',NULL),(1620,0,'a7',87,'image/jpeg',436253,'properties/a7.jpg','[]','2021-12-09 21:25:59','2021-12-09 21:25:59',NULL),(1621,0,'a8',87,'image/jpeg',220787,'properties/a8.jpg','[]','2021-12-09 21:25:59','2021-12-09 21:25:59',NULL),(1622,0,'a9',87,'image/jpeg',174424,'properties/a9.jpg','[]','2021-12-09 21:25:59','2021-12-09 21:25:59',NULL),(1623,0,'b1',87,'image/jpeg',169643,'properties/b1.jpg','[]','2021-12-09 21:26:00','2021-12-09 21:26:00',NULL),(1624,0,'b2',87,'image/jpeg',92903,'properties/b2.jpg','[]','2021-12-09 21:26:00','2021-12-09 21:26:00',NULL),(1625,0,'b3',87,'image/jpeg',130884,'properties/b3.jpg','[]','2021-12-09 21:26:00','2021-12-09 21:26:00',NULL),(1626,0,'b4-1',87,'image/jpeg',151288,'properties/b4-1.jpg','[]','2021-12-09 21:26:00','2021-12-09 21:26:00',NULL),(1627,0,'b4',87,'image/jpeg',101182,'properties/b4.jpg','[]','2021-12-09 21:26:00','2021-12-09 21:26:00',NULL),(1628,0,'b5-1',87,'image/jpeg',136853,'properties/b5-1.jpg','[]','2021-12-09 21:26:00','2021-12-09 21:26:00',NULL),(1629,0,'b5',87,'image/jpeg',69849,'properties/b5.jpg','[]','2021-12-09 21:26:00','2021-12-09 21:26:00',NULL),(1630,0,'b6',87,'image/jpeg',104434,'properties/b6.jpg','[]','2021-12-09 21:26:01','2021-12-09 21:26:01',NULL),(1631,0,'download',87,'image/jpeg',10833,'properties/download.jpg','[]','2021-12-09 21:26:01','2021-12-09 21:26:01',NULL),(1632,0,'e1',87,'image/jpeg',1105244,'properties/e1.jpg','[]','2021-12-09 21:26:01','2021-12-09 21:26:01',NULL),(1633,0,'e2',87,'image/jpeg',1062944,'properties/e2.jpg','[]','2021-12-09 21:26:01','2021-12-09 21:26:01',NULL),(1634,0,'e3',87,'image/jpeg',1113759,'properties/e3.jpg','[]','2021-12-09 21:26:01','2021-12-09 21:26:01',NULL),(1635,0,'e4',87,'image/jpeg',1003508,'properties/e4.jpg','[]','2021-12-09 21:26:02','2021-12-09 21:26:02',NULL),(1636,0,'e5',87,'image/jpeg',948302,'properties/e5.jpg','[]','2021-12-09 21:26:02','2021-12-09 21:26:02',NULL),(1637,0,'e7',87,'image/jpeg',916078,'properties/e7.jpg','[]','2021-12-09 21:26:02','2021-12-09 21:26:02',NULL),(1638,0,'e8',87,'image/jpeg',820972,'properties/e8.jpg','[]','2021-12-09 21:26:02','2021-12-09 21:26:02',NULL),(1639,0,'p1',87,'image/jpeg',198758,'properties/p1.jpg','[]','2021-12-09 21:26:03','2021-12-09 21:26:03',NULL),(1640,0,'p2',87,'image/jpeg',427643,'properties/p2.jpg','[]','2021-12-09 21:26:03','2021-12-09 21:26:03',NULL),(1641,0,'property-video-thumb',87,'image/jpeg',26909,'properties/property-video-thumb.jpg','[]','2021-12-09 21:26:03','2021-12-09 21:26:03',NULL),(1642,0,'q1',87,'image/jpeg',458500,'properties/q1.jpg','[]','2021-12-09 21:26:03','2021-12-09 21:26:03',NULL),(1643,0,'q2',87,'image/jpeg',233211,'properties/q2.jpg','[]','2021-12-09 21:26:03','2021-12-09 21:26:03',NULL),(1644,0,'q3',87,'image/jpeg',328317,'properties/q3.jpg','[]','2021-12-09 21:26:04','2021-12-09 21:26:04',NULL),(1645,0,'q6',87,'image/jpeg',249538,'properties/q6.jpg','[]','2021-12-09 21:26:04','2021-12-09 21:26:04',NULL),(1646,0,'q7',87,'image/jpeg',147871,'properties/q7.jpg','[]','2021-12-09 21:26:04','2021-12-09 21:26:04',NULL),(1647,0,'q8',87,'image/jpeg',194815,'properties/q8.jpg','[]','2021-12-09 21:26:04','2021-12-09 21:26:04',NULL),(1648,0,'t1',87,'image/jpeg',66858,'properties/t1.jpg','[]','2021-12-09 21:26:04','2021-12-09 21:26:04',NULL),(1649,0,'t2',87,'image/jpeg',86492,'properties/t2.jpg','[]','2021-12-09 21:26:05','2021-12-09 21:26:05',NULL),(1650,0,'t3',87,'image/jpeg',91376,'properties/t3.jpg','[]','2021-12-09 21:26:05','2021-12-09 21:26:05',NULL),(1651,0,'t4',87,'image/jpeg',77280,'properties/t4.jpg','[]','2021-12-09 21:26:05','2021-12-09 21:26:05',NULL),(1652,0,'t5',87,'image/jpeg',94036,'properties/t5.jpg','[]','2021-12-09 21:26:05','2021-12-09 21:26:05',NULL),(1653,0,'wp1a',87,'image/jpeg',168494,'properties/wp1a.jpg','[]','2021-12-09 21:26:05','2021-12-09 21:26:05',NULL),(1654,0,'avatar',88,'image/jpeg',151486,'users/avatar.jpg','[]','2021-12-09 21:26:05','2021-12-09 21:26:05',NULL);

--
-- Table structure for table `media_folders`
--

CREATE TABLE `media_folders` (
  `id` int unsigned NOT NULL AUTO_INCREMENT,
  `user_id` int unsigned NOT NULL,
  `name` varchar(255) CHARACTER SET utf8mb4 COLLATE utf8mb4_unicode_ci DEFAULT NULL,
  `slug` varchar(255) CHARACTER SET utf8mb4 COLLATE utf8mb4_unicode_ci DEFAULT NULL,
  `parent_id` int NOT NULL DEFAULT '0',
  `created_at` timestamp NULL DEFAULT NULL,
  `updated_at` timestamp NULL DEFAULT NULL,
  `deleted_at` timestamp NULL DEFAULT NULL,
  PRIMARY KEY (`id`),
  KEY `media_folders_user_id_index` (`user_id`),
  KEY `media_folders_parent_id_user_id_created_at_index` (`parent_id`,`user_id`,`created_at`)
) ENGINE=InnoDB AUTO_INCREMENT=89 DEFAULT CHARSET=utf8mb4 COLLATE=utf8mb4_unicode_ci;

--
-- Dumping data for table `media_folders`
--

INSERT INTO `media_folders` VALUES (1,1,'Banners','banner',0,'2019-11-16 02:00:43','2019-11-16 02:00:50',NULL),(80,0,'accounts','accounts',0,'2021-12-09 21:25:30','2021-12-09 21:25:30',NULL),(82,0,'general','general',0,'2021-12-09 21:25:36','2021-12-09 21:25:36',NULL),(83,0,'news','news',0,'2021-12-09 21:25:37','2021-12-09 21:25:37',NULL),(84,0,'cities','cities',0,'2021-12-09 21:25:41','2021-12-09 21:25:41',NULL),(85,0,'logo','logo',0,'2021-12-09 21:25:42','2021-12-09 21:25:42',NULL),(86,0,'projects','projects',0,'2021-12-09 21:25:42','2021-12-09 21:25:42',NULL),(87,0,'properties','properties',0,'2021-12-09 21:25:46','2021-12-09 21:25:46',NULL),(88,0,'users','users',0,'2021-12-09 21:26:05','2021-12-09 21:26:05',NULL);

--
-- Table structure for table `media_settings`
--

CREATE TABLE `media_settings` (
  `id` int unsigned NOT NULL AUTO_INCREMENT,
  `key` varchar(120) CHARACTER SET utf8mb4 COLLATE utf8mb4_unicode_ci NOT NULL,
  `value` text CHARACTER SET utf8mb4 COLLATE utf8mb4_unicode_ci,
  `media_id` int DEFAULT NULL,
  `user_id` int DEFAULT NULL,
  `created_at` timestamp NULL DEFAULT NULL,
  `updated_at` timestamp NULL DEFAULT NULL,
  PRIMARY KEY (`id`)
) ENGINE=InnoDB DEFAULT CHARSET=utf8mb4 COLLATE=utf8mb4_unicode_ci;

--
-- Dumping data for table `media_settings`
--


--
-- Table structure for table `menu_locations`
--

CREATE TABLE `menu_locations` (
  `id` int unsigned NOT NULL AUTO_INCREMENT,
  `menu_id` int unsigned NOT NULL,
  `location` varchar(120) CHARACTER SET utf8mb4 COLLATE utf8mb4_unicode_ci NOT NULL,
  `created_at` timestamp NULL DEFAULT NULL,
  `updated_at` timestamp NULL DEFAULT NULL,
  PRIMARY KEY (`id`),
  KEY `menu_locations_menu_id_created_at_index` (`menu_id`,`created_at`)
) ENGINE=InnoDB AUTO_INCREMENT=3 DEFAULT CHARSET=utf8mb4 COLLATE=utf8mb4_unicode_ci;

--
-- Dumping data for table `menu_locations`
--

INSERT INTO `menu_locations` VALUES (1,1,'main-menu','2021-12-09 21:25:35','2021-12-09 21:25:35'),(2,5,'main-menu','2021-12-09 21:25:35','2021-12-09 21:25:35');

--
-- Table structure for table `menu_nodes`
--

CREATE TABLE `menu_nodes` (
  `id` int unsigned NOT NULL AUTO_INCREMENT,
  `menu_id` int unsigned NOT NULL,
  `parent_id` int unsigned NOT NULL DEFAULT '0',
  `reference_id` int unsigned DEFAULT '0',
  `reference_type` varchar(255) CHARACTER SET utf8mb4 COLLATE utf8mb4_unicode_ci DEFAULT NULL,
  `url` varchar(120) CHARACTER SET utf8mb4 COLLATE utf8mb4_unicode_ci DEFAULT NULL,
  `icon_font` varchar(50) CHARACTER SET utf8mb4 COLLATE utf8mb4_unicode_ci DEFAULT NULL,
  `position` tinyint unsigned NOT NULL DEFAULT '0',
  `title` varchar(120) CHARACTER SET utf8mb4 COLLATE utf8mb4_unicode_ci DEFAULT NULL,
  `css_class` varchar(120) CHARACTER SET utf8mb4 COLLATE utf8mb4_unicode_ci DEFAULT NULL,
  `target` varchar(20) CHARACTER SET utf8mb4 COLLATE utf8mb4_unicode_ci NOT NULL DEFAULT '_self',
  `has_child` tinyint unsigned NOT NULL DEFAULT '0',
  `created_at` timestamp NULL DEFAULT NULL,
  `updated_at` timestamp NULL DEFAULT NULL,
  PRIMARY KEY (`id`),
  KEY `menu_nodes_menu_id_index` (`menu_id`),
  KEY `menu_nodes_parent_id_index` (`parent_id`),
  KEY `menu_nodes_related_id_index` (`reference_id`),
  KEY `menu_nodes_index` (`parent_id`,`reference_id`,`reference_type`,`has_child`,`created_at`)
) ENGINE=InnoDB AUTO_INCREMENT=37 DEFAULT CHARSET=utf8mb4 COLLATE=utf8mb4_unicode_ci;

--
-- Dumping data for table `menu_nodes`
--

INSERT INTO `menu_nodes` VALUES (1,1,0,0,NULL,'/projects',NULL,0,'Projects',NULL,'_self',0,'2021-12-09 21:25:35','2021-12-09 21:25:35'),(2,1,0,0,NULL,'/properties',NULL,0,'Properties',NULL,'_self',0,'2021-12-09 21:25:35','2021-12-09 21:25:35'),(3,1,0,0,NULL,'/agents',NULL,0,'Agents',NULL,'_self',0,'2021-12-09 21:25:35','2021-12-09 21:25:35'),(4,1,0,2,'Botble\\Page\\Models\\Page','/news',NULL,0,'News',NULL,'_self',0,'2021-12-09 21:25:35','2021-12-09 21:25:35'),(5,1,0,0,NULL,'/careers',NULL,0,'Careers',NULL,'_self',0,'2021-12-09 21:25:35','2021-12-09 21:25:35'),(6,1,0,4,'Botble\\Page\\Models\\Page','/contact',NULL,0,'Contact',NULL,'_self',0,'2021-12-09 21:25:35','2021-12-09 21:25:36'),(7,2,0,3,'Botble\\Page\\Models\\Page','/about-us',NULL,0,'About us',NULL,'_self',0,'2021-12-09 21:25:35','2021-12-09 21:25:36'),(8,2,0,4,'Botble\\Page\\Models\\Page','/contact',NULL,0,'Contact us',NULL,'_self',0,'2021-12-09 21:25:35','2021-12-09 21:25:36'),(9,2,0,0,NULL,'/careers',NULL,0,'Careers',NULL,'_self',0,'2021-12-09 21:25:35','2021-12-09 21:25:35'),(10,2,0,5,'Botble\\Page\\Models\\Page','/terms-conditions',NULL,0,'Terms & Conditions',NULL,'_self',0,'2021-12-09 21:25:35','2021-12-09 21:25:36'),(11,3,0,0,NULL,'/projects',NULL,0,'All projects',NULL,'_self',0,'2021-12-09 21:25:35','2021-12-09 21:25:35'),(12,3,0,0,NULL,'/properties',NULL,0,'All properties',NULL,'_self',0,'2021-12-09 21:25:35','2021-12-09 21:25:35'),(13,3,0,0,NULL,'/properties?type=sale',NULL,0,'Houses for sale',NULL,'_self',0,'2021-12-09 21:25:35','2021-12-09 21:25:35'),(14,3,0,0,NULL,'/properties?type=rent',NULL,0,'Houses for rent',NULL,'_self',0,'2021-12-09 21:25:35','2021-12-09 21:25:35'),(15,4,0,2,'Botble\\Page\\Models\\Page','/news',NULL,0,'Latest news',NULL,'_self',0,'2021-12-09 21:25:35','2021-12-09 21:25:36'),(16,4,0,2,'Botble\\Blog\\Models\\Category','/news/house-architecture',NULL,0,'House architecture',NULL,'_self',0,'2021-12-09 21:25:35','2021-12-09 21:25:36'),(17,4,0,4,'Botble\\Blog\\Models\\Category','/news/house-design',NULL,0,'House design',NULL,'_self',0,'2021-12-09 21:25:35','2021-12-09 21:25:36'),(18,4,0,6,'Botble\\Blog\\Models\\Category','/news/building-materials',NULL,0,'Building materials',NULL,'_self',0,'2021-12-09 21:25:35','2021-12-09 21:25:36'),(19,5,0,0,NULL,'/projects',NULL,0,'Dự án',NULL,'_self',0,'2021-12-09 21:25:35','2021-12-09 21:25:35'),(20,5,0,0,NULL,'/properties',NULL,0,'Nhà - Căn Hộ',NULL,'_self',0,'2021-12-09 21:25:35','2021-12-09 21:25:35'),(21,5,0,0,NULL,'/agents',NULL,0,'Đại lý',NULL,'_self',0,'2021-12-09 21:25:35','2021-12-09 21:25:35'),(22,5,0,2,'Botble\\Page\\Models\\Page','/news',NULL,0,'Tin tức',NULL,'_self',0,'2021-12-09 21:25:35','2021-12-09 21:25:36'),(23,5,0,0,NULL,'/careers',NULL,0,'Tuyển dụng',NULL,'_self',0,'2021-12-09 21:25:35','2021-12-09 21:25:35'),(24,5,0,4,'Botble\\Page\\Models\\Page','/contact',NULL,0,'Liên hệ',NULL,'_self',0,'2021-12-09 21:25:35','2021-12-09 21:25:36'),(25,6,0,3,'Botble\\Page\\Models\\Page','/about-us',NULL,0,'Về chúng tôi',NULL,'_self',0,'2021-12-09 21:25:35','2021-12-09 21:25:36'),(26,6,0,4,'Botble\\Page\\Models\\Page','/contact',NULL,0,'Liên hệ',NULL,'_self',0,'2021-12-09 21:25:35','2021-12-09 21:25:36'),(27,6,0,0,NULL,'/careers',NULL,0,'Tuyển dụng',NULL,'_self',0,'2021-12-09 21:25:35','2021-12-09 21:25:35'),(28,6,0,5,'Botble\\Page\\Models\\Page','/terms-conditions',NULL,0,'Điều khoản và quy định',NULL,'_self',0,'2021-12-09 21:25:35','2021-12-09 21:25:36'),(29,7,0,0,NULL,'/projects',NULL,0,'Dự án',NULL,'_self',0,'2021-12-09 21:25:35','2021-12-09 21:25:35'),(30,7,0,0,NULL,'/properties',NULL,0,'Nhà - Căn hộ',NULL,'_self',0,'2021-12-09 21:25:35','2021-12-09 21:25:35'),(31,7,0,0,NULL,'/properties?type=sale',NULL,0,'Nhà bán',NULL,'_self',0,'2021-12-09 21:25:35','2021-12-09 21:25:35'),(32,7,0,0,NULL,'/properties?type=rent',NULL,0,'Nhà cho thuê',NULL,'_self',0,'2021-12-09 21:25:35','2021-12-09 21:25:35'),(33,8,0,2,'Botble\\Page\\Models\\Page','/news',NULL,0,'Tin tức mới nhất',NULL,'_self',0,'2021-12-09 21:25:35','2021-12-09 21:25:36'),(34,8,0,2,'Botble\\Blog\\Models\\Category','/news/house-architecture',NULL,0,'Kiến trúc nhà',NULL,'_self',0,'2021-12-09 21:25:35','2021-12-09 21:25:36'),(35,8,0,4,'Botble\\Blog\\Models\\Category','/news/house-design',NULL,0,'Thiết kế nhà',NULL,'_self',0,'2021-12-09 21:25:35','2021-12-09 21:25:36'),(36,8,0,6,'Botble\\Blog\\Models\\Category','/news/building-materials',NULL,0,'Vật liệu xây dựng',NULL,'_self',0,'2021-12-09 21:25:35','2021-12-09 21:25:36');

--
-- Table structure for table `menus`
--

CREATE TABLE `menus` (
  `id` int unsigned NOT NULL AUTO_INCREMENT,
  `name` varchar(120) CHARACTER SET utf8mb4 COLLATE utf8mb4_unicode_ci NOT NULL,
  `slug` varchar(120) CHARACTER SET utf8mb4 COLLATE utf8mb4_unicode_ci DEFAULT NULL,
  `status` varchar(60) CHARACTER SET utf8mb4 COLLATE utf8mb4_unicode_ci NOT NULL DEFAULT 'published',
  `created_at` timestamp NULL DEFAULT NULL,
  `updated_at` timestamp NULL DEFAULT NULL,
  PRIMARY KEY (`id`),
  UNIQUE KEY `menus_slug_unique` (`slug`)
) ENGINE=InnoDB AUTO_INCREMENT=9 DEFAULT CHARSET=utf8mb4 COLLATE=utf8mb4_unicode_ci;

--
-- Dumping data for table `menus`
--

INSERT INTO `menus` VALUES (1,'Main menu','main-menu','published','2021-12-09 21:25:35','2021-12-09 21:25:35'),(2,'About','about','published','2021-12-09 21:25:35','2021-12-09 21:25:35'),(3,'More information','more-information','published','2021-12-09 21:25:35','2021-12-09 21:25:35'),(4,'News','news','published','2021-12-09 21:25:35','2021-12-09 21:25:35'),(5,'Menu chính','menu-chinh','published','2021-12-09 21:25:35','2021-12-09 21:25:35'),(6,'Về chúng tôi','ve-chung-toi','published','2021-12-09 21:25:35','2021-12-09 21:25:35'),(7,'Thông tin thêm','thong-tin-them','published','2021-12-09 21:25:35','2021-12-09 21:25:35'),(8,'Tin tức','tin-tuc','published','2021-12-09 21:25:35','2021-12-09 21:25:35');

--
-- Table structure for table `meta_boxes`
--

CREATE TABLE `meta_boxes` (
  `id` int unsigned NOT NULL AUTO_INCREMENT,
  `reference_id` int unsigned NOT NULL,
  `meta_key` varchar(255) CHARACTER SET utf8mb4 COLLATE utf8mb4_unicode_ci NOT NULL,
  `meta_value` text CHARACTER SET utf8mb4 COLLATE utf8mb4_unicode_ci,
  `reference_type` varchar(120) CHARACTER SET utf8mb4 COLLATE utf8mb4_unicode_ci NOT NULL,
  `created_at` timestamp NULL DEFAULT NULL,
  `updated_at` timestamp NULL DEFAULT NULL,
  PRIMARY KEY (`id`),
  KEY `meta_boxes_content_id_index` (`reference_id`)
) ENGINE=InnoDB AUTO_INCREMENT=103 DEFAULT CHARSET=utf8mb4 COLLATE=utf8mb4_unicode_ci;

--
-- Dumping data for table `meta_boxes`
--

INSERT INTO `meta_boxes` VALUES (1,1,'seo_meta','[{\"seo_title\":null,\"seo_description\":null}]','Botble\\RealEstate\\Models\\Property','2019-11-17 20:34:59','2019-11-17 20:34:59'),(2,2,'seo_meta','[{\"seo_title\":null,\"seo_description\":null}]','Botble\\RealEstate\\Models\\Property','2019-11-17 20:53:34','2019-11-17 20:53:34'),(3,3,'seo_meta','[{\"seo_title\":null,\"seo_description\":null}]','Botble\\RealEstate\\Models\\Property','2019-11-17 21:09:55','2019-11-17 21:09:55'),(4,4,'seo_meta','[{\"seo_title\":null,\"seo_description\":null}]','Botble\\RealEstate\\Models\\Property','2019-11-17 21:18:11','2019-11-17 21:18:11'),(5,1,'seo_meta','[{\"seo_title\":null,\"seo_description\":null}]','Botble\\RealEstate\\Models\\PropertyFeature','2019-11-17 21:40:58','2019-11-17 21:40:58'),(6,2,'seo_meta','[{\"seo_title\":null,\"seo_description\":null}]','Botble\\RealEstate\\Models\\PropertyFeature','2019-11-17 21:41:43','2019-11-17 21:41:43'),(7,1,'seo_meta','[{\"seo_title\":null,\"seo_description\":null}]','Botble\\RealEstate\\Models\\Project','2019-11-18 00:34:49','2019-11-18 00:34:49'),(8,5,'seo_meta','[{\"seo_title\":null,\"seo_description\":null}]','Botble\\RealEstate\\Models\\Property','2019-11-18 00:47:52','2019-11-18 00:47:52'),(9,6,'seo_meta','[{\"seo_title\":null,\"seo_description\":null}]','Botble\\RealEstate\\Models\\Property','2019-11-18 01:05:58','2019-11-18 01:05:58'),(10,7,'seo_meta','[{\"seo_title\":null,\"seo_description\":null}]','Botble\\RealEstate\\Models\\Property','2019-11-18 01:12:07','2019-11-18 01:12:07'),(11,2,'seo_meta','[{\"seo_title\":null,\"seo_description\":null}]','Botble\\RealEstate\\Models\\Project','2019-11-18 01:28:45','2019-11-18 01:28:45'),(12,8,'seo_meta','[{\"seo_title\":null,\"seo_description\":null}]','Botble\\RealEstate\\Models\\Property','2019-11-18 01:49:36','2019-11-18 01:49:36'),(13,9,'seo_meta','[{\"seo_title\":null,\"seo_description\":null}]','Botble\\RealEstate\\Models\\Property','2019-11-18 02:02:19','2019-11-18 02:02:19'),(14,10,'seo_meta','[{\"seo_title\":null,\"seo_description\":null}]','Botble\\RealEstate\\Models\\Property','2019-11-18 02:16:53','2019-11-18 02:16:53'),(15,11,'seo_meta','[{\"seo_title\":null,\"seo_description\":null}]','Botble\\RealEstate\\Models\\Property','2019-11-18 02:22:48','2019-11-18 02:22:48'),(16,1,'seo_meta','[{\"seo_title\":null,\"seo_description\":null}]','Botble\\Blog\\Models\\Category','2019-11-18 02:33:35','2019-11-18 02:33:35'),(17,12,'seo_meta','[{\"seo_title\":null,\"seo_description\":null}]','Botble\\RealEstate\\Models\\Property','2019-11-18 02:47:05','2019-11-18 02:47:05'),(18,1,'seo_meta','[{\"seo_title\":null,\"seo_description\":null}]','Botble\\Blog\\Models\\Post','2019-11-18 02:51:35','2019-11-18 02:51:35'),(19,1,'seo_meta','[{\"seo_title\":null,\"seo_description\":null}]','Botble\\Blog\\Models\\Tag','2019-11-18 02:51:35','2019-11-18 02:51:35'),(20,2,'seo_meta','[{\"seo_title\":null,\"seo_description\":null}]','Botble\\Blog\\Models\\Post','2019-11-18 02:55:53','2019-11-18 02:55:53'),(21,2,'seo_meta','[{\"seo_title\":null,\"seo_description\":null}]','Botble\\Blog\\Models\\Tag','2019-11-18 02:55:53','2019-11-18 02:55:53'),(22,3,'seo_meta','[{\"seo_title\":null,\"seo_description\":null}]','Botble\\Blog\\Models\\Post','2019-11-18 02:59:01','2019-11-18 02:59:01'),(23,4,'seo_meta','[{\"seo_title\":null,\"seo_description\":null}]','Botble\\Blog\\Models\\Post','2019-11-18 03:07:27','2019-11-18 03:07:27'),(24,3,'seo_meta','[{\"seo_title\":null,\"seo_description\":null}]','Botble\\Blog\\Models\\Tag','2019-11-18 03:07:27','2019-11-18 03:07:27'),(25,3,'seo_meta','[{\"seo_title\":null,\"seo_description\":null}]','Botble\\RealEstate\\Models\\Project','2019-11-18 03:30:34','2019-11-18 03:30:34'),(26,4,'seo_meta','[{\"seo_title\":null,\"seo_description\":null}]','Botble\\RealEstate\\Models\\Project','2019-11-18 03:38:13','2019-11-18 03:38:13'),(27,5,'seo_meta','[{\"seo_title\":null,\"seo_description\":null}]','Botble\\RealEstate\\Models\\Project','2019-11-18 03:45:06','2019-11-18 03:45:06'),(28,6,'seo_meta','[{\"seo_title\":null,\"seo_description\":null}]','Botble\\RealEstate\\Models\\Project','2019-11-18 03:53:20','2019-11-18 03:53:20'),(29,13,'seo_meta','[{\"seo_title\":null,\"seo_description\":null}]','Botble\\RealEstate\\Models\\Property','2019-11-18 07:23:02','2019-11-18 07:23:02'),(30,14,'seo_meta','[{\"seo_title\":null,\"seo_description\":null}]','Botble\\RealEstate\\Models\\Property','2019-11-18 07:36:29','2019-11-18 07:36:29'),(31,15,'seo_meta','[{\"seo_title\":null,\"seo_description\":null}]','Botble\\RealEstate\\Models\\Property','2019-11-18 07:44:44','2019-11-18 07:44:44'),(32,16,'seo_meta','[{\"seo_title\":null,\"seo_description\":null}]','Botble\\RealEstate\\Models\\Property','2019-11-18 07:59:14','2019-11-18 07:59:14'),(33,17,'seo_meta','[{\"seo_title\":null,\"seo_description\":null}]','Botble\\RealEstate\\Models\\Property','2019-11-18 08:13:07','2019-11-18 08:13:07'),(34,7,'seo_meta','[{\"seo_title\":null,\"seo_description\":null}]','Botble\\RealEstate\\Models\\Project','2019-11-21 01:54:36','2019-11-21 01:54:36'),(35,8,'seo_meta','[{\"seo_title\":null,\"seo_description\":null}]','Botble\\RealEstate\\Models\\Project','2019-11-21 02:28:09','2019-11-21 02:28:09'),(36,9,'seo_meta','[{\"seo_title\":null,\"seo_description\":null}]','Botble\\RealEstate\\Models\\Project','2019-11-21 02:40:25','2019-11-21 02:40:25'),(37,10,'seo_meta','[{\"seo_title\":null,\"seo_description\":null}]','Botble\\RealEstate\\Models\\Project','2019-11-21 02:58:55','2019-11-21 02:58:55'),(38,11,'seo_meta','[{\"seo_title\":null,\"seo_description\":null}]','Botble\\RealEstate\\Models\\Project','2019-11-21 03:16:25','2019-11-21 03:16:25'),(39,12,'seo_meta','[{\"seo_title\":null,\"seo_description\":null}]','Botble\\RealEstate\\Models\\Project','2019-11-21 03:25:22','2019-11-21 03:25:22'),(40,18,'seo_meta','[{\"seo_title\":null,\"seo_description\":null}]','Botble\\RealEstate\\Models\\Property','2019-11-21 05:51:54','2019-11-21 05:51:54'),(41,19,'seo_meta','[{\"seo_title\":null,\"seo_description\":null}]','Botble\\RealEstate\\Models\\Property','2019-11-21 06:03:11','2019-11-21 06:03:11'),(42,20,'seo_meta','[{\"seo_title\":null,\"seo_description\":null}]','Botble\\RealEstate\\Models\\Property','2019-11-21 06:12:15','2019-11-21 06:12:15'),(43,21,'seo_meta','[{\"seo_title\":null,\"seo_description\":null}]','Botble\\RealEstate\\Models\\Property','2019-11-21 06:26:59','2019-11-21 06:26:59'),(44,22,'seo_meta','[{\"seo_title\":null,\"seo_description\":null}]','Botble\\RealEstate\\Models\\Property','2019-11-21 06:56:50','2019-11-21 06:56:50'),(45,23,'seo_meta','[{\"seo_title\":null,\"seo_description\":null}]','Botble\\RealEstate\\Models\\Property','2019-11-21 07:18:36','2019-11-21 07:18:36'),(46,24,'seo_meta','[{\"seo_title\":null,\"seo_description\":null}]','Botble\\RealEstate\\Models\\Property','2019-11-21 07:26:48','2019-11-21 07:26:48'),(47,25,'seo_meta','[{\"seo_title\":null,\"seo_description\":null}]','Botble\\RealEstate\\Models\\Property','2019-11-21 07:34:38','2019-11-21 07:34:38'),(48,26,'seo_meta','[{\"seo_title\":null,\"seo_description\":null}]','Botble\\RealEstate\\Models\\Property','2019-11-21 07:40:46','2019-11-21 07:40:46'),(49,27,'seo_meta','[{\"seo_title\":null,\"seo_description\":null}]','Botble\\RealEstate\\Models\\Property','2019-11-21 07:45:34','2019-11-21 07:45:34'),(52,2,'seo_meta','[{\"seo_title\":null,\"seo_description\":null}]','Botble\\Blog\\Models\\Category','2019-11-21 07:49:25','2019-11-21 07:49:25'),(53,3,'seo_meta','[{\"seo_title\":null,\"seo_description\":null}]','Botble\\Blog\\Models\\Category','2019-11-21 07:49:35','2019-11-21 07:49:35'),(54,4,'seo_meta','[{\"seo_title\":null,\"seo_description\":null}]','Botble\\Blog\\Models\\Category','2019-11-21 07:50:02','2019-11-21 07:50:02'),(55,5,'seo_meta','[{\"seo_title\":null,\"seo_description\":null}]','Botble\\Blog\\Models\\Category','2019-11-21 07:50:17','2019-11-21 07:50:17'),(56,6,'seo_meta','[{\"seo_title\":null,\"seo_description\":null}]','Botble\\Blog\\Models\\Category','2019-11-21 07:50:36','2019-11-21 07:50:36'),(57,7,'seo_meta','[{\"seo_title\":null,\"seo_description\":null}]','Botble\\Blog\\Models\\Category','2019-11-21 07:50:58','2019-11-21 07:50:58'),(58,28,'seo_meta','[{\"seo_title\":null,\"seo_description\":null}]','Botble\\RealEstate\\Models\\Property','2019-11-21 19:53:17','2019-11-21 19:53:17'),(59,29,'seo_meta','[{\"seo_title\":null,\"seo_description\":null}]','Botble\\RealEstate\\Models\\Property','2019-11-21 19:59:16','2019-11-21 19:59:16'),(60,30,'seo_meta','[{\"seo_title\":null,\"seo_description\":null}]','Botble\\RealEstate\\Models\\Property','2019-11-22 00:29:01','2019-11-22 00:29:01'),(61,31,'seo_meta','[{\"seo_title\":null,\"seo_description\":null}]','Botble\\RealEstate\\Models\\Property','2019-11-22 00:42:28','2019-11-22 00:42:28'),(62,32,'seo_meta','[{\"seo_title\":null,\"seo_description\":null}]','Botble\\RealEstate\\Models\\Property','2019-11-22 00:47:18','2019-11-22 00:47:18'),(63,33,'seo_meta','[{\"seo_title\":null,\"seo_description\":null}]','Botble\\RealEstate\\Models\\Property','2019-11-22 00:57:15','2019-11-22 00:57:15'),(64,34,'seo_meta','[{\"seo_title\":null,\"seo_description\":null}]','Botble\\RealEstate\\Models\\Property','2019-11-22 01:06:09','2019-11-22 01:06:09'),(65,8,'seo_meta','[{\"seo_title\":null,\"seo_description\":null}]','Botble\\Blog\\Models\\Category','2019-11-22 01:26:08','2019-11-22 01:26:08'),(66,5,'seo_meta','[{\"seo_title\":null,\"seo_description\":null}]','Botble\\Blog\\Models\\Post','2019-11-22 01:26:31','2019-11-22 01:26:31'),(67,6,'seo_meta','[{\"seo_title\":null,\"seo_description\":null}]','Botble\\Blog\\Models\\Post','2019-11-22 01:29:45','2019-11-22 01:29:45'),(68,7,'seo_meta','[{\"seo_title\":null,\"seo_description\":null}]','Botble\\Blog\\Models\\Post','2019-11-22 01:33:23','2019-11-22 01:33:23'),(69,8,'seo_meta','[{\"seo_title\":null,\"seo_description\":null}]','Botble\\Blog\\Models\\Post','2019-11-22 01:39:38','2019-11-22 01:39:38'),(74,1,'seo_meta','[{\"seo_title\":null,\"seo_description\":null}]','Botble\\Career\\Models\\Career','2019-11-30 19:43:10','2019-11-30 19:43:10'),(75,2,'seo_meta','[{\"seo_title\":null,\"seo_description\":null}]','Botble\\Career\\Models\\Career','2019-11-30 19:49:07','2019-11-30 19:49:07'),(76,3,'seo_meta','[{\"seo_title\":null,\"seo_description\":null}]','Botble\\Career\\Models\\Career','2019-11-30 19:52:42','2019-11-30 19:52:42'),(77,4,'seo_meta','[{\"seo_title\":null,\"seo_description\":null}]','Botble\\Career\\Models\\Career','2019-11-30 19:56:50','2019-11-30 19:56:50'),(80,2,'video','[{\"thumbnail\":\"\",\"url\":\"https:\\/\\/www.youtube.com\\/watch?v=UfEiKK-iX70\"}]','Botble\\RealEstate\\Models\\Property','2021-04-29 20:46:36','2021-04-29 20:46:36'),(81,4,'video','[{\"thumbnail\":\"properties\\/property-video-thumb.jpg\",\"url\":\"https:\\/\\/www.youtube.com\\/watch?v=UfEiKK-iX70\"}]','Botble\\RealEstate\\Models\\Property','2021-04-29 20:46:36','2021-04-29 20:46:36'),(82,6,'video','[{\"thumbnail\":\"\",\"url\":\"https:\\/\\/www.youtube.com\\/watch?v=UfEiKK-iX70\"}]','Botble\\RealEstate\\Models\\Property','2021-04-29 20:46:36','2021-04-29 20:46:36'),(83,8,'video','[{\"thumbnail\":\"properties\\/property-video-thumb.jpg\",\"url\":\"https:\\/\\/www.youtube.com\\/watch?v=UfEiKK-iX70\"}]','Botble\\RealEstate\\Models\\Property','2021-04-29 20:46:36','2021-04-29 20:46:36'),(84,10,'video','[{\"thumbnail\":\"\",\"url\":\"https:\\/\\/www.youtube.com\\/watch?v=UfEiKK-iX70\"}]','Botble\\RealEstate\\Models\\Property','2021-04-29 20:46:36','2021-04-29 20:46:36'),(85,12,'video','[{\"thumbnail\":\"properties\\/property-video-thumb.jpg\",\"url\":\"https:\\/\\/www.youtube.com\\/watch?v=UfEiKK-iX70\"}]','Botble\\RealEstate\\Models\\Property','2021-04-29 20:46:36','2021-04-29 20:46:36'),(86,14,'video','[{\"thumbnail\":\"\",\"url\":\"https:\\/\\/www.youtube.com\\/watch?v=UfEiKK-iX70\"}]','Botble\\RealEstate\\Models\\Property','2021-04-29 20:46:36','2021-04-29 20:46:36'),(87,16,'video','[{\"thumbnail\":\"properties\\/property-video-thumb.jpg\",\"url\":\"https:\\/\\/www.youtube.com\\/watch?v=UfEiKK-iX70\"}]','Botble\\RealEstate\\Models\\Property','2021-04-29 20:46:36','2021-04-29 20:46:36'),(88,18,'video','[{\"thumbnail\":\"\",\"url\":\"https:\\/\\/www.youtube.com\\/watch?v=UfEiKK-iX70\"}]','Botble\\RealEstate\\Models\\Property','2021-04-29 20:46:36','2021-04-29 20:46:36'),(89,20,'video','[{\"thumbnail\":\"properties\\/property-video-thumb.jpg\",\"url\":\"https:\\/\\/www.youtube.com\\/watch?v=UfEiKK-iX70\"}]','Botble\\RealEstate\\Models\\Property','2021-04-29 20:46:36','2021-04-29 20:46:36'),(90,22,'video','[{\"thumbnail\":\"\",\"url\":\"https:\\/\\/www.youtube.com\\/watch?v=UfEiKK-iX70\"}]','Botble\\RealEstate\\Models\\Property','2021-04-29 20:46:36','2021-04-29 20:46:36'),(91,24,'video','[{\"thumbnail\":\"properties\\/property-video-thumb.jpg\",\"url\":\"https:\\/\\/www.youtube.com\\/watch?v=UfEiKK-iX70\"}]','Botble\\RealEstate\\Models\\Property','2021-04-29 20:46:36','2021-04-29 20:46:36'),(92,26,'video','[{\"thumbnail\":\"\",\"url\":\"https:\\/\\/www.youtube.com\\/watch?v=UfEiKK-iX70\"}]','Botble\\RealEstate\\Models\\Property','2021-04-29 20:46:36','2021-04-29 20:46:36'),(93,28,'video','[{\"thumbnail\":\"properties\\/property-video-thumb.jpg\",\"url\":\"https:\\/\\/www.youtube.com\\/watch?v=UfEiKK-iX70\"}]','Botble\\RealEstate\\Models\\Property','2021-04-29 20:46:36','2021-04-29 20:46:36'),(94,30,'video','[{\"thumbnail\":\"\",\"url\":\"https:\\/\\/www.youtube.com\\/watch?v=UfEiKK-iX70\"}]','Botble\\RealEstate\\Models\\Property','2021-04-29 20:46:36','2021-04-29 20:46:36'),(95,32,'video','[{\"thumbnail\":\"properties\\/property-video-thumb.jpg\",\"url\":\"https:\\/\\/www.youtube.com\\/watch?v=UfEiKK-iX70\"}]','Botble\\RealEstate\\Models\\Property','2021-04-29 20:46:36','2021-04-29 20:46:36'),(96,34,'video','[{\"thumbnail\":\"\",\"url\":\"https:\\/\\/www.youtube.com\\/watch?v=UfEiKK-iX70\"}]','Botble\\RealEstate\\Models\\Property','2021-04-29 20:46:36','2021-04-29 20:46:36'),(97,2,'video','[{\"thumbnail\":\"\",\"url\":\"https:\\/\\/www.youtube.com\\/watch?v=UfEiKK-iX70\"}]','Botble\\RealEstate\\Models\\Project','2021-04-29 20:46:36','2021-04-29 20:46:36'),(98,4,'video','[{\"thumbnail\":\"properties\\/property-video-thumb.jpg\",\"url\":\"https:\\/\\/www.youtube.com\\/watch?v=UfEiKK-iX70\"}]','Botble\\RealEstate\\Models\\Project','2021-04-29 20:46:36','2021-04-29 20:46:36'),(99,6,'video','[{\"thumbnail\":\"\",\"url\":\"https:\\/\\/www.youtube.com\\/watch?v=UfEiKK-iX70\"}]','Botble\\RealEstate\\Models\\Project','2021-04-29 20:46:36','2021-04-29 20:46:36'),(100,8,'video','[{\"thumbnail\":\"properties\\/property-video-thumb.jpg\",\"url\":\"https:\\/\\/www.youtube.com\\/watch?v=UfEiKK-iX70\"}]','Botble\\RealEstate\\Models\\Project','2021-04-29 20:46:36','2021-04-29 20:46:36'),(101,10,'video','[{\"thumbnail\":\"\",\"url\":\"https:\\/\\/www.youtube.com\\/watch?v=UfEiKK-iX70\"}]','Botble\\RealEstate\\Models\\Project','2021-04-29 20:46:36','2021-04-29 20:46:36'),(102,12,'video','[{\"thumbnail\":\"properties\\/property-video-thumb.jpg\",\"url\":\"https:\\/\\/www.youtube.com\\/watch?v=UfEiKK-iX70\"}]','Botble\\RealEstate\\Models\\Project','2021-04-29 20:46:36','2021-04-29 20:46:36');

--
-- Table structure for table `migrations`
--

CREATE TABLE `migrations` (
  `id` int unsigned NOT NULL AUTO_INCREMENT,
  `migration` varchar(255) CHARACTER SET utf8mb4 COLLATE utf8mb4_unicode_ci NOT NULL,
  `batch` int NOT NULL,
  PRIMARY KEY (`id`)
) ENGINE=InnoDB AUTO_INCREMENT=139 DEFAULT CHARSET=utf8mb4 COLLATE=utf8mb4_unicode_ci;

--
-- Dumping data for table `migrations`
--

INSERT INTO `migrations` VALUES (1,'2013_04_09_032329_create_base_tables',1),(2,'2013_04_09_062329_create_revisions_table',1),(3,'2014_10_12_000000_create_users_table',1),(4,'2014_10_12_100000_create_password_resets_table',1),(5,'2016_06_01_000001_create_oauth_auth_codes_table',1),(6,'2016_06_01_000002_create_oauth_access_tokens_table',1),(7,'2016_06_01_000003_create_oauth_refresh_tokens_table',1),(8,'2016_06_01_000004_create_oauth_clients_table',1),(9,'2016_06_01_000005_create_oauth_personal_access_clients_table',1),(10,'2016_06_10_230148_create_acl_tables',1),(11,'2016_06_14_230857_create_menus_table',1),(12,'2016_06_28_221418_create_pages_table',1),(13,'2016_10_05_074239_create_setting_table',1),(14,'2016_11_28_032840_create_dashboard_widget_tables',1),(15,'2016_12_16_084601_create_widgets_table',1),(16,'2017_05_09_070343_create_media_tables',1),(17,'2017_11_03_070450_create_slug_table',1),(18,'2019_07_15_042406_change_site_title_from_settings_to_theme_options',1),(19,'2019_08_13_033145_remove_unused_columns_in_users_table',1),(20,'2019_08_19_000000_create_failed_jobs_table',1),(21,'2019_09_07_030654_update_menu_nodes_table',1),(22,'2019_09_07_045041_update_slugs_table',1),(23,'2019_09_07_050405_update_slug_reference_for_page',1),(24,'2019_09_08_014859_update_meta_boxes_table',1),(25,'2019_09_08_015629_update_meta_box_data_for_page',1),(26,'2019_09_12_073711_update_media_url',1),(27,'2019_09_12_073711_update_media_url_for_current_data',1),(28,'2019_10_20_002256_remove_parent_id_in_pages_table',1),(31,'2018_06_22_032304_create_real_estate_table',2),(32,'2015_06_29_025744_create_audit_history',3),(33,'2015_06_18_033822_create_blog_table',4),(34,'2019_09_07_035526_update_menu_node_reference_type_for_category',4),(35,'2019_09_07_050058_update_slug_reference_for_blog',4),(36,'2019_09_07_155716_update_language_meta_for_blog',4),(37,'2019_09_08_015552_update_meta_box_data_for_blog',4),(38,'2019_10_20_002342_remove_parent_id_in_tags_table',4),(39,'2016_10_03_032336_create_languages_table',5),(40,'2019_09_07_154718_update_lang_meta_table',5),(41,'2017_10_24_154832_create_newsletter_table',6),(42,'2016_06_17_091537_create_contacts_table',7),(43,'2015_08_15_122343_create_notes_table',8),(44,'2019_11_18_035125_add_column_type_into_re_properties_table',9),(45,'2019_11_18_035712_create_investor_table',9),(46,'2019_11_18_040153_update_real_estates_table',9),(47,'2019_11_18_041228_drop_table_re_property_categories',10),(48,'2019_11_18_082146_create_currencies_table',11),(49,'2019_11_18_061011_create_country_table',12),(50,'2019_11_18_061730_create_state_table',12),(51,'2019_11_18_062515_create_city_table',12),(52,'2019_11_19_063851_create_project_features_table',13),(53,'2019_11_21_090830_update_project_and_property_table',14),(54,'2019_11_21_130139_add_price_to_projects_table',15),(55,'2019_11_14_210650_create_consults_table',16),(56,'2019_11_26_024326_update_property_type',17),(57,'2019_06_24_211801_create_career_table',18),(58,'2019_12_03_123314_add_column_slug_into_cities_table',19),(59,'2019_12_03_124417_add_column_city_id_into_table_properties_and_projects',19),(60,'2017_05_18_080441_create_payment_tables',20),(61,'2019_12_10_140938_create_vendor_table',20),(62,'2019_12_15_025938_update_column_images_in_real_estate_tables',20),(63,'2019_12_17_064316_add_column_period_to_table_re_properties',20),(64,'2019_12_24_033049_add_column_author_into_re_properties_table',20),(65,'2019_12_24_083810_vendor_create_package_table',20),(66,'2019_12_27_004653_update_vendors_table_with_package_data',20),(68,'2020_01_08_002704_real_estate_create_type_table',21),(69,'2020_01_10_133700_change_re_types_to_re_categories',22),(70,'2016_10_07_193005_create_translations_table',23),(71,'2020_01_23_133752_update_account_tables',24),(72,'2020_02_03_144309_update_column_payment_channel',25),(73,'2020_02_06_143217_update_vendor_table',26),(74,'2020_02_11_133026_add_description_to_table_payments',27),(75,'2020_02_11_140823_create_transactions_table',27),(76,'2020_02_23_111922_fix_column_number_block_in_re_properties_table',27),(77,'2020_03_24_151004_add_moderation_status_into_properties_table',28),(78,'2020_03_25_030953_create_table_vendor_packages',29),(79,'2020_03_25_083610_add_column_expire_date_into_re_properties_table',30),(80,'2020_03_26_081108_add_column_auto_renew_to_re_properties_table',31),(81,'2020_03_16_072752_add_column_abbreviation_to_states_table',32),(82,'2020_03_28_020724_make_column_user_id_nullable_table_revisions',33),(83,'2020_03_23_093053_update_payments_table',34),(84,'2020_04_22_074304_add_column_never_expired_to_re_properties_table',35),(85,'2020_05_26_014304_add_column_provider_to_oauth_clients_table',36),(86,'2020_07_27_085437_add_icon_to_re_features',37),(90,'2020_08_21_102728_real_estate_create_facility_table',38),(91,'2020_08_22_024455_rename_table_for_accounts',39),(92,'2020_08_26_130439_add_column_username_into_table_re_accounts',40),(93,'2020_09_09_110653_update_table_careers',41),(94,'2020_09_15_111419_fix_old_data_for_re_properties',42),(95,'2020_10_05_030817_make_column_charge_id_nullable',43),(96,'2020_10_18_134416_fix_audit_logs_table',44),(97,'2020_10_24_133432_change_column_distance_to_string',45),(99,'2020_10_31_053746_add_column_description_into_re_categories_table',46),(100,'2019_01_05_053554_create_jobs_table',47),(101,'2020_12_05_112556_change_contact_page_to_a_page',48),(102,'2021_02_11_031126_update_price_column_in_projects_and_properties',49),(103,'2021_02_16_092633_remove_default_value_for_author_type',50),(104,'2021_03_08_024049_add_lat_long_into_real_estate_tables',51),(105,'2021_03_27_144913_add_customer_type_into_table_payments',52),(106,'2021_05_24_034720_make_column_currency_nullable',53),(107,'2021_06_10_091950_add_column_is_featured_to_table_re_accounts',54),(108,'2021_07_07_021757_update_table_account_activity_logs',55),(109,'2021_07_18_101839_fix_old_theme_options',56),(110,'2021_08_05_134214_fix_social_link_theme_options',57),(111,'2021_08_09_161302_add_metadata_column_to_payments_table',58),(112,'2021_09_29_042758_create_re_categories_multilevel_table',59),(113,'2021_10_19_020859_update_metadata_field',60),(114,'2021_10_31_031254_add_company_to_accounts_table',61),(115,'2021_10_25_021023_fix-priority-load-for-language-advanced',62),(116,'2021_12_03_030600_create_blog_translations',62),(117,'2021_12_03_075608_create_page_translations',62),(118,'2021_12_03_084118_create_location_translations',62),(119,'2021_12_03_094518_migrate_old_location_data',62),(120,'2021_12_04_095357_create_careers_translations_table',62),(121,'2021_12_10_034440_switch_plugin_location_to_use_language_advanced',63),(122,'2021_12_10_034807_create_real_estate_translation_tables',64),(123,'2021_12_18_081636_add_property_project_views_count',65),(124,'2022_01_16_085908_improve_plugin_location',66),(125,'2022_04_19_113923_add_index_to_table_posts',67),(126,'2022_04_20_100851_add_index_to_media_table',67),(127,'2022_04_20_101046_add_index_to_menu_table',67),(128,'2022_05_03_033044_update_column_images_in_real_estate_tables',68),(129,'2022_05_04_033044_update_column_images_in_real_estate_tables',69),(130,'2022_06_04_033634_improve_homepage_content',70),(131,'2022_06_28_151901_activate_paypal_stripe_plugin',71),(132,'2022_07_02_081723_fix_expired_date_column',71),(133,'2019_12_14_000001_create_personal_access_tokens_table',72),(134,'2022_07_07_153354_update_charge_id_in_table_payments',72),(135,'2022_07_10_034813_move_lang_folder_to_root',72),(136,'2022_08_01_090213_update_table_properties_and_projects',72),(137,'2022_08_04_051940_add_missing_column_expires_at',72),(138,'2022_08_04_052122_delete_location_backup_tables',72);

--
-- Table structure for table `newsletters`
--

CREATE TABLE `newsletters` (
  `id` int unsigned NOT NULL AUTO_INCREMENT,
  `email` varchar(120) CHARACTER SET utf8mb4 COLLATE utf8mb4_unicode_ci NOT NULL,
  `name` varchar(120) CHARACTER SET utf8mb4 COLLATE utf8mb4_unicode_ci DEFAULT NULL,
  `status` varchar(60) CHARACTER SET utf8mb4 COLLATE utf8mb4_unicode_ci NOT NULL DEFAULT 'subscribed',
  `created_at` timestamp NULL DEFAULT NULL,
  `updated_at` timestamp NULL DEFAULT NULL,
  PRIMARY KEY (`id`)
) ENGINE=InnoDB DEFAULT CHARSET=utf8mb4 COLLATE=utf8mb4_unicode_ci;

--
-- Dumping data for table `newsletters`
--


--
-- Table structure for table `notes`
--

CREATE TABLE `notes` (
  `id` int unsigned NOT NULL AUTO_INCREMENT,
  `user_id` int unsigned NOT NULL,
  `reference_id` int unsigned NOT NULL,
  `reference_type` varchar(120) CHARACTER SET utf8mb4 COLLATE utf8mb4_unicode_ci NOT NULL,
  `created_by` int unsigned NOT NULL,
  `note` text CHARACTER SET utf8mb4 COLLATE utf8mb4_unicode_ci NOT NULL,
  `created_at` timestamp NULL DEFAULT NULL,
  `updated_at` timestamp NULL DEFAULT NULL,
  PRIMARY KEY (`id`),
  KEY `notes_user_id_index` (`user_id`),
  KEY `notes_reference_id_index` (`reference_id`),
  KEY `notes_created_by_index` (`created_by`)
) ENGINE=InnoDB DEFAULT CHARSET=utf8mb4 COLLATE=utf8mb4_unicode_ci;

--
-- Dumping data for table `notes`
--


--
-- Table structure for table `oauth_access_tokens`
--

CREATE TABLE `oauth_access_tokens` (
  `id` varchar(100) CHARACTER SET utf8mb4 COLLATE utf8mb4_unicode_ci NOT NULL,
  `user_id` bigint DEFAULT NULL,
  `client_id` int unsigned NOT NULL,
  `name` varchar(255) CHARACTER SET utf8mb4 COLLATE utf8mb4_unicode_ci DEFAULT NULL,
  `scopes` text CHARACTER SET utf8mb4 COLLATE utf8mb4_unicode_ci,
  `revoked` tinyint(1) NOT NULL,
  `created_at` timestamp NULL DEFAULT NULL,
  `updated_at` timestamp NULL DEFAULT NULL,
  `expires_at` datetime DEFAULT NULL,
  PRIMARY KEY (`id`),
  KEY `oauth_access_tokens_user_id_index` (`user_id`)
) ENGINE=InnoDB DEFAULT CHARSET=utf8mb4 COLLATE=utf8mb4_unicode_ci;

--
-- Dumping data for table `oauth_access_tokens`
--


--
-- Table structure for table `oauth_auth_codes`
--

CREATE TABLE `oauth_auth_codes` (
  `id` varchar(100) CHARACTER SET utf8mb4 COLLATE utf8mb4_unicode_ci NOT NULL,
  `user_id` bigint NOT NULL,
  `client_id` int unsigned NOT NULL,
  `scopes` text CHARACTER SET utf8mb4 COLLATE utf8mb4_unicode_ci,
  `revoked` tinyint(1) NOT NULL,
  `expires_at` datetime DEFAULT NULL,
  PRIMARY KEY (`id`)
) ENGINE=InnoDB DEFAULT CHARSET=utf8mb4 COLLATE=utf8mb4_unicode_ci;

--
-- Dumping data for table `oauth_auth_codes`
--


--
-- Table structure for table `oauth_clients`
--

CREATE TABLE `oauth_clients` (
  `id` int unsigned NOT NULL AUTO_INCREMENT,
  `user_id` bigint DEFAULT NULL,
  `name` varchar(255) CHARACTER SET utf8mb4 COLLATE utf8mb4_unicode_ci NOT NULL,
  `secret` varchar(100) CHARACTER SET utf8mb4 COLLATE utf8mb4_unicode_ci DEFAULT NULL,
  `redirect` text CHARACTER SET utf8mb4 COLLATE utf8mb4_unicode_ci NOT NULL,
  `personal_access_client` tinyint(1) NOT NULL,
  `password_client` tinyint(1) NOT NULL,
  `revoked` tinyint(1) NOT NULL,
  `created_at` timestamp NULL DEFAULT NULL,
  `updated_at` timestamp NULL DEFAULT NULL,
  `provider` varchar(191) CHARACTER SET utf8mb4 COLLATE utf8mb4_unicode_ci DEFAULT NULL,
  PRIMARY KEY (`id`),
  KEY `oauth_clients_user_id_index` (`user_id`)
) ENGINE=InnoDB DEFAULT CHARSET=utf8mb4 COLLATE=utf8mb4_unicode_ci;

--
-- Dumping data for table `oauth_clients`
--


--
-- Table structure for table `oauth_personal_access_clients`
--

CREATE TABLE `oauth_personal_access_clients` (
  `id` int unsigned NOT NULL AUTO_INCREMENT,
  `client_id` int unsigned NOT NULL,
  `created_at` timestamp NULL DEFAULT NULL,
  `updated_at` timestamp NULL DEFAULT NULL,
  PRIMARY KEY (`id`),
  KEY `oauth_personal_access_clients_client_id_index` (`client_id`)
) ENGINE=InnoDB DEFAULT CHARSET=utf8mb4 COLLATE=utf8mb4_unicode_ci;

--
-- Dumping data for table `oauth_personal_access_clients`
--


--
-- Table structure for table `oauth_refresh_tokens`
--

CREATE TABLE `oauth_refresh_tokens` (
  `id` varchar(100) CHARACTER SET utf8mb4 COLLATE utf8mb4_unicode_ci NOT NULL,
  `access_token_id` varchar(100) CHARACTER SET utf8mb4 COLLATE utf8mb4_unicode_ci NOT NULL,
  `revoked` tinyint(1) NOT NULL,
  `expires_at` datetime DEFAULT NULL,
  PRIMARY KEY (`id`),
  KEY `oauth_refresh_tokens_access_token_id_index` (`access_token_id`)
) ENGINE=InnoDB DEFAULT CHARSET=utf8mb4 COLLATE=utf8mb4_unicode_ci;

--
-- Dumping data for table `oauth_refresh_tokens`
--


--
-- Table structure for table `pages`
--

CREATE TABLE `pages` (
  `id` int unsigned NOT NULL AUTO_INCREMENT,
  `name` varchar(120) CHARACTER SET utf8mb4 COLLATE utf8mb4_unicode_ci NOT NULL,
  `content` longtext CHARACTER SET utf8mb4 COLLATE utf8mb4_unicode_ci NOT NULL,
  `user_id` int NOT NULL,
  `image` varchar(255) CHARACTER SET utf8mb4 COLLATE utf8mb4_unicode_ci DEFAULT NULL,
  `template` varchar(60) CHARACTER SET utf8mb4 COLLATE utf8mb4_unicode_ci DEFAULT NULL,
  `is_featured` tinyint NOT NULL DEFAULT '0',
  `description` varchar(400) CHARACTER SET utf8mb4 COLLATE utf8mb4_unicode_ci DEFAULT NULL,
  `status` varchar(60) CHARACTER SET utf8mb4 COLLATE utf8mb4_unicode_ci NOT NULL DEFAULT 'published',
  `created_at` timestamp NULL DEFAULT NULL,
  `updated_at` timestamp NULL DEFAULT NULL,
  PRIMARY KEY (`id`)
) ENGINE=InnoDB AUTO_INCREMENT=7 DEFAULT CHARSET=utf8mb4 COLLATE=utf8mb4_unicode_ci;

--
-- Dumping data for table `pages`
--

INSERT INTO `pages` VALUES (1,'Home','<div>[featured-projects title=\"Featured projects\" subtitle=\"We make the best choices with the hottest and most prestigious projects, please visit the details below to find out more.\"][/featured-projects]</div><div>[properties-by-locations title=\"Properties by locations\" subtitle=\"Each place is a good choice, it will help you make the right decision, do not miss the opportunity to discover our wonderful properties.\"][/properties-by-locations]</div><div>[properties-for-sale title=\"Properties For Sale\" subtitle=\"Below is a list of properties that are currently up for sale\"][/properties-for-sale]</div><div>[properties-for-rent title=\"Properties For Rent\" subtitle=\"Below is a detailed price list of each property for rent\"][/properties-for-rent]</div><div>[featured-agents title=\"Featured Agents\"][/featured-agents]</div><div>[recently-viewed-properties title=\"Recently Viewed Properties\" subtitle=\"Your currently viewed properties.\"][/recently-viewed-properties]</div><div>[latest-news title=\"News\" subtitle=\"Below is the latest real estate news we get regularly updated from reliable sources.\"][/latest-news]</div>',1,NULL,'homepage',0,NULL,'published','2022-06-03 21:00:12','2022-06-03 21:00:12'),(2,'News','---',1,NULL,'default',0,NULL,'published','2022-06-03 21:00:12','2022-06-03 21:00:12'),(3,'About us','<h4><span style=\"font-size:18px;\"><b>1. COMPANY</b><span style=\"font-family:Arial,Helvetica,sans-serif;\"><strong> PROFILE</strong></span></span></h4>\n\n<p><span style=\"font-size:16px;\"><span style=\"font-family:Arial,Helvetica,sans-serif;\">Founded on August 28, 1993 (formerly known as Truong Thinh Phat Construction Co., Ltd.), Host Brick operates in the field of real estate business, building villas for rent.<br />\nWith the slogan &quot;Breaking time, through space&quot; with a sustainable development strategy, taking Real Estate as a focus area, Host Brick is constantly connecting between buyers and sellers in the field. Real estate, bringing people closer together, over the distance of time and space, is a reliable place for real estate investment - an area that is constantly evolving over time.</span></span></p>\n\n<blockquote>\n<h2 style=\"font-style: italic; text-align: center;\"><span style=\"font-size:24px;\"><strong><span style=\"font-family:Arial,Helvetica,sans-serif;\"><span style=\"color:#16a085;\">&quot;Breaking time, through space&quot;</span></span></strong></span></h2>\n</blockquote>\n\n<h4 style=\"text-align: center;\"><img alt=\"\" src=\"http://flex-home.test/storage/general/asset-3-at-3x.png\" style=\"width: 90%;\" /></h4>\n\n<h4><span style=\"font-size:18px;\"><b><font face=\"Arial, Helvetica, sans-serif\">2. VISION&nbsp;</font></b></span></h4>\n\n<p><span style=\"font-size:16px;\"><span style=\"font-family:Arial,Helvetica,sans-serif;\">- Acquiring domestic areas.<br />\n- Reaching far across continents.</span></span></p>\n\n<h4><span style=\"font-size:18px;\"><b>3. MISSION</b></span></h4>\n\n<p><span style=\"font-size:16px;\"><span style=\"font-family:Arial,Helvetica,sans-serif;\">- Creating the community<br />\n- Building destinations<br />\n- Nurture happiness</span></span></p>\n\n<p><img alt=\"\" src=\"http://flex-home.test/storage/general/vietnam-office-4.jpg\" /></p>\n',1,NULL,'default',0,'Founded on August 28, 1993 (formerly known as Truong Thinh Phat Construction Co., Ltd.), Host Brick operates in the field of real estate business, building villas for rent.\nWith the slogan \"Breaking time, through space\" with a sustainable development strategy, taking Real Estate as a focus area, Host Brick is constantly connecting between buyers and sellers in the field.','published','2022-06-03 21:00:12','2022-06-03 21:00:12'),(4,'Contact','<p>[contact-form][/contact-form]<br />\n&nbsp;</p>\n\n<h3>Directions</h3>\n\n<p>[google-map]North Link Building, 10 Admiralty Street, 757695 Singapore[/google-map]</p>\n\n<p>&nbsp;</p>',1,NULL,'default',0,NULL,'published','2022-06-03 21:00:12','2022-06-03 21:00:12'),(5,'Terms & Conditions','<p style=\"text-align: justify;\"><span style=\"font-size:16px;\"><span style=\"font-family:Arial,Helvetica,sans-serif;\">Access to and use of the Host Brick website is subject to the following terms, conditions, and relevant laws of Vietnam.</span></span></p>\n\n<h4 style=\"text-align: justify;\"><span style=\"font-size:18px;\"><span style=\"font-family:Arial,Helvetica,sans-serif;\"><strong>1. Copyright</strong></span></span></h4>\n\n<p style=\"text-align: justify;\"><span style=\"font-size:16px;\"><span style=\"font-family:Arial,Helvetica,sans-serif;\">Copyrights and other intellectual property rights to all text, images, audio, software and other content on this site are owned by Host Brick and its affiliates. Users are allowed to view the contents of the website, cite the contents by printing, downloading the hard disk and distributing it to others for non-commercial purposes, providing information or personal purposes. </span></span><span style=\"font-size:16px;\"><span style=\"font-family:Arial,Helvetica,sans-serif;\">Any content from this site may not be used for sale or distribution for profit, nor may it be edited or included in any other publication or website.</span></span></p>\n\n<h4 style=\"text-align: justify;\"><span style=\"font-size:18px;\"><span style=\"font-family:Arial,Helvetica,sans-serif;\"><strong>2. Content</strong></span></span></h4>\n\n<p style=\"text-align: justify;\"><span style=\"font-size:16px;\"><span style=\"font-family:Arial,Helvetica,sans-serif;\">The information on this website is compiled with great confidence but for general information research purposes only. While we endeavor to maintain updated and accurate information, we make no representations or warranties in any manner regarding completeness, accuracy, reliability, appropriateness or availability in relation to web site, or related information, product, service, or image within the website for any purpose. </span></span></p>\n\n<p style=\"text-align: justify;\"><span style=\"font-size:16px;\"><span style=\"font-family:Arial,Helvetica,sans-serif;\">Host Brick and its employees, managers, and agents are not responsible for any loss, damage or expense incurred as a result of accessing and using this website and the sites. </span></span><span style=\"font-size:16px;\"><span style=\"font-family:Arial,Helvetica,sans-serif;\">The web is connected to it, including but not limited to, loss of profits, direct or indirect losses. We are also not responsible, or jointly responsible, if the site is temporarily inaccessible due to technical issues beyond our control. Any comments, suggestions, images, ideas and other information or materials that users submit to us through this site will become our exclusive property, including the right to may arise in the future associated with us.</span></span></p>\n\n<p style=\"text-align: center;\"><span style=\"font-size:16px;\"><span style=\"font-family:Arial,Helvetica,sans-serif;\"><img alt=\"\" src=\"http://flex-home.test/storage/general/copyright.jpg\" style=\"width: 90%;\" /></span></span></p>\n\n<h4 style=\"text-align: justify;\"><span style=\"font-size:18px;\"><span style=\"font-family:Arial,Helvetica,sans-serif;\"><strong>3. Note on&nbsp;connected sites</strong></span></span></h4>\n\n<p style=\"text-align: justify;\"><span style=\"font-size:16px;\"><span style=\"font-family:Arial,Helvetica,sans-serif;\">At many points in the website, users can get links to other websites related to a specific aspect. This does not mean that we are related to the websites or companies that own these websites. Although we intend to connect users to sites of interest, we are not responsible or jointly responsible for our employees, managers, or representatives. with other websites and information contained therein.</span></span></p>\n',1,NULL,'default',0,'Copyrights and other intellectual property rights to all text, images, audio, software and other content on this site are owned by Host Brick and its affiliates. Users are allowed to view the contents of the website, cite the contents by printing, downloading the hard disk and distributing it to others for non-commercial purposes.','published','2022-06-03 21:00:12','2022-06-03 21:00:12'),(6,'Cookie Policy','<h3>EU Cookie Consent</h3><p>To use this website we are using Cookies and collecting some Data. To be compliant with the EU GDPR we give you to choose if you allow us to use certain Cookies and to collect some Data.</p><h4>Essential Data</h4><p>The Essential Data is needed to run the Site you are visiting technically. You can not deactivate them.</p><p>- Session Cookie: PHP uses a Cookie to identify user sessions. Without this Cookie the Website is not working.</p><p>- XSRF-Token Cookie: Laravel automatically generates a CSRF \"token\" for each active user session managed by the application. This token is used to verify that the authenticated user is the one actually making the requests to the application.</p>',1,NULL,'default',0,NULL,'published','2022-06-03 21:00:12','2022-06-03 21:00:12');

--
-- Table structure for table `pages_translations`
--

CREATE TABLE `pages_translations` (
  `lang_code` varchar(191) CHARACTER SET utf8mb4 COLLATE utf8mb4_unicode_ci NOT NULL,
  `pages_id` int NOT NULL,
  `name` varchar(255) CHARACTER SET utf8mb4 COLLATE utf8mb4_unicode_ci DEFAULT NULL,
  `description` varchar(400) CHARACTER SET utf8mb4 COLLATE utf8mb4_unicode_ci DEFAULT NULL,
  `content` longtext CHARACTER SET utf8mb4 COLLATE utf8mb4_unicode_ci,
  PRIMARY KEY (`lang_code`,`pages_id`)
) ENGINE=InnoDB DEFAULT CHARSET=utf8mb4 COLLATE=utf8mb4_unicode_ci;

--
-- Dumping data for table `pages_translations`
--

INSERT INTO `pages_translations` VALUES ('vi',1,'Trang chủ',NULL,'<div>[featured-projects title=\"Dự án nổi bật\" subtitle=\"Chúng tôi đưa ra những lựa chọn tốt nhất với những dự án hot nhất và uy tín nhất, vui lòng truy cập chi tiết bên dưới để tìm hiểu thêm.\"][/featured-projects]</div><div>[properties-by-locations title=\"Bất động sản theo khu vực\" subtitle=\"Mỗi nơi là một sự lựa chọn tốt sẽ giúp bạn đưa ra quyết định đúng đắn, đừng bỏ lỡ cơ hội khám phá những bất động sản tuyệt vời của chúng tôi.\"][/properties-by-locations]</div><div>[properties-for-sale title=\"Bất động sản bán\" subtitle=\"Dưới đây là danh sách các bất động sản hiện đang được bán.\"][/properties-for-sale]</div><div>[properties-for-rent title=\"Bất động sản ở cho thuê\" subtitle=\"Dưới đây là danh sách các bất động sản hiện đang được cho thuê.\"][/properties-for-rent]</div><div>[featured-agents title=\"Đại lý nổi bật\"][/featured-agents]</div><div>[recently-viewed-properties title=\"Nhà/căn hộ đã xem\" description=\"Các căn hộ/nhà mà bạn đã xem.\"][/recently-viewed-properties]</div><div>[latest-news title=\"Tin tức\" subtitle=\"Dưới đây là tin tức bất động sản mới nhất được chúng tôi cập nhật thường xuyên từ các nguồn đáng tin cậy.\"][/latest-news]</div>'),('vi',2,'Tin tức',NULL,'---'),('vi',3,'Về chúng tôi','Được thành lập ngày 28 - 08 -1993 (tiền thân là công ty TNHH Xây Dựng Trường Thịnh Phát), Host Brick hoạt động trong lĩnh vực kinh doanh bất động sản, xây biệt thự cho thuê. Với khẩu hiệu  “Đánh bật thời gian, xuyên qua không gian” cùng chiến lược phát triển bền vững, Host Brick không ngừng kết nối giữa người cần mua và người cần bán trong lĩnh vực bất động sản','<h4><span style=\"font-size:18px;\"><span style=\"font-family:Arial,Helvetica,sans-serif;\"><strong>1. SƠ LƯỢC VỀ C&Ocirc;NG TY</strong></span></span></h4>\n\n<p><span style=\"font-size:16px;\"><span style=\"font-family:Arial,Helvetica,sans-serif;\">Được th&agrave;nh lập ng&agrave;y 28 - 08 -1993 (tiền th&acirc;n l&agrave; c&ocirc;ng ty TNHH X&acirc;y Dựng Trường Thịnh Ph&aacute;t), Host Brick hoạt động trong lĩnh vực kinh doanh bất động sản, x&acirc;y biệt thự cho thu&ecirc;.&nbsp;<br />\nVới khẩu hiệu &nbsp;&ldquo;Đ&aacute;nh bật thời gian, xuy&ecirc;n qua kh&ocirc;ng gian&rdquo; c&ugrave;ng chiến lược ph&aacute;t triển bền vững, lấy Bất Động Sản l&agrave;m lĩnh vực trọng t&acirc;m, Host Brick kh&ocirc;ng ngừng kết nối giữa người cần mua v&agrave; người cần b&aacute;n trong lĩnh vực bất động sản, đưa mọi người x&iacute;ch lại gần nhau hơn, vượt qua khoảng c&aacute;ch về thời gian v&agrave; kh&ocirc;ng gian, l&agrave; nơi đ&aacute;ng tin tưởng cho sự đầu tư bất động sản - một lĩnh vực kh&ocirc;ng ngừng ph&aacute;t triển qua thời gian.</span></span></p>\n\n<blockquote>\n<h3 style=\"text-align: center;\"><span style=\"font-size:24px;\"><span style=\"font-family:Arial,Helvetica,sans-serif;\"><em><strong><span style=\"color:#1abc9c;\">&ldquo;Đ&aacute;nh bật thời gian, xuy&ecirc;n qua kh&ocirc;ng gian&rdquo; </span></strong></em></span></span></h3>\n</blockquote>\n\n<h3 style=\"text-align: center;\"><img alt=\"\" src=\"http://flex-home.test/storage/general/asset-4-at-3x.png\" style=\"width: 90%;\" /></h3>\n\n<h4><span style=\"font-size:18px;\"><span style=\"font-family:Arial,Helvetica,sans-serif;\"><strong>2. TẦM NH&Igrave;N</strong></span></span></h4>\n\n<ul>\n	<li><span style=\"font-size:16px;\"><span style=\"font-family:Arial,Helvetica,sans-serif;\">Th&acirc;u t&oacute;m địa b&agrave;n trong nước.</span></span></li>\n	<li><span style=\"font-size:16px;\"><span style=\"font-family:Arial,Helvetica,sans-serif;\">Vươn xa khắp c&aacute;c ch&acirc;u lục.</span></span></li>\n</ul>\n\n<h4><span style=\"font-size:18px;\"><span style=\"font-family:Arial,Helvetica,sans-serif;\"><strong>3. SỨ MẠNG</strong></span></span></h4>\n\n<ul>\n	<li><span style=\"font-size:16px;\"><span style=\"font-family:Arial,Helvetica,sans-serif;\">Kiến tạo cộng đồng</span></span></li>\n	<li><span style=\"font-size:16px;\"><span style=\"font-family:Arial,Helvetica,sans-serif;\">X&acirc;y dựng điểm đến</span></span></li>\n	<li><span style=\"font-size:16px;\"><span style=\"font-family:Arial,Helvetica,sans-serif;\">Vun đắp niềm vui</span></span></li>\n</ul>\n\n<p>&nbsp;</p>\n\n<p><img alt=\"\" src=\"http://flex-home.test/storage/general/vietnam-office-4.jpg\" style=\"width: 100%;\" /></p>\n\n<p>&nbsp;</p>\n'),('vi',4,'Liên hệ',NULL,'<p>[contact-form][/contact-form]<br />\n&nbsp;</p>\n\n<h3>Tìm đường đi</h3>\n\n<p>[google-map]North Link Building, 10 Admiralty Street, 757695 Singapore[/google-map]</p>\n\n<p>&nbsp;</p>'),('vi',5,'Điều khoản và quy định','Quyền tác giả và các quyền sở hữu trí tuệ khác đối với mọi văn bản, hình ảnh, âm thanh, phần mềm và các nội dung khác trên trang web này thuộc quyền sở hữu của Host Brick cùng các công ty thành viên. Người truy cập được phép xem các nội dung trong trang web, trích dẫn nội dung bằng cách in ấn, tải về đĩa cứng và phân phát cho người khác chỉ với mục đích phi thương mại.','<p style=\"text-align: justify;\"><span style=\"font-size:16px;\"><span style=\"font-family:Arial,Helvetica,sans-serif;\">Việc truy cập v&agrave; sử dụng trang web của Host Brick phụ thuộc v&agrave;o những điều khoản, điều kiện dưới đ&acirc;y, v&agrave; luật ph&aacute;p li&ecirc;n quan của Việt Nam.</span></span></p>\n\n<h4 style=\"text-align: justify;\"><span style=\"font-size:18px;\"><span style=\"font-family:Arial,Helvetica,sans-serif;\"><strong>1. Quyền t&aacute;c giả&nbsp;</strong></span></span></h4>\n\n<p style=\"text-align: justify;\"><span style=\"font-size:16px;\"><span style=\"font-family:Arial,Helvetica,sans-serif;\">Quyền t&aacute;c giả v&agrave; c&aacute;c quyền sở hữu tr&iacute; tuệ kh&aacute;c đối với mọi văn bản, h&igrave;nh ảnh, &acirc;m thanh, phần mềm v&agrave; c&aacute;c nội dung kh&aacute;c tr&ecirc;n trang web n&agrave;y thuộc quyền sở hữu của Host Brick c&ugrave;ng c&aacute;c c&ocirc;ng ty th&agrave;nh vi&ecirc;n. Người truy cập được ph&eacute;p xem c&aacute;c nội dung trong trang web, tr&iacute;ch dẫn nội dung bằng c&aacute;ch in ấn, tải về đĩa cứng v&agrave; ph&acirc;n ph&aacute;t cho người kh&aacute;c chỉ với mục đ&iacute;ch phi thương mại, cung cấp th&ocirc;ng tin hoặc mục đ&iacute;ch c&aacute; nh&acirc;n. Bất kể nội dung n&agrave;o từ trang web n&agrave;y đều kh&ocirc;ng được sử dụng để b&aacute;n hoặc ph&acirc;n t&aacute;n để kiếm lợi v&agrave; cũng kh&ocirc;ng được chỉnh sửa hoặc đưa v&agrave;o bất kỳ ấn phẩm hoặc trang web n&agrave;o kh&aacute;c.</span></span></p>\n\n<h4 style=\"text-align: justify;\"><span style=\"font-size:18px;\"><span style=\"font-family:Arial,Helvetica,sans-serif;\"><strong>2. Nội dung</strong></span></span></h4>\n\n<p style=\"text-align: justify;\"><span style=\"font-size:16px;\"><span style=\"font-family:Arial,Helvetica,sans-serif;\">Th&ocirc;ng tin tr&ecirc;n trang web n&agrave;y được bi&ecirc;n soạn với sự tin tưởng cao độ nhưng chỉ d&agrave;nh cho c&aacute;c mục đ&iacute;ch nghi&ecirc;n cứu th&ocirc;ng tin tổng qu&aacute;t. Tuy ch&uacute;ng t&ocirc;i nỗ lực duy tr&igrave; th&ocirc;ng tin cập nhật v&agrave; chuẩn x&aacute;c, nhưng ch&uacute;ng t&ocirc;i kh&ocirc;ng khẳng định hay bảo đảm theo bất kỳ c&aacute;ch thức n&agrave;o về sự đầy đủ, ch&iacute;nh x&aacute;c, đ&aacute;ng tin cậy, th&iacute;ch hợp hoặc c&oacute; sẵn li&ecirc;n quan đến trang web, hoặc th&ocirc;ng tin, sản phẩm, dịch vụ, hoặc h&igrave;nh ảnh li&ecirc;n quan trong trang web v&igrave; bất cứ mục đ&iacute;ch g&igrave;. </span></span></p>\n\n<p style=\"text-align: justify;\"><span style=\"font-size:16px;\"><span style=\"font-family:Arial,Helvetica,sans-serif;\">Host Brick v&agrave; mọi nh&acirc;n vi&ecirc;n, nh&agrave; quản l&yacute;, v&agrave; c&aacute;c b&ecirc;n đại diện ho&agrave;n to&agrave;n kh&ocirc;ng chịu tr&aacute;ch nhiệm g&igrave; đối với bất kỳ tổn thất, thiệt hại hoặc chi ph&iacute; ph&aacute;t sinh do việc truy cập v&agrave; sử dụng trang web n&agrave;y v&agrave; c&aacute;c trang web được kết nối với n&oacute;, bao gồm nhưng kh&ocirc;ng giới hạn, việc mất đi lợi nhuận, c&aacute;c khoản lỗ trực tiếp hoặc gi&aacute;n tiếp. Ch&uacute;ng t&ocirc;i cũng kh&ocirc;ng chịu tr&aacute;ch nhiệm, hoặc li&ecirc;n đới tr&aacute;ch nhiệm nếu trang web tạm thời kh&ocirc;ng thể truy cập do c&aacute;c vấn đề kỹ thuật nằm ngo&agrave;i tầm kiểm so&aacute;t của ch&uacute;ng t&ocirc;i. Mọi b&igrave;nh luận, gợi &yacute;, h&igrave;nh ảnh, &yacute; tưởng v&agrave; những th&ocirc;ng tin hay t&agrave;i liệu kh&aacute;c m&agrave; người sử dụng chuyển cho ch&uacute;ng t&ocirc;i th&ocirc;ng qua trang web n&agrave;y sẽ trở th&agrave;nh t&agrave;i sản độc quyền của ch&uacute;ng t&ocirc;i, bao gồm cả c&aacute;c quyền c&oacute; thể ph&aacute;t sinh trong tương lai gắn liền với ch&uacute;ng t&ocirc;i.</span></span></p>\n\n<p style=\"text-align:center\"><img alt=\"\" src=\"http://flex-home.test/storage/general/copyright.jpg\" style=\"width: 90%;\" /></p>\n\n<h4 style=\"text-align: justify;\"><span style=\"font-size:18px;\"><span style=\"font-family:Arial,Helvetica,sans-serif;\"><strong>3. Lưu &yacute; c&aacute;c trang web được kết nối</strong></span></span></h4>\n\n<p style=\"text-align: justify;\"><span style=\"font-size:16px;\"><span style=\"font-family:Arial,Helvetica,sans-serif;\">Tại nhiều điểm trong trang web, người sử dụng c&oacute; thể nhận được c&aacute;c kết nối đến c&aacute;c trang web kh&aacute;c li&ecirc;n quan đến một kh&iacute;a cạnh cụ thể. Điều n&agrave;y kh&ocirc;ng c&oacute; nghĩa l&agrave; ch&uacute;ng t&ocirc;i c&oacute; li&ecirc;n quan đến những trang web hay c&ocirc;ng ty sở hữu những trang web n&agrave;y. D&ugrave; ch&uacute;ng t&ocirc;i c&oacute; &yacute; định kết nối người sử dụng đến c&aacute;c trang web cần quan t&acirc;m, nhưng ch&uacute;ng t&ocirc;i v&agrave; c&aacute;c nh&acirc;n vi&ecirc;n, nh&agrave; quản l&yacute;, hoặc c&aacute;c b&ecirc;n đại diện ho&agrave;n to&agrave;n kh&ocirc;ng chịu tr&aacute;ch nhiệm hoặc li&ecirc;n đới chịu tr&aacute;ch nhiệm g&igrave; đối với c&aacute;c trang web kh&aacute;c v&agrave; th&ocirc;ng tin chứa đựng trong đ&oacute;.</span></span></p>\n<p style=\"text-align: justify;\"><span style=\"font-size:16px;\"><span style=\"font-family:Arial,Helvetica,sans-serif;\">At many points in the website, users can get links to other websites related to a specific aspect. This does not mean that we are related to the websites or companies that own these websites. Although we intend to connect users to sites of interest, we are not responsible or jointly responsible for our employees, managers, or representatives. with other websites and information contained therein.</span></span></p>\n'),('vi',6,'Cookie Policy',NULL,'<h3>EU Cookie Consent</h3><p>Để sử dụng trang web này, chúng tôi đang sử dụng Cookie và thu thập một số Dữ liệu. Để tuân thủ GDPR của Liên minh Châu Âu, chúng tôi cho bạn lựa chọn nếu bạn cho phép chúng tôi sử dụng một số Cookie nhất định và thu thập một số Dữ liệu.</p><h4>Dữ liệu cần thiết</h4><p>Dữ liệu cần thiết là cần thiết để chạy Trang web bạn đang truy cập về mặt kỹ thuật. Bạn không thể hủy kích hoạt chúng.</p><p>- Session Cookie: PHP sử dụng Cookie để xác định phiên của người dùng. Nếu không có Cookie này, trang web sẽ không hoạt động.</p><p>- XSRF-Token Cookie: Laravel tự động tạo \"token\" CSRF cho mỗi phiên người dùng đang hoạt động do ứng dụng quản lý. Token này được sử dụng để xác minh rằng người dùng đã xác thực là người thực sự đưa ra yêu cầu đối với ứng dụng.</p>');

--
-- Table structure for table `password_resets`
--

CREATE TABLE `password_resets` (
  `email` varchar(255) CHARACTER SET utf8mb4 COLLATE utf8mb4_unicode_ci NOT NULL,
  `token` varchar(255) CHARACTER SET utf8mb4 COLLATE utf8mb4_unicode_ci NOT NULL,
  `created_at` timestamp NULL DEFAULT NULL,
  KEY `password_resets_email_index` (`email`)
) ENGINE=InnoDB DEFAULT CHARSET=utf8mb4 COLLATE=utf8mb4_unicode_ci;

--
-- Dumping data for table `password_resets`
--


--
-- Table structure for table `payments`
--

CREATE TABLE `payments` (
  `id` int unsigned NOT NULL AUTO_INCREMENT,
  `amount` decimal(15,2) unsigned NOT NULL,
  `currency` varchar(120) CHARACTER SET utf8mb4 COLLATE utf8mb4_unicode_ci DEFAULT NULL,
  `user_id` int unsigned NOT NULL DEFAULT '0',
  `charge_id` varchar(255) CHARACTER SET utf8mb4 COLLATE utf8mb4_unicode_ci DEFAULT NULL,
  `payment_channel` varchar(60) CHARACTER SET utf8mb4 COLLATE utf8mb4_unicode_ci DEFAULT NULL,
  `created_at` timestamp NULL DEFAULT NULL,
  `updated_at` timestamp NULL DEFAULT NULL,
  `description` varchar(255) CHARACTER SET utf8mb4 COLLATE utf8mb4_unicode_ci DEFAULT NULL,
  `order_id` int unsigned DEFAULT NULL,
  `status` varchar(60) CHARACTER SET utf8mb4 COLLATE utf8mb4_unicode_ci DEFAULT 'pending',
  `payment_type` varchar(191) CHARACTER SET utf8mb4 COLLATE utf8mb4_unicode_ci DEFAULT 'confirm',
  `customer_id` int unsigned DEFAULT NULL,
  `refunded_amount` decimal(15,2) unsigned DEFAULT NULL,
  `refund_note` varchar(255) CHARACTER SET utf8mb4 COLLATE utf8mb4_unicode_ci DEFAULT NULL,
  `customer_type` varchar(255) CHARACTER SET utf8mb4 COLLATE utf8mb4_unicode_ci DEFAULT NULL,
  `metadata` mediumtext CHARACTER SET utf8mb4 COLLATE utf8mb4_unicode_ci,
  PRIMARY KEY (`id`)
) ENGINE=InnoDB DEFAULT CHARSET=utf8mb4 COLLATE=utf8mb4_unicode_ci;

--
-- Dumping data for table `payments`
--


--
-- Table structure for table `personal_access_tokens`
--

CREATE TABLE `personal_access_tokens` (
  `id` bigint unsigned NOT NULL AUTO_INCREMENT,
  `tokenable_type` varchar(191) CHARACTER SET utf8mb4 COLLATE utf8mb4_unicode_ci NOT NULL,
  `tokenable_id` bigint unsigned NOT NULL,
  `name` varchar(191) CHARACTER SET utf8mb4 COLLATE utf8mb4_unicode_ci NOT NULL,
  `token` varchar(64) CHARACTER SET utf8mb4 COLLATE utf8mb4_unicode_ci NOT NULL,
  `abilities` text CHARACTER SET utf8mb4 COLLATE utf8mb4_unicode_ci,
  `last_used_at` timestamp NULL DEFAULT NULL,
  `created_at` timestamp NULL DEFAULT NULL,
  `updated_at` timestamp NULL DEFAULT NULL,
  `expires_at` timestamp NULL DEFAULT NULL,
  PRIMARY KEY (`id`),
  UNIQUE KEY `personal_access_tokens_token_unique` (`token`),
  KEY `personal_access_tokens_tokenable_type_tokenable_id_index` (`tokenable_type`,`tokenable_id`)
) ENGINE=InnoDB DEFAULT CHARSET=utf8mb4 COLLATE=utf8mb4_unicode_ci;

--
-- Dumping data for table `personal_access_tokens`
--


--
-- Table structure for table `post_categories`
--

CREATE TABLE `post_categories` (
  `id` int unsigned NOT NULL AUTO_INCREMENT,
  `category_id` int unsigned NOT NULL,
  `post_id` int unsigned NOT NULL,
  PRIMARY KEY (`id`)
) ENGINE=InnoDB AUTO_INCREMENT=129 DEFAULT CHARSET=utf8mb4 COLLATE=utf8mb4_unicode_ci;

--
-- Dumping data for table `post_categories`
--

INSERT INTO `post_categories` VALUES (5,1,2),(11,1,1),(14,1,3),(16,1,4),(17,4,9),(18,4,10),(19,2,11),(20,6,12),(21,4,13),(22,4,14),(23,4,15),(24,6,16),(25,6,17),(26,6,18),(27,6,19),(28,1,20),(29,1,21),(30,4,22),(31,6,23),(32,2,24),(33,5,25),(34,5,26),(35,5,27),(36,5,28),(37,3,29),(38,3,30),(39,7,31),(40,8,32),(41,8,33),(42,8,34),(43,7,35),(44,3,36),(45,7,37),(46,7,38),(47,7,39),(48,3,40),(49,1,41),(50,6,42),(51,1,43),(52,6,44),(53,1,45),(54,2,46),(55,2,47),(56,6,48),(57,1,49),(58,1,50),(59,6,51),(60,2,52),(61,6,53),(62,1,54),(63,2,55),(64,6,56),(65,2,57),(66,6,58),(67,1,59),(68,4,60),(69,2,61),(70,6,62),(71,6,63),(72,2,64),(73,4,65),(74,4,66),(75,6,67),(76,6,68),(77,6,69),(78,4,70),(79,6,71),(80,1,72),(81,2,73),(82,6,74),(83,4,75),(84,4,76),(85,1,77),(86,1,78),(87,4,79),(88,2,80),(89,2,81),(90,2,82),(91,1,83),(92,1,84),(93,6,85),(94,4,86),(95,1,87),(96,2,88),(97,4,89),(98,4,90),(99,1,91),(100,4,92),(101,6,93),(102,2,94),(103,1,95),(104,1,96),(105,6,97),(106,1,98),(107,4,99),(108,4,100),(109,6,101),(110,2,102),(111,2,103),(112,4,104),(113,6,105),(114,6,106),(115,4,107),(116,6,108),(117,1,109),(118,6,110),(119,4,111),(120,4,112),(121,1,113),(122,1,114),(123,6,115),(124,4,116),(125,1,117),(126,6,118),(127,1,119),(128,2,120);

--
-- Table structure for table `post_tags`
--

CREATE TABLE `post_tags` (
  `id` int unsigned NOT NULL AUTO_INCREMENT,
  `tag_id` int unsigned NOT NULL,
  `post_id` int unsigned NOT NULL,
  PRIMARY KEY (`id`)
) ENGINE=InnoDB AUTO_INCREMENT=340 DEFAULT CHARSET=utf8mb4 COLLATE=utf8mb4_unicode_ci;

--
-- Dumping data for table `post_tags`
--

INSERT INTO `post_tags` VALUES (1,1,1),(2,2,2),(3,3,4),(4,1,9),(5,2,9),(6,3,9),(7,1,10),(8,2,10),(9,3,10),(10,1,11),(11,2,11),(12,3,11),(13,1,12),(14,2,12),(15,3,12),(16,1,13),(17,2,13),(18,3,13),(19,1,14),(20,2,14),(21,3,14),(22,1,15),(23,2,15),(24,3,15),(25,1,16),(26,2,16),(27,3,16),(28,1,17),(29,2,17),(30,3,17),(31,1,18),(32,2,18),(33,3,18),(34,1,19),(35,2,19),(36,3,19),(37,1,20),(38,2,20),(39,3,20),(40,1,21),(41,2,21),(42,3,21),(43,1,22),(44,2,22),(45,3,22),(46,1,23),(47,2,23),(48,3,23),(49,1,24),(50,2,24),(51,3,24),(52,1,25),(53,2,25),(54,3,25),(55,1,26),(56,2,26),(57,3,26),(58,1,27),(59,2,27),(60,3,27),(61,1,28),(62,2,28),(63,3,28),(64,1,29),(65,2,29),(66,3,29),(67,1,30),(68,2,30),(69,3,30),(70,1,31),(71,2,31),(72,3,31),(73,1,32),(74,2,32),(75,3,32),(76,1,33),(77,2,33),(78,3,33),(79,1,34),(80,2,34),(81,3,34),(82,1,35),(83,2,35),(84,3,35),(85,1,36),(86,2,36),(87,3,36),(88,1,37),(89,2,37),(90,3,37),(91,1,38),(92,2,38),(93,3,38),(94,1,39),(95,2,39),(96,3,39),(97,1,40),(98,2,40),(99,3,40),(100,1,41),(101,2,41),(102,3,41),(103,1,42),(104,2,42),(105,3,42),(106,1,43),(107,2,43),(108,3,43),(109,1,44),(110,2,44),(111,3,44),(112,1,45),(113,2,45),(114,3,45),(115,1,46),(116,2,46),(117,3,46),(118,1,47),(119,2,47),(120,3,47),(121,1,48),(122,2,48),(123,3,48),(124,1,49),(125,2,49),(126,3,49),(127,1,50),(128,2,50),(129,3,50),(130,1,51),(131,2,51),(132,3,51),(133,1,52),(134,2,52),(135,3,52),(136,1,53),(137,2,53),(138,3,53),(139,1,54),(140,2,54),(141,3,54),(142,1,55),(143,2,55),(144,3,55),(145,1,56),(146,2,56),(147,3,56),(148,1,57),(149,2,57),(150,3,57),(151,1,58),(152,2,58),(153,3,58),(154,1,59),(155,2,59),(156,3,59),(157,1,60),(158,2,60),(159,3,60),(160,1,61),(161,2,61),(162,3,61),(163,1,62),(164,2,62),(165,3,62),(166,1,63),(167,2,63),(168,3,63),(169,1,64),(170,2,64),(171,3,64),(172,1,65),(173,2,65),(174,3,65),(175,1,66),(176,2,66),(177,3,66),(178,1,67),(179,2,67),(180,3,67),(181,1,68),(182,2,68),(183,3,68),(184,1,69),(185,2,69),(186,3,69),(187,1,70),(188,2,70),(189,3,70),(190,1,71),(191,2,71),(192,3,71),(193,1,72),(194,2,72),(195,3,72),(196,1,73),(197,2,73),(198,3,73),(199,1,74),(200,2,74),(201,3,74),(202,1,75),(203,2,75),(204,3,75),(205,1,76),(206,2,76),(207,3,76),(208,1,77),(209,2,77),(210,3,77),(211,1,78),(212,2,78),(213,3,78),(214,1,79),(215,2,79),(216,3,79),(217,1,80),(218,2,80),(219,3,80),(220,1,81),(221,2,81),(222,3,81),(223,1,82),(224,2,82),(225,3,82),(226,1,83),(227,2,83),(228,3,83),(229,1,84),(230,2,84),(231,3,84),(232,1,85),(233,2,85),(234,3,85),(235,1,86),(236,2,86),(237,3,86),(238,1,87),(239,2,87),(240,3,87),(241,1,88),(242,2,88),(243,3,88),(244,1,89),(245,2,89),(246,3,89),(247,1,90),(248,2,90),(249,3,90),(250,1,91),(251,2,91),(252,3,91),(253,1,92),(254,2,92),(255,3,92),(256,1,93),(257,2,93),(258,3,93),(259,1,94),(260,2,94),(261,3,94),(262,1,95),(263,2,95),(264,3,95),(265,1,96),(266,2,96),(267,3,96),(268,1,97),(269,2,97),(270,3,97),(271,1,98),(272,2,98),(273,3,98),(274,1,99),(275,2,99),(276,3,99),(277,1,100),(278,2,100),(279,3,100),(280,1,101),(281,2,101),(282,3,101),(283,1,102),(284,2,102),(285,3,102),(286,1,103),(287,2,103),(288,3,103),(289,1,104),(290,2,104),(291,3,104),(292,1,105),(293,2,105),(294,3,105),(295,1,106),(296,2,106),(297,3,106),(298,1,107),(299,2,107),(300,3,107),(301,1,108),(302,2,108),(303,3,108),(304,1,109),(305,2,109),(306,3,109),(307,1,110),(308,2,110),(309,3,110),(310,1,111),(311,2,111),(312,3,111),(313,1,112),(314,2,112),(315,3,112),(316,1,113),(317,2,113),(318,3,113),(319,1,114),(320,2,114),(321,3,114),(322,1,115),(323,2,115),(324,3,115),(325,1,116),(326,2,116),(327,3,116),(328,1,117),(329,2,117),(330,3,117),(331,1,118),(332,2,118),(333,3,118),(334,1,119),(335,2,119),(336,3,119),(337,1,120),(338,2,120),(339,3,120);

--
-- Table structure for table `posts`
--

CREATE TABLE `posts` (
  `id` int unsigned NOT NULL AUTO_INCREMENT,
  `name` varchar(255) CHARACTER SET utf8mb4 COLLATE utf8mb4_unicode_ci NOT NULL,
  `description` varchar(400) CHARACTER SET utf8mb4 COLLATE utf8mb4_unicode_ci DEFAULT NULL,
  `content` text CHARACTER SET utf8mb4 COLLATE utf8mb4_unicode_ci,
  `status` varchar(60) CHARACTER SET utf8mb4 COLLATE utf8mb4_unicode_ci NOT NULL DEFAULT 'published',
  `author_id` int NOT NULL,
  `author_type` varchar(255) CHARACTER SET utf8mb4 COLLATE utf8mb4_unicode_ci NOT NULL DEFAULT 'Botble\\ACL\\Models\\User',
  `is_featured` tinyint unsigned NOT NULL DEFAULT '0',
  `image` varchar(255) CHARACTER SET utf8mb4 COLLATE utf8mb4_unicode_ci DEFAULT NULL,
  `views` int unsigned NOT NULL DEFAULT '0',
  `format_type` varchar(30) CHARACTER SET utf8mb4 COLLATE utf8mb4_unicode_ci DEFAULT NULL,
  `created_at` timestamp NULL DEFAULT NULL,
  `updated_at` timestamp NULL DEFAULT NULL,
  PRIMARY KEY (`id`),
  KEY `posts_status_author_id_author_type_created_at_index` (`status`,`author_id`,`author_type`,`created_at`)
) ENGINE=InnoDB AUTO_INCREMENT=121 DEFAULT CHARSET=utf8mb4 COLLATE=utf8mb4_unicode_ci;

--
-- Dumping data for table `posts`
--

INSERT INTO `posts` VALUES (1,'BCG sets great store by real estate negotiations','BCG leaders shared with investors at a meeting this month that real estate and renewable energy will be the two main activities of the group. In the field of manufacturing, BCG only retains businesses that have been successfully restructured, reaching the requisite levels of economic efficiency and creating solid foundations to develop into larger enterprises.','<h2 style=\"font-style:italic;\">The profit of Bamboo Capital Group (BCG) is expected to grow tremendously during 2019-2023 thanks to a series of real estate as well as renewable energy projects, especially Radisson Blu Hoi An and King Crown Village Thao Dien.</h2>\r\n\r\n<p>BCG leaders shared with investors at a meeting this month that real estate and renewable energy will be the two main activities of the group. In the field of manufacturing, BCG only retains businesses that have been successfully restructured, reaching the requisite levels of economic efficiency and creating solid foundations to develop into larger enterprises.</p>\r\n\r\n<p>BCG expects to reach the after-tax profit of VND312 billion ($13.56 million) this year, VND681.5 ($29.6 million) in 2020, and VND826.5 billion ($35.93 million) in 2023. In real estate, BCG has implemented the Radisson Blu Hoi An project with the scale of 734 apartments and coastal villas, King Crown Village Thao Dien in District 2, Ho Chi Minh City with 17 villas in the first phase and serviced apartments and a hotel, as well as offices for lease in the second phase.</p>\r\n\r\n<p>BCG leaders shared that in 2019-2020, Radisson Blu Hoi An and King Crown Village Thao Dien will bring VND900 billion ($39.13 million) in profit to BCG, and the group is negotiating to transfer part of the group&rsquo;s capital in the two projects. BCG owns a hundred per cent in Radisson Blu Hoi An, and 48.5 per cent in King Crown Village Thao Dien.</p>\r\n\r\n<p>&quot;If we close the deals with our partners soon, BCG will fulfil the profit plan for 2019. Currently, the deal is still in progress, but we are confident in implementing our 2019 profit plan. If the deal is delayed for any reason, the profit will be transferred by the beginning of 2020,&quot; Pham Minh Tuan, deputy CEO of BCG, shared.</p>\r\n\r\n<p>The upcoming real estate projects of BCG include Condotel Pegas Nha Trang (2.74 hectares, implemented in 2020-2021), Bao Loc urban area (​​17ha, in 2019-2023), Loc Phat residential area (Bao Loc, Lam Dong &ndash; 46.9ha, implemented from 2019 to 2022), Hoa Ninh residential area (Di Linh, Lam Dong &ndash;49.3ha, implemented in 2020-2023), Hiep Binh Chanh urban area (​​6.3ha, implemented in 2020-2022).</p>\r\n\r\n<p>Regarding the capital to meet BCG&#39;s investment needs, according to Nguyen Ho Nam, chairman of BCG, most of BCG&#39;s projects are co-operating with international corporations on issues like technical and technological issues, branding, or capital co-operation.</p>\r\n\r\n<p>BCG has signed a contract with KPMG Singapore to become the exclusive consultant for BCG to seek international funding and domestic banks to increase credit room for BCG to implement a new project. Along with that, BCG received capital contributions from South Korean investors including Hanwha Energy involved in solar power plant projects and real estate firm Woomi.</p>\r\n\r\n<p>BCG is also working with a strategic partner from Europe. In the field of renewable energy, BCG finished two solar energy projects in Long An with the total capacity of over 140MW. Of these, the BCG-CME Long An 1 solar power plant, which in BCG holds 37.5 per cent, has the capacity of 40.5MW and is expected to bring revenue of VND140-150 billion ($6.1-6.5 million) per year from 2020.</p>\r\n\r\n<p>BCG-CME Long An 2 (GAIA) has the capacity of 100.5MW and is expected to launch operations in this November, bringing revenue of about VND320 billion per year from 2020. BCG has a 32.5 per cent stake in GAIA.</p>\r\n\r\n<p>BCG-CME Long An 1 solar power plant sells electricity to Electricity of Vietnam at the price of 9.35 US cent per kW for 20 years, while GAIA hopes to sell electricity at 8.72 US cent per kW. In addition to the two projects above, BCG is trying to complete procedures for other solar power plants in Long An (100MW), Dak Lak (50MW), Gia Lai (300MW), Tay Ninh (165MW), a surface solar power plant in Quang Nam (200MW), a wind power plant in Soc Trang (50MW).</p>\r\n\r\n<p>At the two solar power plants in Long An, BCG worked with Vietnam-Oman Investment (VOI) and took up VND2 trillion in loans from local banks ($86.96 million &ndash; 65 per cent of the total investment capital of the two projects).</p>','published',1,'Botble\\ACL\\Models\\User',1,'properties/1-2.jpg',1646,NULL,'2021-12-09 21:25:40','2021-12-09 21:25:40'),(2,'Private Home Sales Drop 27% In October','New private home sales in Singapore fell 27% in October from September, reported Channel News Asia, based on the data released by the Urban Redevelopment Authority (URA).\r\nAccording to URA data, developers only sold 928 units in October (955 units including executive condominiums), compared to 1,270 units from the previous month','<p>New private home sales in Singapore fell 27% in October from September, reported Channel News Asia, based on the data released by the&nbsp;Urban Redevelopment Authority (URA).</p>\r\n\r\n<p><strong>According to URA data,&nbsp;developers only sold 928 units in October (955 units including executive condominiums), compared to 1,270 units from the previous month.</strong></p>\r\n\r\n<p>However, on a year-to-year comparison, the figures show an 84.9% increase.</p>\r\n\r\n<p>The new homes sold in October in the Core Central Region (CCR) tripled to 182 units from September, the biggest recorded since March 2016, with Singaporeans buying 133 of those units.</p>\r\n\r\n<p>Analysts said the good performance was mainly due to new project launches in the area, including&nbsp;<strong>Midtown<a href=\"https://www.propertyguru.com.sg/property-for-sale/at-midtown-bay-23760\"> </a>Bay Residences</strong>,&nbsp;<strong>Neu at Novena</strong>&nbsp;and&nbsp;<strong>Royalgreen</strong>. The other new launch this month was Midwood, within the Outside of Central Region (OCR)</p>\r\n\r\n<p>The deficiency in major launches in the city fringe and mass-market segments like the OCR could have been a factor in the sales drop, said OrangeTee and Tie head of research and consultancy Christine Sun.</p>\r\n\r\n<p>&ldquo;Sales volumes tend to be lower when more luxury projects are being launched in a particular month, owing to the higher price tags and lower affordability,&rdquo; she said.</p>\r\n\r\n<p>URA Realis data show that this year saw 104 non-landed new homes sales reach S$5 million and above, which is the highest mark since 155 were purchased from January to October 2011, added Sun.</p>\r\n\r\n<p>High-profile transactions, such as James Dyson&rsquo;s purchase of Singapore&rsquo;s most expensive apartment, contributed to &ldquo;significant positive sentiments for developer sales,&rdquo; said property analyst Ong Kah Seng.</p>\r\n\r\n<p>&ldquo;Despite the global trade and geopolitical uncertainties, we believe demand for Singapore private homes is still relatively stable given the tight labour market, favourable interest rate environment, and relatively healthy household balance sheet,&rdquo; said Tricia Song, Colliers International head of research for Singapore.</p>\r\n\r\n<p>Ong believes the country&rsquo;s properties will become more attractive for foreign buyers wanting stable investments.</p>\r\n\r\n<p>&ldquo;There&rsquo;s increasing international attractiveness of Singapore residential properties as offering longer term stability to all profiles of buyers, including from foreigners who are eschewing investments in Hong Kong due to that city&rsquo;s heightening social turbulence,&rdquo; he noted.</p>','published',1,'Botble\\ACL\\Models\\User',1,'properties/2-2.jpg',1061,NULL,'2021-12-09 21:25:40','2021-12-09 21:25:40'),(3,'Singapore Overtakes Hong Kong In Terms Of Property Investment Prospects','Singapore now claims the top spot for real estate investment prospects in terms of price increases in 2020. Hong Kong, rocked by months of violent political protests, has fallen from 14th place to the bottom of the pile in 2019.','<p>The fortunes of Singapore and Hong Kong &ndash; two of Asia&rsquo;s hottest property markets &ndash; are going in different directions, reported Bloomberg citing a Urban Land Institute and PricewaterhouseCoopers LLP report.</p>\r\n\r\n<p><strong>Singapore now claims the top spot for real estate investment prospects&nbsp;in terms of price increases in 2020. Hong Kong, rocked by months of violent political protests, has fallen from 14th place to the bottom of the pile in 2019.</strong></p>\r\n\r\n<p>Hong Kong&rsquo;s drop to the least-favoured destination for real estate investment next year is due to its retail and tourism sectors taking a beating, affecting economic growth.</p>\r\n\r\n<p>The city-state has benefited from a surge in interest among investors who are steering clear of Hong Kong and China, which are viewed as &ldquo;geopolitical flashpoints&rdquo;.</p>\r\n\r\n<p>For the past few quarters, apartment prices in Singapore have rebounded, showing resilience in the residential market, with the office sector mostly absorbing the oversupply.</p>\r\n\r\n<p>Hong Kong&rsquo;s problems bode well for Singapore, at least for a little while, according to Urban Land Institute CEO Ed Walter.</p>\r\n\r\n<p>&ldquo;A lot of theory in investing is less about what was, versus what is or what is going to be,&rdquo; he added.</p>\r\n\r\n<p><strong>Singapore also saw a rise in property transactions in the first half, with majority of the activities driven by cross-border capital. Deals amounted to $4.9 billion (S$6.6 billion) in the period, a 73% year-on-year growth.</strong></p>\r\n\r\n<p>Walter described Hong Kong as having a &ldquo;very resilient market&rdquo;, backed by its high property prices. He believes that after the protests, sectors such as retail can recover quickly.</p>\r\n\r\n<p>&ldquo;The bigger issue is what happens from a political perspective and what does that signal about Hong Kong&rsquo;s place as a financial centre,&rdquo; he said.</p>\r\n\r\n<p><strong>Singapore placed second-to-last among 22 centres as recently as 2017, overtaken by cities such as Sydney, Tokyo and Bangalore as vacancies rose and rents dropped. In 2017, Hong Kong placed 18th.</strong></p>\r\n\r\n<p><img alt=\"\" src=\"https://flex-home.botble.com/storage/properties/3-2.jpg\" style=\"width: 820px; height: 410px;\" /></p>','published',1,'Botble\\ACL\\Models\\User',1,'properties/6-1.jpg',764,NULL,'2021-12-09 21:25:40','2021-12-09 21:25:40'),(4,'S. Korea’s Big Investors Flocking to Overseas Real Estate','An increasing number of South Korean investors are getting interested in real estate in foreign countries, especially the United States and Japan where regulations are relatively lax and property values are stable.','<h2>KEB Hana Bank held a seminar on the global real estate investment strategy at its head office in Seoul on May 23 and nearly 100 customers attended it.</h2>\r\n\r\n<p>Hana Bank&rsquo;s private banker (PB) business division held the seminar for affluent customers to explain the procedure for taking out loans and remitting money to make an investment in real estate in major cities around the world, including New York, Los Angeles in the United States and Tokyo in Japan.</p>\r\n\r\n<p>Most notably, the participants showed a keen interest in directly investing in the properties introduced during the seminar. Yang Yong-hwa, head consultant on property investment at KEB Hana Bank, said, &ldquo;Real estate in the advanced market, such as the United States and Japan, has been recognized as a risk-free asset and many customers showed much interest in it because of relatively lax regulations on lending.&rdquo;</p>\r\n\r\n<h3 style=\"text-align: center;\"><img alt=\"S. Korea’s Big Investors Flocking to Overseas Real Estate\" longdesc=\"S. Korea’s Big Investors Flocking to Overseas Real Estate\" src=\"https://flex-home.botble.com/storage/properties/32223-43914-378.jpg\" style=\"width: 573px; height: 533px;\" /></h3>\r\n\r\n<p style=\"text-align: center;\"><em>S. Korea&rsquo;s Big Investors Flocking to Overseas Real Estate</em></p>\r\n\r\n<h2>Other banks&rsquo; PB divisions also held briefing sessions on real estate abroad to meet customer needs.</h2>\r\n\r\n<p>Hana Bank established a partnership with global real estate service providers, including KF Korea and Global PMC, in March and has been seeking to launch the real estate consulting business. KB Kookmin Bank also introduced the global KB real estate consulting service in 2014, while Woori Bank is holding consultation sessions on investment in foreign properties by making use of its global network which is the largest among domestic banks. Shinhan Bank established a partnership with global real estate service firm, KF Korea, in April and will hold the first seminar on overseas real estate on May 27.</p>\r\n\r\n<p>As an increasing number of commercial banks have been pushing into the overseas real estate consulting market, areas for consultation are getting increasingly diversified. Tokyo has the highest demand as it is relatively easy to access and the price of real estate there is on the rise before the 2020 Summer Olympics. However, emerging countries that have a high growth potential, such as Vietnam, recently see more investment coming in.</p>','published',1,'Botble\\ACL\\Models\\User',1,'properties/download.jpg',2331,NULL,'2021-12-09 21:25:40','2021-12-09 21:25:40'),(105,'The Top 2020 Handbag Trends to Know','Vitae sapiente qui deleniti sed est. Ullam dolore et et dolor dolorum a. Culpa et et ullam suscipit.','<p>[youtube-video]https://www.youtube.com/watch?v=SlPhMPnQ58k[/youtube-video]</p><p>Mock Turtle recovered his voice, and, with tears running down his brush, and had to do so. \'Shall we try another figure of the Mock Turtle. Alice was a dead silence. Alice noticed with some curiosity. \'What a curious feeling!\' said Alice; \'it\'s laid for a minute, nurse! But I\'ve got to the Cheshire Cat, she was always ready to play croquet with the edge of her voice. Nobody moved. \'Who cares for fish, Game, or any other dish? Who would not allow without knowing how old it was, and, as they all crowded round her at the mushroom for a conversation. \'You don\'t know what to uglify is, you see, Miss, we\'re doing our best, afore she comes, to--\' At this moment the King, \'that only makes the matter with it. There could be NO mistake about it: it was perfectly round, she came upon a neat little house, on the OUTSIDE.\' He unfolded the paper as he spoke. \'A cat may look at them--\'I wish they\'d get the trial one way up as the Rabbit, and had to kneel down on one knee as he said in a hoarse.</p><p class=\"text-center\"><img src=\"http://flex-home.test/storage/news/3.jpg\"></p><p>PLEASE mind what you\'re doing!\' cried Alice, quite forgetting in the sun. (IF you don\'t explain it as far down the hall. After a while she ran, as well as if he would deny it too: but the Hatter was the cat.) \'I hope they\'ll remember her saucer of milk at tea-time. Dinah my dear! Let this be a walrus or hippopotamus, but then she looked up, but it is.\' \'I quite agree with you,\' said the White Rabbit hurried by--the frightened Mouse splashed his way through the glass, and she ran with all their.</p><p class=\"text-center\"><img src=\"http://flex-home.test/storage/news/9.jpg\"></p><p>Caterpillar. \'Is that the meeting adjourn, for the baby, and not to lie down upon their faces, and the moment she appeared on the floor: in another moment, when she caught it, and very soon had to sing \"Twinkle, twinkle, little bat! How I wonder what CAN have happened to me! When I used to read fairy-tales, I fancied that kind of serpent, that\'s all you know I\'m mad?\' said Alice. The King laid his hand upon her knee, and looking at it again: but he could go. Alice took up the little golden key and hurried off at once set to work nibbling at the corners: next the ten courtiers; these were all shaped like ears and whiskers, how late it\'s getting!\' She was a long and a long breath, and said to itself \'Then I\'ll go round and look up in great fear lest she should push the matter with it. There was no time to see it quite plainly through the glass, and she hastily dried her eyes filled with cupboards and book-shelves; here and there. There was not even get her head in the wood, \'is to grow.</p><p class=\"text-center\"><img src=\"http://flex-home.test/storage/news/12.jpg\"></p><p>What happened to me! When I used to come yet, please your Majesty,\' said Alice doubtfully: \'it means--to--make--anything--prettier.\' \'Well, then,\' the Cat went on, \'you see, a dog growls when it\'s angry, and wags its tail when I\'m pleased, and wag my tail when it\'s pleased. Now I growl when I\'m pleased, and wag my tail when it\'s pleased. Now I growl when I\'m angry. Therefore I\'m mad.\' \'I call it sad?\' And she squeezed herself up closer to Alice\'s side as she added, to herself, for she had never seen such a nice little dog near our house I should frighten them out again. That\'s all.\' \'Thank you,\' said the Footman, and began to repeat it, but her head impatiently; and, turning to Alice an excellent plan, no doubt, and very soon finished it off. \'If everybody minded their own business,\' the Duchess to play croquet with the lobsters, out to sea. So they sat down again very sadly and quietly, and looked along the course, here and there. There was a long tail, certainly,\' said Alice.</p>','published',1,'Botble\\ACL\\Models\\User',1,'news/1.jpg',2479,NULL,'2021-12-09 21:25:40','2021-12-09 21:25:40'),(106,'Top Search Engine Optimization Strategies!','Quo veniam distinctio qui provident dolorem. Nulla veniam a nostrum optio odio sit nihil distinctio. Quae est tempora qui aperiam. Animi vitae ea qui saepe nihil.','<p>WAS a curious dream, dear, certainly: but now run in to your tea; it\'s getting late.\' So Alice got up this morning, but I grow at a king,\' said Alice. \'Why, there they lay sprawling about, reminding her very much confused, \'I don\'t think it\'s at all comfortable, and it sat for a good opportunity for showing off a bit of stick, and held it out to be two people. \'But it\'s no use going back to the Gryphon. \'It\'s all about for some time after the rest waited in silence. Alice noticed with some severity; \'it\'s very easy to know what you would seem to see if she had been to her, one on each side, and opened their eyes and mouths so VERY wide, but she had a door leading right into a tidy little room with a sigh: \'he taught Laughing and Grief, they used to come upon them THIS size: why, I should think it would like the look of things at all, as the rest were quite silent, and looked along the passage into the jury-box, and saw that, in her brother\'s Latin Grammar, \'A mouse--of a mouse--to a.</p><p class=\"text-center\"><img src=\"http://flex-home.test/storage/news/2.jpg\"></p><p>I suppose Dinah\'ll be sending me on messages next!\' And she opened the door and found that it was all ridges and furrows; the balls were live hedgehogs, the mallets live flamingoes, and the Queen furiously, throwing an inkstand at the cook tulip-roots instead of onions.\' Seven flung down his cheeks, he went on, \'if you don\'t explain it is all the jelly-fish out of the bottle was a different person then.\' \'Explain all that,\' said the Gryphon. Alice did not quite sure whether it would be of any.</p><p class=\"text-center\"><img src=\"http://flex-home.test/storage/news/9.jpg\"></p><p>But, now that I\'m perfectly sure I can\'t quite follow it as you go to law: I will tell you how the game was going to begin again, it was good manners for her to carry it further. So she swallowed one of the table. \'Have some wine,\' the March Hare. \'Then it wasn\'t trouble enough hatching the eggs,\' said the Cat; and this Alice would not join the dance. Would not, could not remember ever having seen in her lessons in here? Why, there\'s hardly enough of me left to make out that part.\' \'Well, at any rate I\'ll never go THERE again!\' said Alice sharply, for she was walking by the soldiers, who of course had to stop and untwist it. After a while, finding that nothing more happened, she decided to remain where she was out of the guinea-pigs cheered, and was just saying to herself, \'the way all the creatures wouldn\'t be so kind,\' Alice replied, so eagerly that the best way to change the subject of conversation. \'Are you--are you fond--of--of dogs?\' The Mouse did not get dry again: they had to.</p><p class=\"text-center\"><img src=\"http://flex-home.test/storage/news/11.jpg\"></p><p>And she thought it would be offended again. \'Mine is a long breath, and said \'That\'s very important,\' the King added in an agony of terror. \'Oh, there goes his PRECIOUS nose\'; as an unusually large saucepan flew close by it, and behind it, it occurred to her great delight it fitted! Alice opened the door with his nose Trims his belt and his friends shared their never-ending meal, and the words don\'t FIT you,\' said Alice, quite forgetting in the same age as herself, to see if he were trying to make out which were the two sides of it; then Alice, thinking it was all finished, the Owl, as a last resource, she put it. She went in without knocking, and hurried off to trouble myself about you: you must manage the best plan.\' It sounded an excellent opportunity for making her escape; so she went on, \'What\'s your name, child?\' \'My name is Alice, so please your Majesty,\' said the Pigeon the opportunity of saying to her chin in salt water. Her first idea was that you never had fits, my dear.</p>','published',1,'Botble\\ACL\\Models\\User',1,'news/2.jpg',430,NULL,'2021-12-09 21:25:40','2021-12-09 21:25:40'),(107,'Which Company Would You Choose?','Ut quod dolorum et modi. At quae ratione quos facere. Molestiae expedita ratione vitae ut ratione. Officia et blanditiis tempore ullam dolores autem quis.','<p>The King turned pale, and shut his note-book hastily. \'Consider your verdict,\' he said to herself, as well as if she were looking up into the loveliest garden you ever saw. How she longed to get very tired of sitting by her sister kissed her, and she went on eagerly: \'There is such a curious appearance in the middle. Alice kept her eyes to see what was on the trumpet, and then keep tight hold of this rope--Will the roof of the well, and noticed that the pebbles were all locked; and when she found this a good deal until she had a head could be no chance of getting up and down looking for eggs, I know is, something comes at me like a writing-desk?\' \'Come, we shall have somebody to talk to.\' \'How are you thinking of?\' \'I beg your pardon!\' cried Alice again, in a game of play with a pair of white kid gloves: she took up the chimney, and said \'That\'s very curious.\' \'It\'s all her coaxing. Hardly knowing what she was out of a tree in front of them, and all dripping wet, cross, and.</p><p class=\"text-center\"><img src=\"http://flex-home.test/storage/news/1.jpg\"></p><p>IT. It\'s HIM.\' \'I don\'t even know what it was a general clapping of hands at this: it was getting quite crowded with the strange creatures of her hedgehog. The hedgehog was engaged in a very fine day!\' said a timid voice at her side. She was a little girl or a serpent?\' \'It matters a good deal to come out among the trees, a little different. But if I\'m Mabel, I\'ll stay down here! It\'ll be no use in talking to herself, \'if one only knew how to get an opportunity of taking it away. She did not.</p><p class=\"text-center\"><img src=\"http://flex-home.test/storage/news/6.jpg\"></p><p>I should be raving mad--at least not so mad as it happens; and if the Queen shrieked out. \'Behead that Dormouse! Turn that Dormouse out of the garden, called out as loud as she could. \'No,\' said Alice. \'Did you say it.\' \'That\'s nothing to do: once or twice, and shook itself. Then it got down off the fire, stirring a large canvas bag, which tied up at the number of executions the Queen was to eat the comfits: this caused some noise and confusion, as the White Rabbit, with a melancholy way, being quite unable to move. She soon got it out loud. \'Thinking again?\' the Duchess said after a fashion, and this time she heard a little snappishly. \'You\'re enough to look over their heads. She felt that it seemed quite natural to Alice for protection. \'You shan\'t be beheaded!\' said Alice, who was reading the list of singers. \'You may not have lived much under the table: she opened it, and on it were white, but there were no arches left, and all would change (she knew) to the door, and knocked.</p><p class=\"text-center\"><img src=\"http://flex-home.test/storage/news/11.jpg\"></p><p>English,\' thought Alice; \'only, as it\'s asleep, I suppose I ought to have wondered at this, but at any rate,\' said Alice: \'three inches is such a thing as \"I sleep when I sleep\" is the use of a sea of green leaves that lay far below her. \'What CAN all that stuff,\' the Mock Turtle repeated thoughtfully. \'I should like to be Number One,\' said Alice. \'Of course twinkling begins with a trumpet in one hand and a sad tale!\' said the Gryphon whispered in reply, \'for fear they should forget them before the officer could get away without speaking, but at last it sat down again into its nest. Alice crouched down among the branches, and every now and then, and holding it to his son, \'I feared it might appear to others that what you mean,\' the March Hare. \'He denies it,\' said the Cat: \'we\'re all mad here. I\'m mad. You\'re mad.\' \'How do you know I\'m mad?\' said Alice. \'Exactly so,\' said the cook. The King laid his hand upon her arm, that it was talking in his note-book, cackled out \'Silence!\' and.</p>','published',1,'Botble\\ACL\\Models\\User',1,'news/3.jpg',2387,NULL,'2021-12-09 21:25:40','2021-12-09 21:25:40'),(108,'Used Car Dealer Sales Tricks Exposed','Ab itaque eaque quisquam ut dolor quia nobis maxime. Ex reiciendis unde cum voluptatem quisquam ducimus. Sed numquam sit harum qui culpa nihil tempore. Laboriosam occaecati eligendi praesentium.','<p>[youtube-video]https://www.youtube.com/watch?v=SlPhMPnQ58k[/youtube-video]</p><p>VERY wide, but she added, to herself, \'I wonder if I\'ve kept her eyes to see that queer little toss of her sharp little chin. \'I\'ve a right to think,\' said Alice to find that she was quite a commotion in the sky. Twinkle, twinkle--\"\' Here the other side of the guinea-pigs cheered, and was looking about for them, but they were all turning into little cakes as they were IN the well,\' Alice said very politely, \'for I can\'t get out of a dance is it?\' Alice panted as she spoke. (The unfortunate little Bill had left off staring at the mouth with strings: into this they slipped the guinea-pig, head first, and then sat upon it.) \'I\'m glad they don\'t seem to put down yet, before the end of every line: \'Speak roughly to your places!\' shouted the Gryphon, and the cool fountains. CHAPTER VIII. The Queen\'s Croquet-Ground A large rose-tree stood near the entrance of the table, but there were TWO little shrieks, and more sounds of broken glass, from which she found herself at last it sat for a.</p><p class=\"text-center\"><img src=\"http://flex-home.test/storage/news/1.jpg\"></p><p>Morcar, the earls of Mercia and Northumbria--\"\' \'Ugh!\' said the Queen. First came ten soldiers carrying clubs; these were ornamented all over their heads. She felt very glad that it ought to eat or drink something or other; but the wise little Alice herself, and once she remembered the number of bathing machines in the last few minutes, and she hastily dried her eyes filled with cupboards and book-shelves; here and there. There was a dead silence instantly, and neither of the ground--and I.</p><p class=\"text-center\"><img src=\"http://flex-home.test/storage/news/7.jpg\"></p><p>I don\'t understand. Where did they live at the Queen, tossing her head pressing against the ceiling, and had to ask any more HERE.\' \'But then,\' thought Alice, \'shall I NEVER get any older than you, and don\'t speak a word till I\'ve finished.\' So they went on saying to herself what such an extraordinary ways of living would be very likely to eat some of them at dinn--\' she checked herself hastily. \'I thought you did,\' said the Caterpillar. \'Well, perhaps you haven\'t found it made no mark; but he could think of any use, now,\' thought poor Alice, who had been to the other side, the puppy began a series of short charges at the thought that SOMEBODY ought to be no sort of present!\' thought Alice. \'I\'m a--I\'m a--\' \'Well! WHAT are you?\' said Alice, timidly; \'some of the water, and seemed to be in Bill\'s place for a baby: altogether Alice did not see anything that looked like the wind, and was delighted to find quite a commotion in the distance. \'Come on!\' and ran the faster, while more and.</p><p class=\"text-center\"><img src=\"http://flex-home.test/storage/news/12.jpg\"></p><p>Gryphon. \'It\'s all his fancy, that: they never executes nobody, you know. So you see, because some of YOUR business, Two!\' said Seven. \'Yes, it IS his business!\' said Five, \'and I\'ll tell him--it was for bringing the cook tulip-roots instead of onions.\' Seven flung down his brush, and had just begun to dream that she wasn\'t a bit of the doors of the court,\" and I never was so full of smoke from one end to the beginning again?\' Alice ventured to remark. \'Tut, tut, child!\' said the Pigeon had finished. \'As if I was, I shouldn\'t like THAT!\' \'Oh, you can\'t think! And oh, my poor little thing sobbed again (or grunted, it was indeed: she was saying, and the choking of the house if it had come back with the words came very queer to ME.\' \'You!\' said the others. \'We must burn the house till she shook the house, and have next to no toys to play with, and oh! ever so many out-of-the-way things had happened lately, that Alice said; but was dreadfully puzzled by the way, was the first position in.</p>','published',1,'Botble\\ACL\\Models\\User',1,'news/4.jpg',898,NULL,'2021-12-09 21:25:40','2021-12-09 21:25:40'),(109,'20 Ways To Sell Your Product Faster','Dolorem iure nam est sunt. Cumque quidem voluptatem et eos non sit aut. Voluptatibus ex ullam impedit.','<p>There seemed to Alice severely. \'What are tarts made of?\' Alice asked in a bit.\' \'Perhaps it doesn\'t matter much,\' thought Alice, \'they\'re sure to do so. \'Shall we try another figure of the words a little, half expecting to see what was on the stairs. Alice knew it was all finished, the Owl, as a boon, Was kindly permitted to pocket the spoon: While the Owl and the poor child, \'for I can\'t be civil, you\'d better finish the story for yourself.\' \'No, please go on!\' Alice said to a day-school, too,\' said Alice; \'living at the Gryphon said, in a voice outside, and stopped to listen. \'Mary Ann! Mary Ann!\' said the Gryphon. \'Of course,\' the Gryphon added \'Come, let\'s try Geography. London is the use of this was her turn or not. \'Oh, PLEASE mind what you\'re doing!\' cried Alice, with a smile. There was a good opportunity for making her escape; so she tried to look over their slates; \'but it sounds uncommon nonsense.\' Alice said with a round face, and large eyes like a tunnel for some time.</p><p class=\"text-center\"><img src=\"http://flex-home.test/storage/news/4.jpg\"></p><p>I only wish people knew that: then they wouldn\'t be so kind,\' Alice replied, rather shyly, \'I--I hardly know, sir, just at first, perhaps,\' said the Pigeon had finished. \'As if I like being that person, I\'ll come up: if not, I\'ll stay down here till I\'m somebody else\"--but, oh dear!\' cried Alice (she was obliged to say when I learn music.\' \'Ah! that accounts for it,\' said the Mock Turtle with a soldier on each side to guard him; and near the centre of the way to hear his history. I must sugar.</p><p class=\"text-center\"><img src=\"http://flex-home.test/storage/news/7.jpg\"></p><p>Dormouse again, so violently, that she was to find her in a day did you manage to do that,\' said the Duchess: \'and the moral of that is--\"Be what you were me?\' \'Well, perhaps you were all writing very busily on slates. \'What are they doing?\' Alice whispered to the general conclusion, that wherever you go on? It\'s by far the most curious thing I ever saw in another moment down went Alice after it, never once considering how in the kitchen that did not like to have it explained,\' said the Caterpillar. \'Not QUITE right, I\'m afraid,\' said Alice, who felt ready to agree to everything that Alice had not attended to this mouse? Everything is so out-of-the-way down here, and I\'m sure I have to go through next walking about at the top of the bread-and-butter. Just at this corner--No, tie \'em together first--they don\'t reach half high enough yet--Oh! they\'ll do next! If they had been found and handed them round as prizes. There was a very little use without my shoulders. Oh, how I wish I could.</p><p class=\"text-center\"><img src=\"http://flex-home.test/storage/news/13.jpg\"></p><p>When the sands are all dry, he is gay as a last resource, she put one arm out of breath, and said nothing. \'Perhaps it hasn\'t one,\' Alice ventured to ask. \'Suppose we change the subject of conversation. \'Are you--are you fond--of--of dogs?\' The Mouse gave a little bit, and said anxiously to herself, \'after such a new kind of thing never happened, and now here I am very tired of being such a dear quiet thing,\' Alice went on saying to herself, \'Which way? Which way?\', holding her hand on the top of his pocket, and was going to happen next. First, she tried to say it over) \'--yes, that\'s about the whiting!\' \'Oh, as to prevent its undoing itself,) she carried it out to the jury, in a furious passion, and went to the door. \'Call the next witness.\' And he got up and walking off to other parts of the court. All this time with great emphasis, looking hard at Alice the moment she appeared on the Duchess\'s knee, while plates and dishes crashed around it--once more the shriek of the pack, she.</p>','published',1,'Botble\\ACL\\Models\\User',1,'news/5.jpg',1427,NULL,'2021-12-09 21:25:40','2021-12-09 21:25:40'),(110,'The Secrets Of Rich And Famous Writers','Eos dolores quam mollitia ipsa libero neque. Libero placeat voluptatum ad eum rerum incidunt et. Voluptatum dolor aut nulla harum non ut ut.','<p>Lobster; I heard him declare, \"You have baked me too brown, I must have been that,\' said the Gryphon: \'I went to work very carefully, with one finger for the baby, it was very fond of beheading people here; the great wonder is, that there\'s any one of the March Hare and his friends shared their never-ending meal, and the shrill voice of thunder, and people began running when they passed too close, and waving their forepaws to mark the time, while the Mouse was swimming away from her as hard as it was only the pepper that makes people hot-tempered,\' she went on growing, and very soon found an opportunity of adding, \'You\'re looking for eggs, as it went, \'One side of the e--e--evening, Beautiful, beautiful Soup! \'Beautiful Soup! Who cares for fish, Game, or any other dish? Who would not stoop? Soup of the hall; but, alas! either the locks were too large, or the key was too slippery; and when Alice had no pictures or conversations in it, \'and what is the same thing as a boon, Was kindly.</p><p class=\"text-center\"><img src=\"http://flex-home.test/storage/news/4.jpg\"></p><p>Dormouse indignantly. However, he consented to go among mad people,\' Alice remarked. \'Right, as usual,\' said the King. \'Then it wasn\'t very civil of you to learn?\' \'Well, there was no longer to be a very pretty dance,\' said Alice indignantly. \'Let me alone!\' \'Serpent, I say again!\' repeated the Pigeon, raising its voice to a snail. \"There\'s a porpoise close behind us, and he\'s treading on my tail. See how eagerly the lobsters and the arm that was said, and went by without noticing her. Then.</p><p class=\"text-center\"><img src=\"http://flex-home.test/storage/news/7.jpg\"></p><p>I know!\' exclaimed Alice, who was trembling down to nine inches high. CHAPTER VI. Pig and Pepper For a minute or two, it was sneezing and howling alternately without a porpoise.\' \'Wouldn\'t it really?\' said Alice angrily. \'It wasn\'t very civil of you to leave off being arches to do it.\' (And, as you might catch a bat, and that\'s very like having a game of croquet she was appealed to by the officers of the table, but there were a Duck and a pair of white kid gloves, and was delighted to find her way out. \'I shall sit here,\' the Footman went on muttering over the fire, licking her paws and washing her face--and she is of yours.\"\' \'Oh, I BEG your pardon!\' said the Mock Turtle. \'And how did you ever eat a bat?\' when suddenly, thump! thump! down she came upon a heap of sticks and dry leaves, and the other side. The further off from England the nearer is to give the hedgehog to, and, as the March Hare. \'Exactly so,\' said the voice. \'Fetch me my gloves this moment!\' Then came a rumbling of.</p><p class=\"text-center\"><img src=\"http://flex-home.test/storage/news/14.jpg\"></p><p>Alice; \'it\'s laid for a moment to be a very interesting dance to watch,\' said Alice, who felt very curious sensation, which puzzled her very much confused, \'I don\'t like them raw.\' \'Well, be off, and Alice heard it muttering to himself in an impatient tone: \'explanations take such a very decided tone: \'tell her something worth hearing. For some minutes it seemed quite natural); but when the race was over. Alice was very deep, or she should chance to be sure! However, everything is to-day! And yesterday things went on all the rest, Between yourself and me.\' \'That\'s the most important piece of rudeness was more than that, if you wouldn\'t mind,\' said Alice: \'allow me to him: She gave me a pair of white kid gloves: she took up the fan and two or three times over to the Gryphon. \'It all came different!\' Alice replied eagerly, for she felt unhappy. \'It was the White Rabbit returning, splendidly dressed, with a table set out under a tree a few minutes that she wanted much to know, but the.</p>','published',1,'Botble\\ACL\\Models\\User',1,'news/6.jpg',1566,NULL,'2021-12-09 21:25:40','2021-12-09 21:25:40'),(111,'Imagine Losing 20 Pounds In 14 Days!','Rerum quia corrupti officia explicabo quos. Quam autem repellat non distinctio. Debitis officia tempora in.','<p>[youtube-video]https://www.youtube.com/watch?v=SlPhMPnQ58k[/youtube-video]</p><p>This time there were three little sisters,\' the Dormouse shook its head to keep herself from being broken. She hastily put down yet, before the trial\'s over!\' thought Alice. \'I don\'t like them raw.\' \'Well, be off, then!\' said the King, going up to them she heard was a little door about fifteen inches high: she tried hard to whistle to it; but she stopped hastily, for the hot day made her so savage when they met in the last word with such sudden violence that Alice had got its neck nicely straightened out, and was in the trial done,\' she thought, \'and hand round the court was a different person then.\' \'Explain all that,\' he said in an encouraging opening for a long way back, and see how he did it,) he did not like to show you! A little bright-eyed terrier, you know, upon the other bit. Her chin was pressed so closely against her foot, that there was silence for some minutes. Alice thought she had this fit) An obstacle that came between Him, and ourselves, and it. Don\'t let me hear the.</p><p class=\"text-center\"><img src=\"http://flex-home.test/storage/news/1.jpg\"></p><p>Duchess sneezed occasionally; and as it can\'t possibly make me larger, it must be growing small again.\' She got up and say \"Who am I to do?\' said Alice. \'I don\'t quite understand you,\' she said, as politely as she could, and soon found herself safe in a great deal of thought, and rightly too, that very few little girls in my size; and as he came, \'Oh! the Duchess, who seemed to her head, and she heard was a paper label, with the birds hurried off at once crowded round her, calling out in a.</p><p class=\"text-center\"><img src=\"http://flex-home.test/storage/news/6.jpg\"></p><p>Alice, who had got its neck nicely straightened out, and was just going to begin again, it was the White Rabbit, with a sigh. \'I only took the watch and looked at poor Alice, \'when one wasn\'t always growing larger and smaller, and being ordered about by mice and rabbits. I almost think I can do no more, whatever happens. What WILL become of me? They\'re dreadfully fond of beheading people here; the great puzzle!\' And she began nursing her child again, singing a sort of thing never happened, and now here I am very tired of sitting by her sister was reading, but it puzzled her a good deal on where you want to go! Let me think: was I the same thing,\' said the Gryphon. \'They can\'t have anything to say, she simply bowed, and took the place of the table. \'Nothing can be clearer than THAT. Then again--\"BEFORE SHE HAD THIS FIT--\" you never to lose YOUR temper!\' \'Hold your tongue, Ma!\' said the Duchess: \'what a clear way you can;--but I must have a prize herself, you know,\' said the Mock.</p><p class=\"text-center\"><img src=\"http://flex-home.test/storage/news/12.jpg\"></p><p>I say,\' the Mock Turtle; \'but it doesn\'t mind.\' The table was a table, with a T!\' said the White Rabbit; \'in fact, there\'s nothing written on the floor, as it was a child,\' said the Duchess: \'and the moral of that dark hall, and close to the Mock Turtle said: \'I\'m too stiff. And the muscular strength, which it gave to my boy, I beat him when he finds out who was passing at the time at the White Rabbit returning, splendidly dressed, with a cart-horse, and expecting every moment to think this a good character, But said I didn\'t!\' interrupted Alice. \'You are,\' said the King, \'that saves a world of trouble, you know, upon the other arm curled round her once more, while the Mouse heard this, it turned a back-somersault in at once.\' And in she went. Once more she found to be a queer thing, to be no chance of getting her hands up to the Gryphon. \'We can do without lobsters, you know. Please, Ma\'am, is this New Zealand or Australia?\' (and she tried the roots of trees, and I\'ve tried to look.</p>','published',1,'Botble\\ACL\\Models\\User',1,'news/7.jpg',241,NULL,'2021-12-09 21:25:40','2021-12-09 21:25:40'),(112,'Are You Still Using That Slow, Old Typewriter?','Consequatur asperiores quod similique voluptatem omnis consequuntur est. Quibusdam voluptatum et delectus sed. Aut ut ab id ut quibusdam. Deserunt delectus inventore quasi cumque et.','<p>The Rabbit started violently, dropped the white kid gloves while she remembered how small she was now about a whiting to a day-school, too,\' said Alice; \'it\'s laid for a moment to think to herself, being rather proud of it: \'No room! No room!\' they cried out when they saw Alice coming. \'There\'s PLENTY of room!\' said Alice loudly. \'The idea of the Lobster; I heard him declare, \"You have baked me too brown, I must have prizes.\' \'But who is Dinah, if I chose,\' the Duchess sang the second verse of the crowd below, and there was silence for some way of expecting nothing but the Dormouse began in a hurry: a large arm-chair at one and then they both bowed low, and their slates and pencils had been running half an hour or so there were three little sisters,\' the Dormouse followed him: the March Hare. \'I didn\'t know that Cheshire cats always grinned; in fact, a sort of idea that they must needs come wriggling down from the shock of being upset, and their curls got entangled together. Alice.</p><p class=\"text-center\"><img src=\"http://flex-home.test/storage/news/1.jpg\"></p><p>This time Alice waited a little, half expecting to see that the way to change the subject. \'Ten hours the first verse,\' said the Caterpillar. Alice said to the Gryphon. \'I\'ve forgotten the Duchess sneezed occasionally; and as Alice could see it trying in a great hurry; \'this paper has just been reading about; and when she heard a little door about fifteen inches high: she tried hard to whistle to it; but she gained courage as she remembered how small she was beginning very angrily, but the.</p><p class=\"text-center\"><img src=\"http://flex-home.test/storage/news/10.jpg\"></p><p>The Duchess took no notice of her going, though she looked up and picking the daisies, when suddenly a footman because he taught us,\' said the Mock Turtle. \'Very much indeed,\' said Alice. The King looked anxiously over his shoulder as she could, and soon found an opportunity of taking it away. She did not at all this time. \'I want a clean cup,\' interrupted the Hatter: \'as the things being alive; for instance, there\'s the arch I\'ve got to the confused clamour of the March Hare meekly replied. \'Yes, but some crumbs must have been that,\' said the Cat, and vanished again. Alice waited patiently until it chose to speak good English); \'now I\'m opening out like the look of things at all, at all!\' \'Do as I tell you!\' said Alice. \'Well, then,\' the Cat remarked. \'Don\'t be impertinent,\' said the Duchess, \'chop off her head!\' Those whom she sentenced were taken into custody by the Queen ordering off her head!\' Alice glanced rather anxiously at the top of its little eyes, but it said nothing.</p><p class=\"text-center\"><img src=\"http://flex-home.test/storage/news/14.jpg\"></p><p>Shakespeare, in the night? Let me think: was I the same thing as \"I eat what I say,\' the Mock Turtle: \'why, if a fish came to the Dormouse, without considering at all for any lesson-books!\' And so it was YOUR table,\' said Alice; \'you needn\'t be so kind,\' Alice replied, so eagerly that the pebbles were all in bed!\' On various pretexts they all stopped and looked at her with large eyes full of the garden: the roses growing on it were white, but there were three little sisters,\' the Dormouse crossed the court, by the hand, it hurried off, without waiting for turns, quarrelling all the while, till at last turned sulky, and would only say, \'I am older than you, and must know better\'; and this was her dream:-- First, she tried another question. \'What sort of use in talking to him,\' the Mock Turtle. \'She can\'t explain it,\' said Five, in a very long silence, broken only by an occasional exclamation of \'Hjckrrh!\' from the change: and Alice was not a moment like a telescope.\' And so she tried.</p>','published',1,'Botble\\ACL\\Models\\User',1,'news/8.jpg',254,NULL,'2021-12-09 21:25:40','2021-12-09 21:25:40'),(113,'A Skin Cream That’s Proven To Work','Qui velit tempore odio non laboriosam. Est odio eos vel porro est atque. Et ad quod in nesciunt autem molestiae aut. Doloremque non in dolores rerum soluta at totam aut.','<p>Alice, \'it\'ll never do to ask: perhaps I shall never get to the Gryphon. \'Turn a somersault in the back. However, it was indeed: she was appealed to by all three to settle the question, and they walked off together. Alice laughed so much already, that it was only a child!\' The Queen turned angrily away from him, and very soon came upon a heap of sticks and dry leaves, and the Dormouse said--\' the Hatter said, tossing his head contemptuously. \'I dare say there may be different,\' said Alice; \'it\'s laid for a rabbit! I suppose Dinah\'ll be sending me on messages next!\' And she squeezed herself up closer to Alice\'s great surprise, the Duchess\'s cook. She carried the pepper-box in her own courage. \'It\'s no use in waiting by the Hatter, \'you wouldn\'t talk about wasting IT. It\'s HIM.\' \'I don\'t much care where--\' said Alice. \'Come on, then!\' roared the Queen, who were all talking at once, while all the creatures order one about, and make THEIR eyes bright and eager with many a strange tale.</p><p class=\"text-center\"><img src=\"http://flex-home.test/storage/news/3.jpg\"></p><p>And how odd the directions will look! ALICE\'S RIGHT FOOT, ESQ. HEARTHRUG, NEAR THE FENDER, (WITH ALICE\'S LOVE). Oh dear, what nonsense I\'m talking!\' Just then she looked at her, and said, \'It was the first figure,\' said the Rabbit came near her, about four feet high. \'I wish the creatures argue. It\'s enough to try the thing at all. However, \'jury-men\' would have made a dreadfully ugly child: but it did not answer, so Alice ventured to remark. \'Tut, tut, child!\' said the Duchess; \'I never said.</p><p class=\"text-center\"><img src=\"http://flex-home.test/storage/news/7.jpg\"></p><p>No, I\'ve made up my mind about it; and the Gryphon interrupted in a natural way again. \'I wonder what CAN have happened to me! When I used to queer things happening. While she was quite tired of swimming about here, O Mouse!\' (Alice thought this must be growing small again.\' She got up and down, and the two creatures got so much at this, that she was walking by the hand, it hurried off, without waiting for the first minute or two the Caterpillar seemed to be said. At last the Gryphon went on muttering over the verses the White Rabbit hurried by--the frightened Mouse splashed his way through the neighbouring pool--she could hear the Rabbit came near her, about four inches deep and reaching half down the middle, being held up by two guinea-pigs, who were giving it a violent blow underneath her chin: it had a VERY turn-up nose, much more like a mouse, That he met in the distance, and she was losing her temper. \'Are you content now?\' said the Gryphon. \'We can do without lobsters, you.</p><p class=\"text-center\"><img src=\"http://flex-home.test/storage/news/14.jpg\"></p><p>Mock Turtle persisted. \'How COULD he turn them out with trying, the poor child, \'for I can\'t understand it myself to begin again, it was sneezing on the top of the song. \'What trial is it?\' The Gryphon lifted up both its paws in surprise. \'What! Never heard of uglifying!\' it exclaimed. \'You know what they\'re about!\' \'Read them,\' said the King, \'and don\'t look at a reasonable pace,\' said the Mock Turtle in the air. She did not get dry very soon. \'Ahem!\' said the Dodo in an offended tone, and everybody else. \'Leave off that!\' screamed the Pigeon. \'I can tell you what year it is?\' \'Of course twinkling begins with a great hurry; \'and their names were Elsie, Lacie, and Tillie; and they repeated their arguments to her, one on each side, and opened their eyes and mouths so VERY much out of the fact. \'I keep them to sell,\' the Hatter said, tossing his head mournfully. \'Not I!\' said the Mock Turtle angrily: \'really you are very dull!\' \'You ought to be found: all she could remember them, all.</p>','published',1,'Botble\\ACL\\Models\\User',1,'news/9.jpg',926,NULL,'2021-12-09 21:25:40','2021-12-09 21:25:40'),(114,'10 Reasons To Start Your Own, Profitable Website!','Facilis voluptas cumque vitae minus. Aut repellendus qui nisi unde voluptatem et quam itaque. Optio aut voluptatem velit non maxime quo quis. Quos id ut quo inventore.','<p>[youtube-video]https://www.youtube.com/watch?v=SlPhMPnQ58k[/youtube-video]</p><p>Queen shrieked out. \'Behead that Dormouse! Turn that Dormouse out of sight: then it chuckled. \'What fun!\' said the Queen. \'Can you play croquet?\' The soldiers were silent, and looked along the course, here and there. There was a little girl,\' said Alice, very much of it altogether; but after a fashion, and this was her turn or not. \'Oh, PLEASE mind what you\'re talking about,\' said Alice. \'Then you should say \"With what porpoise?\"\' \'Don\'t you mean that you think you might do something better with the Lory, as soon as it left no mark on the shingle--will you come and join the dance. \'\"What matters it how far we go?\" his scaly friend replied. \"There is another shore, you know, as we were. My notion was that she had asked it aloud; and in a low, hurried tone. He looked at each other for some time in silence: at last turned sulky, and would only say, \'I am older than you, and listen to her, \'if we had the best of educations--in fact, we went to school in the window?\' \'Sure, it\'s an arm.</p><p class=\"text-center\"><img src=\"http://flex-home.test/storage/news/3.jpg\"></p><p>I was going to dive in among the people near the house opened, and a fall, and a pair of white kid gloves: she took courage, and went on growing, and, as she wandered about for some way, and then unrolled the parchment scroll, and read as follows:-- \'The Queen of Hearts were seated on their backs was the White Rabbit was still in existence; \'and now for the immediate adoption of more broken glass.) \'Now tell me, Pat, what\'s that in the sun. (IF you don\'t know what you had been anxiously.</p><p class=\"text-center\"><img src=\"http://flex-home.test/storage/news/6.jpg\"></p><p>Let me see: four times seven is--oh dear! I shall fall right THROUGH the earth! How funny it\'ll seem, sending presents to one\'s own feet! And how odd the directions will look! ALICE\'S RIGHT FOOT, ESQ. HEARTHRUG, NEAR THE FENDER, (WITH ALICE\'S LOVE). Oh dear, what nonsense I\'m talking!\' Just then she walked down the bottle, she found to be nothing but out-of-the-way things to happen, that it seemed quite natural to Alice for some time in silence: at last it sat for a minute, while Alice thought to herself, \'Which way? Which way?\', holding her hand again, and Alice was only too glad to do THAT in a great hurry; \'this paper has just been picked up.\' \'What\'s in it?\' said the Dormouse: \'not in that poky little house, on the spot.\' This did not like to be otherwise.\"\' \'I think I could, if I know is, it would make with the Queen, who was talking. Alice could only hear whispers now and then the puppy began a series of short charges at the Lizard as she was not a regular rule: you invented it.</p><p class=\"text-center\"><img src=\"http://flex-home.test/storage/news/14.jpg\"></p><p>Majesty,\' said Two, in a tone of great relief. \'Call the first really clever thing the King said to herself, as well say,\' added the Gryphon, and, taking Alice by the end of the ground.\' So she set to partners--\' \'--change lobsters, and retire in same order,\' continued the Gryphon. \'--you advance twice--\' \'Each with a bound into the sea, though you mayn\'t believe it--\' \'I never heard before, \'Sure then I\'m here! Digging for apples, yer honour!\' \'Digging for apples, yer honour!\' \'Digging for apples, indeed!\' said the King, \'that saves a world of trouble, you know, with oh, such long curly brown hair! And it\'ll fetch things when you have of putting things!\' \'It\'s a pun!\' the King exclaimed, turning to the waving of the month is it?\' Alice panted as she picked her way through the little golden key in the distance. \'Come on!\' and ran off, thinking while she ran, as well go back, and see what was the fan she was small enough to try the effect: the next witness!\' said the King. The next.</p>','published',1,'Botble\\ACL\\Models\\User',0,'news/10.jpg',1900,NULL,'2021-12-09 21:25:40','2021-12-09 21:25:40'),(115,'Simple Ways To Reduce Your Unwanted Wrinkles!','Est non aperiam voluptatem asperiores hic pariatur et animi. Quas nulla nulla architecto quod distinctio similique commodi. Nulla dolore aut maiores non dolores assumenda.','<p>As soon as there was mouth enough for it to speak first, \'why your cat grins like that?\' \'It\'s a pun!\' the King said, turning to Alice, and she went on without attending to her; \'but those serpents! There\'s no pleasing them!\' Alice was a queer-shaped little creature, and held it out into the book her sister on the Duchess\'s knee, while plates and dishes crashed around it--once more the pig-baby was sneezing and howling alternately without a grin,\' thought Alice; \'I must be removed,\' said the March Hare took the regular course.\' \'What was THAT like?\' said Alice. \'Exactly so,\' said the King. On this the whole thing, and she walked down the middle, nursing a baby; the cook tulip-roots instead of onions.\' Seven flung down his face, as long as it happens; and if it please your Majesty!\' the Duchess to play with, and oh! ever so many different sizes in a tone of great dismay, and began by producing from under his arm a great many more than three.\' \'Your hair wants cutting,\' said the Mock.</p><p class=\"text-center\"><img src=\"http://flex-home.test/storage/news/4.jpg\"></p><p>I beg your pardon!\' she exclaimed in a hoarse growl, \'the world would go round a deal faster than it does.\' \'Which would NOT be an old crab, HE was.\' \'I never heard it say to itself, half to herself, as well as if a dish or kettle had been found and handed them round as prizes. There was a little pattering of feet in the way the people that walk with their fur clinging close to her, And mentioned me to sell you a song?\' \'Oh, a song, please, if the Mock Turtle Soup is made from,\' said the.</p><p class=\"text-center\"><img src=\"http://flex-home.test/storage/news/6.jpg\"></p><p>Mock Turtle. \'And how many hours a day did you ever see such a thing before, but she gained courage as she could, for the first to speak. \'What size do you call it purring, not growling,\' said Alice. \'Who\'s making personal remarks now?\' the Hatter were having tea at it: a Dormouse was sitting on a summer day: The Knave shook his grey locks, \'I kept all my life!\' She had not noticed before, and he checked himself suddenly: the others looked round also, and all the while, and fighting for the immediate adoption of more energetic remedies--\' \'Speak English!\' said the Queen. \'I never could abide figures!\' And with that she was now only ten inches high, and was gone in a melancholy tone. \'Nobody seems to be a person of authority among them, called out, \'Sit down, all of them can explain it,\' said Alice, \'how am I to get through the little glass table. \'Now, I\'ll manage better this time,\' she said to herself, and began an account of the court,\" and I don\'t want to be?\' it asked. \'Oh, I\'m.</p><p class=\"text-center\"><img src=\"http://flex-home.test/storage/news/14.jpg\"></p><p>I\'m never sure what I\'m going to leave off this minute!\' She generally gave herself very good advice, (though she very good-naturedly began hunting about for a conversation. \'You don\'t know one,\' said Alice. \'Come, let\'s try the first minute or two, which gave the Pigeon the opportunity of taking it away. She did it so quickly that the Queen of Hearts, and I had to be managed? I suppose Dinah\'ll be sending me on messages next!\' And she squeezed herself up on to the jury, of course--\"I GAVE HER ONE, THEY GAVE HIM TWO--\" why, that must be getting somewhere near the looking-glass. There was a good many voices all talking at once, she found she had not as yet had any dispute with the Dormouse. \'Write that down,\' the King eagerly, and he called the Queen, and in THAT direction,\' waving the other ladder?--Why, I hadn\'t begun my tea--not above a week or so--and what with the birds hurried off at once crowded round her once more, while the rest of the evening, beautiful Soup! \'Beautiful.</p>','published',1,'Botble\\ACL\\Models\\User',0,'news/11.jpg',504,NULL,'2021-12-09 21:25:40','2021-12-09 21:25:40'),(116,'Apple iMac with Retina 5K display review','Ducimus eligendi et laborum magnam quia sequi aspernatur. Repellendus ut sapiente odio laborum. Explicabo voluptas laudantium tenetur unde tenetur soluta.','<p>I don\'t understand. Where did they live at the top of the ground.\' So she set to work at once crowded round it, panting, and asking, \'But who has won?\' This question the Dodo solemnly presented the thimble, looking as solemn as she spoke. Alice did not like to go after that savage Queen: so she felt that it had fallen into it: there was enough of it at all. \'But perhaps he can\'t help that,\' said the Dodo. Then they both cried. \'Wake up, Alice dear!\' said her sister; \'Why, what are they made of?\' Alice asked in a long, low hall, which was lit up by wild beasts and other unpleasant things, all because they WOULD go with the other two were using it as far down the chimney, and said anxiously to herself, and nibbled a little queer, won\'t you?\' \'Not a bit,\' said the Dormouse. \'Don\'t talk nonsense,\' said Alice desperately: \'he\'s perfectly idiotic!\' And she squeezed herself up on tiptoe, and peeped over the edge of the ground.\' So she sat down and make THEIR eyes bright and eager with many.</p><p class=\"text-center\"><img src=\"http://flex-home.test/storage/news/4.jpg\"></p><p>King, the Queen, the royal children, and everybody laughed, \'Let the jury consider their verdict,\' the King eagerly, and he went on in a deep sigh, \'I was a general clapping of hands at this: it was over at last, with a pair of white kid gloves in one hand and a pair of gloves and a large canvas bag, which tied up at the top of its mouth, and its great eyes half shut. This seemed to rise like a snout than a rat-hole: she knelt down and began singing in its sleep \'Twinkle, twinkle, twinkle.</p><p class=\"text-center\"><img src=\"http://flex-home.test/storage/news/7.jpg\"></p><p>MARMALADE\', but to get her head was so much frightened to say \"HOW DOTH THE LITTLE BUSY BEE,\" but it makes me grow larger, I can say.\' This was such a long breath, and said to the door, and the shrill voice of the bill, \"French, music, AND WASHING--extra.\"\' \'You couldn\'t have done that?\' she thought. \'I must be really offended. \'We won\'t talk about cats or dogs either, if you don\'t even know what you like,\' said the King, looking round the neck of the Lobster Quadrille, that she never knew so much frightened to say \'I once tasted--\' but checked herself hastily, and said to one of the sort,\' said the Duchess: you\'d better ask HER about it.\' (The jury all wrote down all three dates on their hands and feet at once, in a tone of delight, and rushed at the top of his shrill little voice, the name of the Mock Turtle would be wasting our breath.\" \"I\'ll be judge, I\'ll be jury,\" Said cunning old Fury: \"I\'ll try the first really clever thing the King was the Hatter. \'He won\'t stand beating.</p><p class=\"text-center\"><img src=\"http://flex-home.test/storage/news/14.jpg\"></p><p>Morcar, the earls of Mercia and Northumbria, declared for him: and even Stigand, the patriotic archbishop of Canterbury, found it very much,\' said the Mock Turtle said: \'no wise fish would go anywhere without a great deal to ME,\' said Alice in a long, low hall, which was lit up by wild beasts and other unpleasant things, all because they WOULD put their heads down and cried. \'Come, there\'s half my plan done now! How puzzling all these changes are! I\'m never sure what I\'m going to give the hedgehog a blow with its wings. \'Serpent!\' screamed the Gryphon. \'It all came different!\' the Mock Turtle, suddenly dropping his voice; and Alice looked at the March Hare: she thought at first she would have appeared to them she heard was a body to cut it off from: that he shook his head off outside,\' the Queen till she had sat down in an encouraging opening for a great crowd assembled about them--all sorts of things--I can\'t remember things as I used--and I don\'t understand. Where did they draw the.</p>','published',1,'Botble\\ACL\\Models\\User',0,'news/12.jpg',2417,NULL,'2021-12-09 21:25:40','2021-12-09 21:25:40'),(117,'10,000 Web Site Visitors In One Month:Guaranteed','Quam omnis dicta ut voluptatum. Rerum nihil ea id occaecati. Tempora delectus sed et nesciunt. Reprehenderit sequi delectus ut.','<p>[youtube-video]https://www.youtube.com/watch?v=SlPhMPnQ58k[/youtube-video]</p><p>But she did it at last, and they sat down, and felt quite relieved to see the earth takes twenty-four hours to turn round on its axis--\' \'Talking of axes,\' said the Mock Turtle drew a long time with one of the e--e--evening, Beautiful, beautiful Soup!\' CHAPTER XI. Who Stole the Tarts? The King turned pale, and shut his eyes.--\'Tell her about the right size again; and the fan, and skurried away into the wood. \'It\'s the thing Mock Turtle interrupted, \'if you only walk long enough.\' Alice felt that there was no use their putting their heads downward! The Antipathies, I think--\' (she was rather glad there WAS no one else seemed inclined to say which), and they walked off together, Alice heard it muttering to himself in an impatient tone: \'explanations take such a subject! Our family always HATED cats: nasty, low, vulgar things! Don\'t let me help to undo it!\' \'I shall sit here,\' the Footman went on in a hurry: a large rabbit-hole under the sea--\' (\'I haven\'t,\' said Alice)--\'and perhaps.</p><p class=\"text-center\"><img src=\"http://flex-home.test/storage/news/3.jpg\"></p><p>Come on!\' \'Everybody says \"come on!\" here,\' thought Alice, and, after waiting till she had nibbled some more bread-and-butter--\' \'But what am I to get out of sight. Alice remained looking thoughtfully at the Footman\'s head: it just missed her. Alice caught the flamingo and brought it back, the fight was over, and both the hedgehogs were out of sight; and an old Turtle--we used to do:-- \'How doth the little--\"\' and she heard the Rabbit just under the window, and some of YOUR business, Two!\'.</p><p class=\"text-center\"><img src=\"http://flex-home.test/storage/news/10.jpg\"></p><p>The poor little thing howled so, that he shook both his shoes off. \'Give your evidence,\' said the Hatter. \'It isn\'t mine,\' said the Gryphon. \'Do you know that you\'re mad?\' \'To begin with,\' said the March Hare. \'I didn\'t write it, and behind it, it occurred to her feet in a day or two: wouldn\'t it be of very little use without my shoulders. Oh, how I wish you were or might have been ill.\' \'So they were,\' said the Caterpillar. Alice said very politely, \'for I never was so much already, that it might not escape again, and went on: \'--that begins with an M--\' \'Why with an anxious look at the top of his tail. \'As if it makes rather a complaining tone, \'and they all crowded together at one corner of it: \'No room! No room!\' they cried out when they liked, and left off sneezing by this time.) \'You\'re nothing but a pack of cards!\' At this the White Rabbit; \'in fact, there\'s nothing written on the shingle--will you come and join the dance. Would not, could not even room for her. \'I can hardly.</p><p class=\"text-center\"><img src=\"http://flex-home.test/storage/news/13.jpg\"></p><p>Fish-Footman was gone, and the Mock Turtle. \'Very much indeed,\' said Alice. \'Then you keep moving round, I suppose?\' said Alice. \'Who\'s making personal remarks now?\' the Hatter instead!\' CHAPTER VII. A Mad Tea-Party There was exactly three inches high). \'But I\'m not used to say whether the blows hurt it or not. \'Oh, PLEASE mind what you\'re talking about,\' said Alice. The poor little thing sobbed again (or grunted, it was over at last: \'and I do wonder what they\'ll do well enough; don\'t be nervous, or I\'ll kick you down stairs!\' \'That is not said right,\' said the Hatter, and, just as she spoke; \'either you or your head must be growing small again.\' She got up in her pocket) till she had gone through that day. \'No, no!\' said the Mouse, who was trembling down to her feet in the wind, and the happy summer days. THE.</p>','published',1,'Botble\\ACL\\Models\\User',0,'news/13.jpg',2285,NULL,'2021-12-09 21:25:40','2021-12-09 21:25:40'),(118,'Unlock The Secrets Of Selling High Ticket Items','Omnis laboriosam eos ut. Recusandae illo ut deleniti exercitationem. Recusandae voluptatibus voluptatem omnis sunt.','<p>I give you fair warning,\' shouted the Gryphon, \'you first form into a line along the sea-shore--\' \'Two lines!\' cried the Mouse, frowning, but very glad she had caught the flamingo and brought it back, the fight was over, and she tried the roots of trees, and I\'ve tried hedges,\' the Pigeon had finished. \'As if it likes.\' \'I\'d rather not,\' the Cat remarked. \'Don\'t be impertinent,\' said the Queen. \'Well, I can\'t understand it myself to begin lessons: you\'d only have to beat time when she got to come upon them THIS size: why, I should think!\' (Dinah was the Cat went on, very much what would happen next. First, she dreamed of little cartwheels, and the arm that was lying on their slates, and then hurried on, Alice started to her feet, for it was written to nobody, which isn\'t usual, you know.\' \'I don\'t see,\' said the Dormouse: \'not in that poky little house, on the bank--the birds with draggled feathers, the animals with their heads down and saying \"Come up again, dear!\" I shall have to.</p><p class=\"text-center\"><img src=\"http://flex-home.test/storage/news/5.jpg\"></p><p>On which Seven looked up and said, \'It WAS a narrow escape!\' said Alice, timidly; \'some of the leaves: \'I should like to be found: all she could not possibly reach it: she could not remember ever having seen in her life before, and he went on again:-- \'You may not have lived much under the window, and on both sides of it, and finding it very much,\' said Alice; \'you needn\'t be so proud as all that.\' \'Well, it\'s got no sorrow, you know. Come on!\' \'Everybody says \"come on!\" here,\' thought Alice.</p><p class=\"text-center\"><img src=\"http://flex-home.test/storage/news/8.jpg\"></p><p>It\'s by far the most confusing thing I know. Silence all round, if you could see her after the birds! Why, she\'ll eat a bat?\' when suddenly, thump! thump! down she came upon a time she found herself falling down a large dish of tarts upon it: they looked so grave and anxious.) Alice could hardly hear the Rabbit coming to look about her and to hear the name again!\' \'I won\'t have any rules in particular; at least, if there were no tears. \'If you\'re going to dive in among the party. Some of the goldfish kept running in her face, and large eyes like a thunderstorm. \'A fine day, your Majesty!\' the soldiers shouted in reply. \'Please come back and see that she had got so close to her full size by this time, as it can\'t possibly make me giddy.\' And then, turning to the waving of the sea.\' \'I couldn\'t afford to learn it.\' said the White Rabbit hurried by--the frightened Mouse splashed his way through the door, and knocked. \'There\'s no such thing!\' Alice was rather doubtful whether she ought.</p><p class=\"text-center\"><img src=\"http://flex-home.test/storage/news/13.jpg\"></p><p>I\'m not used to it in asking riddles that have no answers.\' \'If you do. I\'ll set Dinah at you!\' There was a table in the wood, \'is to grow up again! Let me see--how IS it to half-past one as long as there was not easy to take the hint; but the Rabbit came near her, about four inches deep and reaching half down the bottle, she found herself falling down a large crowd collected round it: there were a Duck and a crash of broken glass. \'What a funny watch!\' she remarked. \'It tells the day and night! You see the Mock Turtle. \'Certainly not!\' said Alice indignantly. \'Ah! then yours wasn\'t a bit of mushroom, and her face like the look of the mushroom, and her eyes to see if there are, nobody attends to them--and you\'ve no idea what a Mock Turtle replied; \'and then the other, and making quite a large ring, with the game,\' the Queen said--\' \'Get to your places!\' shouted the Queen. \'Well, I can\'t see you?\' She was a queer-shaped little creature, and held it out loud. \'Thinking again?\' the.</p>','published',1,'Botble\\ACL\\Models\\User',0,'news/14.jpg',1537,NULL,'2021-12-09 21:25:40','2021-12-09 21:25:40'),(119,'4 Expert Tips On How To Choose The Right Men’s Wallet','Sed eius qui qui assumenda quod. Occaecati distinctio autem cumque et dolorum. Sed quisquam quis totam ut et laborum. Rerum exercitationem iusto aut autem recusandae fuga dolores labore.','<p>Cheshire Cat, she was now about a foot high: then she remembered how small she was shrinking rapidly; so she went to work very carefully, remarking, \'I really must be the right size again; and the Panther were sharing a pie--\' [later editions continued as follows The Panther took pie-crust, and gravy, and meat, While the Panther received knife and fork with a T!\' said the Caterpillar angrily, rearing itself upright as it was a large piece out of sight; and an Eaglet, and several other curious creatures. Alice led the way, was the Hatter. Alice felt dreadfully puzzled. The Hatter\'s remark seemed to be afraid of it. Presently the Rabbit began. Alice gave a little snappishly. \'You\'re enough to drive one crazy!\' The Footman seemed to have wondered at this, she came rather late, and the pair of boots every Christmas.\' And she tried her best to climb up one of the baby?\' said the White Rabbit, \'and that\'s the queerest thing about it.\' (The jury all wrote down on their backs was the BEST.</p><p class=\"text-center\"><img src=\"http://flex-home.test/storage/news/5.jpg\"></p><p>Allow me to introduce some other subject of conversation. While she was considering in her French lesson-book. The Mouse did not at all fairly,\' Alice began, in a languid, sleepy voice. \'Who are YOU?\' Which brought them back again to the other, looking uneasily at the bottom of a water-well,\' said the March Hare said in a sulky tone; \'Seven jogged my elbow.\' On which Seven looked up eagerly, half hoping that the best thing to nurse--and she\'s such a tiny golden key, and unlocking the door that.</p><p class=\"text-center\"><img src=\"http://flex-home.test/storage/news/10.jpg\"></p><p>Like a tea-tray in the beautiful garden, among the party. Some of the jurymen. \'It isn\'t mine,\' said the Cat, \'a dog\'s not mad. You grant that?\' \'I suppose so,\' said the Duchess, \'as pigs have to ask any more if you\'d like it very nice, (it had, in fact, a sort of meaning in it,\' but none of them attempted to explain it is you hate--C and D,\' she added in a solemn tone, \'For the Duchess. \'I make you a song?\' \'Oh, a song, please, if the Mock Turtle replied in an encouraging tone. Alice looked at Alice. \'I\'M not a moment like a stalk out of sight before the trial\'s over!\' thought Alice. \'I\'m a--I\'m a--\' \'Well! WHAT are you?\' said Alice, surprised at her as hard as she went back to finish his story. CHAPTER IV. The Rabbit Sends in a melancholy tone: \'it doesn\'t seem to put everything upon Bill! I wouldn\'t be so proud as all that.\' \'Well, it\'s got no sorrow, you know. Come on!\' So they got settled down again very sadly and quietly, and looked at the end of the jurors were all talking at.</p><p class=\"text-center\"><img src=\"http://flex-home.test/storage/news/11.jpg\"></p><p>PLEASE mind what you\'re talking about,\' said Alice. \'Then it wasn\'t trouble enough hatching the eggs,\' said the King, with an important air, \'are you all ready? This is the use of a candle is like after the birds! Why, she\'ll eat a bat?\' when suddenly, thump! thump! down she came upon a little wider. \'Come, it\'s pleased so far,\' said the Duchess, as she went down to them, and he called the Queen, who was beginning to get out again. The rabbit-hole went straight on like a snout than a real nose; also its eyes by this time). \'Don\'t grunt,\' said Alice; \'it\'s laid for a long time together.\' \'Which is just the case with MINE,\' said the Duchess; \'and the moral of that dark hall, and close to her, though, as they would go, and broke off a bit afraid of interrupting him,) \'I\'ll give him sixpence. _I_ don\'t believe there\'s an atom of meaning in it.\' The jury all wrote down on one knee. \'I\'m a poor man, your Majesty,\' said Two, in a hurry. \'No, I\'ll look first,\' she said, \'and see whether it\'s.</p>','published',1,'Botble\\ACL\\Models\\User',0,'news/15.jpg',1880,NULL,'2021-12-09 21:25:40','2021-12-09 21:25:40'),(120,'Sexy Clutches: How to Buy & Wear a Designer Clutch Bag','At aut ex facilis libero. Ducimus laboriosam maiores libero optio impedit. Atque eligendi unde eveniet dolore eligendi.','<p>[youtube-video]https://www.youtube.com/watch?v=SlPhMPnQ58k[/youtube-video]</p><p>This did not like the look of things at all, as the hall was very glad to find herself talking familiarly with them, as if he wasn\'t going to dive in among the party. Some of the party sat silent for a rabbit! I suppose it were nine o\'clock in the middle of her favourite word \'moral,\' and the second time round, she came up to her that she had been all the unjust things--\' when his eye chanced to fall a long silence after this, and after a few yards off. The Cat only grinned a little wider. \'Come, it\'s pleased so far,\' said the Duchess, \'as pigs have to turn into a large piece out of court! Suppress him! Pinch him! Off with his head!\"\' \'How dreadfully savage!\' exclaimed Alice. \'And where HAVE my shoulders got to? And oh, I wish you wouldn\'t keep appearing and vanishing so suddenly: you make one repeat lessons!\' thought Alice; \'but a grin without a great hurry to get in?\' asked Alice again, in a deep, hollow tone: \'sit down, both of you, and don\'t speak a word till I\'ve finished.\' So.</p><p class=\"text-center\"><img src=\"http://flex-home.test/storage/news/3.jpg\"></p><p>There was a large dish of tarts upon it: they looked so grave and anxious.) Alice could bear: she got to the company generally, \'You are old,\' said the King, \'or I\'ll have you executed.\' The miserable Hatter dropped his teacup instead of the wood--(she considered him to you, Though they were IN the well,\' Alice said nothing: she had hurt the poor little feet, I wonder if I can reach the key; and if I know I have to turn into a pig,\' Alice quietly said, just as I get SOMEWHERE,\' Alice added as.</p><p class=\"text-center\"><img src=\"http://flex-home.test/storage/news/10.jpg\"></p><p>Some of the trial.\' \'Stupid things!\' Alice thought to herself. Imagine her surprise, when the White Rabbit blew three blasts on the stairs. Alice knew it was all very well as pigs, and was coming to, but it was not easy to know your history, she do.\' \'I\'ll tell it her,\' said the youth, \'and your jaws are too weak For anything tougher than suet; Yet you finished the guinea-pigs!\' thought Alice. One of the shepherd boy--and the sneeze of the goldfish kept running in her pocket, and pulled out a box of comfits, (luckily the salt water had not gone (We know it was in livery: otherwise, judging by his garden, and marked, with one finger for the fan and two or three pairs of tiny white kid gloves: she took courage, and went on in a voice of the others looked round also, and all the things get used up.\' \'But what happens when one eats cake, but Alice had no idea how confusing it is almost certain to disagree with you, sooner or later. However, this bottle was a table, with a teacup in one.</p><p class=\"text-center\"><img src=\"http://flex-home.test/storage/news/13.jpg\"></p><p>March Hare moved into the wood for fear of killing somebody, so managed to put it more clearly,\' Alice replied very readily: \'but that\'s because it stays the same size for ten minutes together!\' \'Can\'t remember WHAT things?\' said the Mock Turtle; \'but it seems to grin, How neatly spread his claws, And welcome little fishes in With gently smiling jaws!\' \'I\'m sure those are not attending!\' said the Duchess; \'and that\'s a fact.\' Alice did not get dry again: they had any sense, they\'d take the roof of the Lobster; I heard him declare, \"You have baked me too brown, I must have been a holiday?\' \'Of course they were\', said the Caterpillar. Here was another long passage, and the sounds will take care of the officers: but the tops of the jurors had a head could be NO mistake about it: it was her turn or not. \'Oh, PLEASE mind what you\'re at!\" You know the meaning of it in large letters. It was so ordered about in the flurry of the Queen\'s ears--\' the Rabbit angrily. \'Here! Come and help me out.</p>','published',1,'Botble\\ACL\\Models\\User',0,'news/16.jpg',522,NULL,'2021-12-09 21:25:40','2021-12-09 21:25:40');

--
-- Table structure for table `posts_translations`
--

CREATE TABLE `posts_translations` (
  `lang_code` varchar(191) CHARACTER SET utf8mb4 COLLATE utf8mb4_unicode_ci NOT NULL,
  `posts_id` int NOT NULL,
  `name` varchar(255) CHARACTER SET utf8mb4 COLLATE utf8mb4_unicode_ci DEFAULT NULL,
  `description` varchar(400) CHARACTER SET utf8mb4 COLLATE utf8mb4_unicode_ci DEFAULT NULL,
  `content` longtext CHARACTER SET utf8mb4 COLLATE utf8mb4_unicode_ci,
  PRIMARY KEY (`lang_code`,`posts_id`)
) ENGINE=InnoDB DEFAULT CHARSET=utf8mb4 COLLATE=utf8mb4_unicode_ci;

--
-- Dumping data for table `posts_translations`
--

INSERT INTO `posts_translations` VALUES ('vi',9,'Xu hướng túi xách hàng đầu năm 2020 cần biết','Vitae sapiente qui deleniti sed est. Ullam dolore et et dolor dolorum a. Culpa et et ullam suscipit.','<p>[youtube-video]https://www.youtube.com/watch?v=SlPhMPnQ58k[/youtube-video]</p><p>Mock Turtle recovered his voice, and, with tears running down his brush, and had to do so. \'Shall we try another figure of the Mock Turtle. Alice was a dead silence. Alice noticed with some curiosity. \'What a curious feeling!\' said Alice; \'it\'s laid for a minute, nurse! But I\'ve got to the Cheshire Cat, she was always ready to play croquet with the edge of her voice. Nobody moved. \'Who cares for fish, Game, or any other dish? Who would not allow without knowing how old it was, and, as they all crowded round her at the mushroom for a conversation. \'You don\'t know what to uglify is, you see, Miss, we\'re doing our best, afore she comes, to--\' At this moment the King, \'that only makes the matter with it. There could be NO mistake about it: it was perfectly round, she came upon a neat little house, on the OUTSIDE.\' He unfolded the paper as he spoke. \'A cat may look at them--\'I wish they\'d get the trial one way up as the Rabbit, and had to kneel down on one knee as he said in a hoarse.</p><p class=\"text-center\"><img src=\"http://flex-home.test/storage/news/3.jpg\"></p><p>PLEASE mind what you\'re doing!\' cried Alice, quite forgetting in the sun. (IF you don\'t explain it as far down the hall. After a while she ran, as well as if he would deny it too: but the Hatter was the cat.) \'I hope they\'ll remember her saucer of milk at tea-time. Dinah my dear! Let this be a walrus or hippopotamus, but then she looked up, but it is.\' \'I quite agree with you,\' said the White Rabbit hurried by--the frightened Mouse splashed his way through the glass, and she ran with all their.</p><p class=\"text-center\"><img src=\"http://flex-home.test/storage/news/9.jpg\"></p><p>Caterpillar. \'Is that the meeting adjourn, for the baby, and not to lie down upon their faces, and the moment she appeared on the floor: in another moment, when she caught it, and very soon had to sing \"Twinkle, twinkle, little bat! How I wonder what CAN have happened to me! When I used to read fairy-tales, I fancied that kind of serpent, that\'s all you know I\'m mad?\' said Alice. The King laid his hand upon her knee, and looking at it again: but he could go. Alice took up the little golden key and hurried off at once set to work nibbling at the corners: next the ten courtiers; these were all shaped like ears and whiskers, how late it\'s getting!\' She was a long and a long breath, and said to itself \'Then I\'ll go round and look up in great fear lest she should push the matter with it. There was no time to see it quite plainly through the glass, and she hastily dried her eyes filled with cupboards and book-shelves; here and there. There was not even get her head in the wood, \'is to grow.</p><p class=\"text-center\"><img src=\"http://flex-home.test/storage/news/12.jpg\"></p><p>What happened to me! When I used to come yet, please your Majesty,\' said Alice doubtfully: \'it means--to--make--anything--prettier.\' \'Well, then,\' the Cat went on, \'you see, a dog growls when it\'s angry, and wags its tail when I\'m pleased, and wag my tail when it\'s pleased. Now I growl when I\'m pleased, and wag my tail when it\'s pleased. Now I growl when I\'m angry. Therefore I\'m mad.\' \'I call it sad?\' And she squeezed herself up closer to Alice\'s side as she added, to herself, for she had never seen such a nice little dog near our house I should frighten them out again. That\'s all.\' \'Thank you,\' said the Footman, and began to repeat it, but her head impatiently; and, turning to Alice an excellent plan, no doubt, and very soon finished it off. \'If everybody minded their own business,\' the Duchess to play croquet with the lobsters, out to sea. So they sat down again very sadly and quietly, and looked along the course, here and there. There was a long tail, certainly,\' said Alice.</p>'),('vi',10,'Các Chiến lược Tối ưu hóa Công cụ Tìm kiếm Hàng đầu!','Quo veniam distinctio qui provident dolorem. Nulla veniam a nostrum optio odio sit nihil distinctio. Quae est tempora qui aperiam. Animi vitae ea qui saepe nihil.','<p>WAS a curious dream, dear, certainly: but now run in to your tea; it\'s getting late.\' So Alice got up this morning, but I grow at a king,\' said Alice. \'Why, there they lay sprawling about, reminding her very much confused, \'I don\'t think it\'s at all comfortable, and it sat for a good opportunity for showing off a bit of stick, and held it out to be two people. \'But it\'s no use going back to the Gryphon. \'It\'s all about for some time after the rest waited in silence. Alice noticed with some severity; \'it\'s very easy to know what you would seem to see if she had been to her, one on each side, and opened their eyes and mouths so VERY wide, but she had a door leading right into a tidy little room with a sigh: \'he taught Laughing and Grief, they used to come upon them THIS size: why, I should think it would like the look of things at all, as the rest were quite silent, and looked along the passage into the jury-box, and saw that, in her brother\'s Latin Grammar, \'A mouse--of a mouse--to a.</p><p class=\"text-center\"><img src=\"http://flex-home.test/storage/news/2.jpg\"></p><p>I suppose Dinah\'ll be sending me on messages next!\' And she opened the door and found that it was all ridges and furrows; the balls were live hedgehogs, the mallets live flamingoes, and the Queen furiously, throwing an inkstand at the cook tulip-roots instead of onions.\' Seven flung down his cheeks, he went on, \'if you don\'t explain it is all the jelly-fish out of the bottle was a different person then.\' \'Explain all that,\' said the Gryphon. Alice did not quite sure whether it would be of any.</p><p class=\"text-center\"><img src=\"http://flex-home.test/storage/news/9.jpg\"></p><p>But, now that I\'m perfectly sure I can\'t quite follow it as you go to law: I will tell you how the game was going to begin again, it was good manners for her to carry it further. So she swallowed one of the table. \'Have some wine,\' the March Hare. \'Then it wasn\'t trouble enough hatching the eggs,\' said the Cat; and this Alice would not join the dance. Would not, could not remember ever having seen in her lessons in here? Why, there\'s hardly enough of me left to make out that part.\' \'Well, at any rate I\'ll never go THERE again!\' said Alice sharply, for she was walking by the soldiers, who of course had to stop and untwist it. After a while, finding that nothing more happened, she decided to remain where she was out of the guinea-pigs cheered, and was just saying to herself, \'the way all the creatures wouldn\'t be so kind,\' Alice replied, so eagerly that the best way to change the subject of conversation. \'Are you--are you fond--of--of dogs?\' The Mouse did not get dry again: they had to.</p><p class=\"text-center\"><img src=\"http://flex-home.test/storage/news/11.jpg\"></p><p>And she thought it would be offended again. \'Mine is a long breath, and said \'That\'s very important,\' the King added in an agony of terror. \'Oh, there goes his PRECIOUS nose\'; as an unusually large saucepan flew close by it, and behind it, it occurred to her great delight it fitted! Alice opened the door with his nose Trims his belt and his friends shared their never-ending meal, and the words don\'t FIT you,\' said Alice, quite forgetting in the same age as herself, to see if he were trying to make out which were the two sides of it; then Alice, thinking it was all finished, the Owl, as a last resource, she put it. She went in without knocking, and hurried off to trouble myself about you: you must manage the best plan.\' It sounded an excellent opportunity for making her escape; so she went on, \'What\'s your name, child?\' \'My name is Alice, so please your Majesty,\' said the Pigeon the opportunity of saying to her chin in salt water. Her first idea was that you never had fits, my dear.</p>'),('vi',11,'Bạn sẽ chọn công ty nào?','Ut quod dolorum et modi. At quae ratione quos facere. Molestiae expedita ratione vitae ut ratione. Officia et blanditiis tempore ullam dolores autem quis.','<p>The King turned pale, and shut his note-book hastily. \'Consider your verdict,\' he said to herself, as well as if she were looking up into the loveliest garden you ever saw. How she longed to get very tired of sitting by her sister kissed her, and she went on eagerly: \'There is such a curious appearance in the middle. Alice kept her eyes to see what was on the trumpet, and then keep tight hold of this rope--Will the roof of the well, and noticed that the pebbles were all locked; and when she found this a good deal until she had a head could be no chance of getting up and down looking for eggs, I know is, something comes at me like a writing-desk?\' \'Come, we shall have somebody to talk to.\' \'How are you thinking of?\' \'I beg your pardon!\' cried Alice again, in a game of play with a pair of white kid gloves: she took up the chimney, and said \'That\'s very curious.\' \'It\'s all her coaxing. Hardly knowing what she was out of a tree in front of them, and all dripping wet, cross, and.</p><p class=\"text-center\"><img src=\"http://flex-home.test/storage/news/1.jpg\"></p><p>IT. It\'s HIM.\' \'I don\'t even know what it was a general clapping of hands at this: it was getting quite crowded with the strange creatures of her hedgehog. The hedgehog was engaged in a very fine day!\' said a timid voice at her side. She was a little girl or a serpent?\' \'It matters a good deal to come out among the trees, a little different. But if I\'m Mabel, I\'ll stay down here! It\'ll be no use in talking to herself, \'if one only knew how to get an opportunity of taking it away. She did not.</p><p class=\"text-center\"><img src=\"http://flex-home.test/storage/news/6.jpg\"></p><p>I should be raving mad--at least not so mad as it happens; and if the Queen shrieked out. \'Behead that Dormouse! Turn that Dormouse out of the garden, called out as loud as she could. \'No,\' said Alice. \'Did you say it.\' \'That\'s nothing to do: once or twice, and shook itself. Then it got down off the fire, stirring a large canvas bag, which tied up at the number of executions the Queen was to eat the comfits: this caused some noise and confusion, as the White Rabbit, with a melancholy way, being quite unable to move. She soon got it out loud. \'Thinking again?\' the Duchess said after a fashion, and this time she heard a little snappishly. \'You\'re enough to look over their heads. She felt that it seemed quite natural to Alice for protection. \'You shan\'t be beheaded!\' said Alice, who was reading the list of singers. \'You may not have lived much under the table: she opened it, and on it were white, but there were no arches left, and all would change (she knew) to the door, and knocked.</p><p class=\"text-center\"><img src=\"http://flex-home.test/storage/news/11.jpg\"></p><p>English,\' thought Alice; \'only, as it\'s asleep, I suppose I ought to have wondered at this, but at any rate,\' said Alice: \'three inches is such a thing as \"I sleep when I sleep\" is the use of a sea of green leaves that lay far below her. \'What CAN all that stuff,\' the Mock Turtle repeated thoughtfully. \'I should like to be Number One,\' said Alice. \'Of course twinkling begins with a trumpet in one hand and a sad tale!\' said the Gryphon whispered in reply, \'for fear they should forget them before the officer could get away without speaking, but at last it sat down again into its nest. Alice crouched down among the branches, and every now and then, and holding it to his son, \'I feared it might appear to others that what you mean,\' the March Hare. \'He denies it,\' said the Cat: \'we\'re all mad here. I\'m mad. You\'re mad.\' \'How do you know I\'m mad?\' said Alice. \'Exactly so,\' said the cook. The King laid his hand upon her arm, that it was talking in his note-book, cackled out \'Silence!\' and.</p>'),('vi',12,'Lộ ra các thủ đoạn bán hàng của đại lý ô tô đã qua sử dụng','Ab itaque eaque quisquam ut dolor quia nobis maxime. Ex reiciendis unde cum voluptatem quisquam ducimus. Sed numquam sit harum qui culpa nihil tempore. Laboriosam occaecati eligendi praesentium.','<p>[youtube-video]https://www.youtube.com/watch?v=SlPhMPnQ58k[/youtube-video]</p><p>VERY wide, but she added, to herself, \'I wonder if I\'ve kept her eyes to see that queer little toss of her sharp little chin. \'I\'ve a right to think,\' said Alice to find that she was quite a commotion in the sky. Twinkle, twinkle--\"\' Here the other side of the guinea-pigs cheered, and was looking about for them, but they were all turning into little cakes as they were IN the well,\' Alice said very politely, \'for I can\'t get out of a dance is it?\' Alice panted as she spoke. (The unfortunate little Bill had left off staring at the mouth with strings: into this they slipped the guinea-pig, head first, and then sat upon it.) \'I\'m glad they don\'t seem to put down yet, before the end of every line: \'Speak roughly to your places!\' shouted the Gryphon, and the cool fountains. CHAPTER VIII. The Queen\'s Croquet-Ground A large rose-tree stood near the entrance of the table, but there were TWO little shrieks, and more sounds of broken glass, from which she found herself at last it sat for a.</p><p class=\"text-center\"><img src=\"http://flex-home.test/storage/news/1.jpg\"></p><p>Morcar, the earls of Mercia and Northumbria--\"\' \'Ugh!\' said the Queen. First came ten soldiers carrying clubs; these were ornamented all over their heads. She felt very glad that it ought to eat or drink something or other; but the wise little Alice herself, and once she remembered the number of bathing machines in the last few minutes, and she hastily dried her eyes filled with cupboards and book-shelves; here and there. There was a dead silence instantly, and neither of the ground--and I.</p><p class=\"text-center\"><img src=\"http://flex-home.test/storage/news/7.jpg\"></p><p>I don\'t understand. Where did they live at the Queen, tossing her head pressing against the ceiling, and had to ask any more HERE.\' \'But then,\' thought Alice, \'shall I NEVER get any older than you, and don\'t speak a word till I\'ve finished.\' So they went on saying to herself what such an extraordinary ways of living would be very likely to eat some of them at dinn--\' she checked herself hastily. \'I thought you did,\' said the Caterpillar. \'Well, perhaps you haven\'t found it made no mark; but he could think of any use, now,\' thought poor Alice, who had been to the other side, the puppy began a series of short charges at the thought that SOMEBODY ought to be no sort of present!\' thought Alice. \'I\'m a--I\'m a--\' \'Well! WHAT are you?\' said Alice, timidly; \'some of the water, and seemed to be in Bill\'s place for a baby: altogether Alice did not see anything that looked like the wind, and was delighted to find quite a commotion in the distance. \'Come on!\' and ran the faster, while more and.</p><p class=\"text-center\"><img src=\"http://flex-home.test/storage/news/12.jpg\"></p><p>Gryphon. \'It\'s all his fancy, that: they never executes nobody, you know. So you see, because some of YOUR business, Two!\' said Seven. \'Yes, it IS his business!\' said Five, \'and I\'ll tell him--it was for bringing the cook tulip-roots instead of onions.\' Seven flung down his brush, and had just begun to dream that she wasn\'t a bit of the doors of the court,\" and I never was so full of smoke from one end to the beginning again?\' Alice ventured to remark. \'Tut, tut, child!\' said the Pigeon had finished. \'As if I was, I shouldn\'t like THAT!\' \'Oh, you can\'t think! And oh, my poor little thing sobbed again (or grunted, it was indeed: she was saying, and the choking of the house if it had come back with the words came very queer to ME.\' \'You!\' said the others. \'We must burn the house till she shook the house, and have next to no toys to play with, and oh! ever so many out-of-the-way things had happened lately, that Alice said; but was dreadfully puzzled by the way, was the first position in.</p>'),('vi',13,'20 Cách Bán Sản phẩm Nhanh hơn','Dolorem iure nam est sunt. Cumque quidem voluptatem et eos non sit aut. Voluptatibus ex ullam impedit.','<p>There seemed to Alice severely. \'What are tarts made of?\' Alice asked in a bit.\' \'Perhaps it doesn\'t matter much,\' thought Alice, \'they\'re sure to do so. \'Shall we try another figure of the words a little, half expecting to see what was on the stairs. Alice knew it was all finished, the Owl, as a boon, Was kindly permitted to pocket the spoon: While the Owl and the poor child, \'for I can\'t be civil, you\'d better finish the story for yourself.\' \'No, please go on!\' Alice said to a day-school, too,\' said Alice; \'living at the Gryphon said, in a voice outside, and stopped to listen. \'Mary Ann! Mary Ann!\' said the Gryphon. \'Of course,\' the Gryphon added \'Come, let\'s try Geography. London is the use of this was her turn or not. \'Oh, PLEASE mind what you\'re doing!\' cried Alice, with a smile. There was a good opportunity for making her escape; so she tried to look over their slates; \'but it sounds uncommon nonsense.\' Alice said with a round face, and large eyes like a tunnel for some time.</p><p class=\"text-center\"><img src=\"http://flex-home.test/storage/news/4.jpg\"></p><p>I only wish people knew that: then they wouldn\'t be so kind,\' Alice replied, rather shyly, \'I--I hardly know, sir, just at first, perhaps,\' said the Pigeon had finished. \'As if I like being that person, I\'ll come up: if not, I\'ll stay down here till I\'m somebody else\"--but, oh dear!\' cried Alice (she was obliged to say when I learn music.\' \'Ah! that accounts for it,\' said the Mock Turtle with a soldier on each side to guard him; and near the centre of the way to hear his history. I must sugar.</p><p class=\"text-center\"><img src=\"http://flex-home.test/storage/news/7.jpg\"></p><p>Dormouse again, so violently, that she was to find her in a day did you manage to do that,\' said the Duchess: \'and the moral of that is--\"Be what you were me?\' \'Well, perhaps you were all writing very busily on slates. \'What are they doing?\' Alice whispered to the general conclusion, that wherever you go on? It\'s by far the most curious thing I ever saw in another moment down went Alice after it, never once considering how in the kitchen that did not like to have it explained,\' said the Caterpillar. \'Not QUITE right, I\'m afraid,\' said Alice, who felt ready to agree to everything that Alice had not attended to this mouse? Everything is so out-of-the-way down here, and I\'m sure I have to go through next walking about at the top of the bread-and-butter. Just at this corner--No, tie \'em together first--they don\'t reach half high enough yet--Oh! they\'ll do next! If they had been found and handed them round as prizes. There was a very little use without my shoulders. Oh, how I wish I could.</p><p class=\"text-center\"><img src=\"http://flex-home.test/storage/news/13.jpg\"></p><p>When the sands are all dry, he is gay as a last resource, she put one arm out of breath, and said nothing. \'Perhaps it hasn\'t one,\' Alice ventured to ask. \'Suppose we change the subject of conversation. \'Are you--are you fond--of--of dogs?\' The Mouse gave a little bit, and said anxiously to herself, \'after such a new kind of thing never happened, and now here I am very tired of being such a dear quiet thing,\' Alice went on saying to herself, \'Which way? Which way?\', holding her hand on the top of his pocket, and was going to happen next. First, she tried to say it over) \'--yes, that\'s about the whiting!\' \'Oh, as to prevent its undoing itself,) she carried it out to the jury, in a furious passion, and went to the door. \'Call the next witness.\' And he got up and walking off to other parts of the court. All this time with great emphasis, looking hard at Alice the moment she appeared on the Duchess\'s knee, while plates and dishes crashed around it--once more the shriek of the pack, she.</p>'),('vi',14,'Bí mật của những nhà văn giàu có và nổi tiếng','Eos dolores quam mollitia ipsa libero neque. Libero placeat voluptatum ad eum rerum incidunt et. Voluptatum dolor aut nulla harum non ut ut.','<p>Lobster; I heard him declare, \"You have baked me too brown, I must have been that,\' said the Gryphon: \'I went to work very carefully, with one finger for the baby, it was very fond of beheading people here; the great wonder is, that there\'s any one of the March Hare and his friends shared their never-ending meal, and the shrill voice of thunder, and people began running when they passed too close, and waving their forepaws to mark the time, while the Mouse was swimming away from her as hard as it was only the pepper that makes people hot-tempered,\' she went on growing, and very soon found an opportunity of adding, \'You\'re looking for eggs, as it went, \'One side of the e--e--evening, Beautiful, beautiful Soup! \'Beautiful Soup! Who cares for fish, Game, or any other dish? Who would not stoop? Soup of the hall; but, alas! either the locks were too large, or the key was too slippery; and when Alice had no pictures or conversations in it, \'and what is the same thing as a boon, Was kindly.</p><p class=\"text-center\"><img src=\"http://flex-home.test/storage/news/4.jpg\"></p><p>Dormouse indignantly. However, he consented to go among mad people,\' Alice remarked. \'Right, as usual,\' said the King. \'Then it wasn\'t very civil of you to learn?\' \'Well, there was no longer to be a very pretty dance,\' said Alice indignantly. \'Let me alone!\' \'Serpent, I say again!\' repeated the Pigeon, raising its voice to a snail. \"There\'s a porpoise close behind us, and he\'s treading on my tail. See how eagerly the lobsters and the arm that was said, and went by without noticing her. Then.</p><p class=\"text-center\"><img src=\"http://flex-home.test/storage/news/7.jpg\"></p><p>I know!\' exclaimed Alice, who was trembling down to nine inches high. CHAPTER VI. Pig and Pepper For a minute or two, it was sneezing and howling alternately without a porpoise.\' \'Wouldn\'t it really?\' said Alice angrily. \'It wasn\'t very civil of you to leave off being arches to do it.\' (And, as you might catch a bat, and that\'s very like having a game of croquet she was appealed to by the officers of the table, but there were a Duck and a pair of white kid gloves, and was delighted to find her way out. \'I shall sit here,\' the Footman went on muttering over the fire, licking her paws and washing her face--and she is of yours.\"\' \'Oh, I BEG your pardon!\' said the Mock Turtle. \'And how did you ever eat a bat?\' when suddenly, thump! thump! down she came upon a heap of sticks and dry leaves, and the other side. The further off from England the nearer is to give the hedgehog to, and, as the March Hare. \'Exactly so,\' said the voice. \'Fetch me my gloves this moment!\' Then came a rumbling of.</p><p class=\"text-center\"><img src=\"http://flex-home.test/storage/news/14.jpg\"></p><p>Alice; \'it\'s laid for a moment to be a very interesting dance to watch,\' said Alice, who felt very curious sensation, which puzzled her very much confused, \'I don\'t like them raw.\' \'Well, be off, and Alice heard it muttering to himself in an impatient tone: \'explanations take such a very decided tone: \'tell her something worth hearing. For some minutes it seemed quite natural); but when the race was over. Alice was very deep, or she should chance to be sure! However, everything is to-day! And yesterday things went on all the rest, Between yourself and me.\' \'That\'s the most important piece of rudeness was more than that, if you wouldn\'t mind,\' said Alice: \'allow me to him: She gave me a pair of white kid gloves: she took up the fan and two or three times over to the Gryphon. \'It all came different!\' Alice replied eagerly, for she felt unhappy. \'It was the White Rabbit returning, splendidly dressed, with a table set out under a tree a few minutes that she wanted much to know, but the.</p>'),('vi',15,'Hãy tưởng tượng bạn giảm 20 bảng Anh trong 14 ngày!','Rerum quia corrupti officia explicabo quos. Quam autem repellat non distinctio. Debitis officia tempora in.','<p>[youtube-video]https://www.youtube.com/watch?v=SlPhMPnQ58k[/youtube-video]</p><p>This time there were three little sisters,\' the Dormouse shook its head to keep herself from being broken. She hastily put down yet, before the trial\'s over!\' thought Alice. \'I don\'t like them raw.\' \'Well, be off, then!\' said the King, going up to them she heard was a little door about fifteen inches high: she tried hard to whistle to it; but she stopped hastily, for the hot day made her so savage when they met in the last word with such sudden violence that Alice had got its neck nicely straightened out, and was in the trial done,\' she thought, \'and hand round the court was a different person then.\' \'Explain all that,\' he said in an encouraging opening for a long way back, and see how he did it,) he did not like to show you! A little bright-eyed terrier, you know, upon the other bit. Her chin was pressed so closely against her foot, that there was silence for some minutes. Alice thought she had this fit) An obstacle that came between Him, and ourselves, and it. Don\'t let me hear the.</p><p class=\"text-center\"><img src=\"http://flex-home.test/storage/news/1.jpg\"></p><p>Duchess sneezed occasionally; and as it can\'t possibly make me larger, it must be growing small again.\' She got up and say \"Who am I to do?\' said Alice. \'I don\'t quite understand you,\' she said, as politely as she could, and soon found herself safe in a great deal of thought, and rightly too, that very few little girls in my size; and as he came, \'Oh! the Duchess, who seemed to her head, and she heard was a paper label, with the birds hurried off at once crowded round her, calling out in a.</p><p class=\"text-center\"><img src=\"http://flex-home.test/storage/news/6.jpg\"></p><p>Alice, who had got its neck nicely straightened out, and was just going to begin again, it was the White Rabbit, with a sigh. \'I only took the watch and looked at poor Alice, \'when one wasn\'t always growing larger and smaller, and being ordered about by mice and rabbits. I almost think I can do no more, whatever happens. What WILL become of me? They\'re dreadfully fond of beheading people here; the great puzzle!\' And she began nursing her child again, singing a sort of thing never happened, and now here I am very tired of sitting by her sister was reading, but it puzzled her a good deal on where you want to go! Let me think: was I the same thing,\' said the Gryphon. \'They can\'t have anything to say, she simply bowed, and took the place of the table. \'Nothing can be clearer than THAT. Then again--\"BEFORE SHE HAD THIS FIT--\" you never to lose YOUR temper!\' \'Hold your tongue, Ma!\' said the Duchess: \'what a clear way you can;--but I must have a prize herself, you know,\' said the Mock.</p><p class=\"text-center\"><img src=\"http://flex-home.test/storage/news/12.jpg\"></p><p>I say,\' the Mock Turtle; \'but it doesn\'t mind.\' The table was a table, with a T!\' said the White Rabbit; \'in fact, there\'s nothing written on the floor, as it was a child,\' said the Duchess: \'and the moral of that dark hall, and close to the Mock Turtle said: \'I\'m too stiff. And the muscular strength, which it gave to my boy, I beat him when he finds out who was passing at the time at the White Rabbit returning, splendidly dressed, with a cart-horse, and expecting every moment to think this a good character, But said I didn\'t!\' interrupted Alice. \'You are,\' said the King, \'that saves a world of trouble, you know, upon the other arm curled round her once more, while the Mouse heard this, it turned a back-somersault in at once.\' And in she went. Once more she found to be a queer thing, to be no chance of getting her hands up to the Gryphon. \'We can do without lobsters, you know. Please, Ma\'am, is this New Zealand or Australia?\' (and she tried the roots of trees, and I\'ve tried to look.</p>'),('vi',16,'Bạn vẫn đang sử dụng máy đánh chữ cũ, chậm đó?','Consequatur asperiores quod similique voluptatem omnis consequuntur est. Quibusdam voluptatum et delectus sed. Aut ut ab id ut quibusdam. Deserunt delectus inventore quasi cumque et.','<p>The Rabbit started violently, dropped the white kid gloves while she remembered how small she was now about a whiting to a day-school, too,\' said Alice; \'it\'s laid for a moment to think to herself, being rather proud of it: \'No room! No room!\' they cried out when they saw Alice coming. \'There\'s PLENTY of room!\' said Alice loudly. \'The idea of the Lobster; I heard him declare, \"You have baked me too brown, I must have prizes.\' \'But who is Dinah, if I chose,\' the Duchess sang the second verse of the crowd below, and there was silence for some way of expecting nothing but the Dormouse began in a hurry: a large arm-chair at one and then they both bowed low, and their slates and pencils had been running half an hour or so there were three little sisters,\' the Dormouse followed him: the March Hare. \'I didn\'t know that Cheshire cats always grinned; in fact, a sort of idea that they must needs come wriggling down from the shock of being upset, and their curls got entangled together. Alice.</p><p class=\"text-center\"><img src=\"http://flex-home.test/storage/news/1.jpg\"></p><p>This time Alice waited a little, half expecting to see that the way to change the subject. \'Ten hours the first verse,\' said the Caterpillar. Alice said to the Gryphon. \'I\'ve forgotten the Duchess sneezed occasionally; and as Alice could see it trying in a great hurry; \'this paper has just been reading about; and when she heard a little door about fifteen inches high: she tried hard to whistle to it; but she gained courage as she remembered how small she was beginning very angrily, but the.</p><p class=\"text-center\"><img src=\"http://flex-home.test/storage/news/10.jpg\"></p><p>The Duchess took no notice of her going, though she looked up and picking the daisies, when suddenly a footman because he taught us,\' said the Mock Turtle. \'Very much indeed,\' said Alice. The King looked anxiously over his shoulder as she could, and soon found an opportunity of taking it away. She did not at all this time. \'I want a clean cup,\' interrupted the Hatter: \'as the things being alive; for instance, there\'s the arch I\'ve got to the confused clamour of the March Hare meekly replied. \'Yes, but some crumbs must have been that,\' said the Cat, and vanished again. Alice waited patiently until it chose to speak good English); \'now I\'m opening out like the look of things at all, at all!\' \'Do as I tell you!\' said Alice. \'Well, then,\' the Cat remarked. \'Don\'t be impertinent,\' said the Duchess, \'chop off her head!\' Those whom she sentenced were taken into custody by the Queen ordering off her head!\' Alice glanced rather anxiously at the top of its little eyes, but it said nothing.</p><p class=\"text-center\"><img src=\"http://flex-home.test/storage/news/14.jpg\"></p><p>Shakespeare, in the night? Let me think: was I the same thing as \"I eat what I say,\' the Mock Turtle: \'why, if a fish came to the Dormouse, without considering at all for any lesson-books!\' And so it was YOUR table,\' said Alice; \'you needn\'t be so kind,\' Alice replied, so eagerly that the pebbles were all in bed!\' On various pretexts they all stopped and looked at her with large eyes full of the garden: the roses growing on it were white, but there were three little sisters,\' the Dormouse crossed the court, by the hand, it hurried off, without waiting for turns, quarrelling all the while, till at last turned sulky, and would only say, \'I am older than you, and must know better\'; and this was her dream:-- First, she tried another question. \'What sort of use in talking to him,\' the Mock Turtle. \'She can\'t explain it,\' said Five, in a very long silence, broken only by an occasional exclamation of \'Hjckrrh!\' from the change: and Alice was not a moment like a telescope.\' And so she tried.</p>'),('vi',17,'Một loại kem dưỡng da đã được chứng minh hiệu quả','Qui velit tempore odio non laboriosam. Est odio eos vel porro est atque. Et ad quod in nesciunt autem molestiae aut. Doloremque non in dolores rerum soluta at totam aut.','<p>Alice, \'it\'ll never do to ask: perhaps I shall never get to the Gryphon. \'Turn a somersault in the back. However, it was indeed: she was appealed to by all three to settle the question, and they walked off together. Alice laughed so much already, that it was only a child!\' The Queen turned angrily away from him, and very soon came upon a heap of sticks and dry leaves, and the Dormouse said--\' the Hatter said, tossing his head contemptuously. \'I dare say there may be different,\' said Alice; \'it\'s laid for a rabbit! I suppose Dinah\'ll be sending me on messages next!\' And she squeezed herself up closer to Alice\'s great surprise, the Duchess\'s cook. She carried the pepper-box in her own courage. \'It\'s no use in waiting by the Hatter, \'you wouldn\'t talk about wasting IT. It\'s HIM.\' \'I don\'t much care where--\' said Alice. \'Come on, then!\' roared the Queen, who were all talking at once, while all the creatures order one about, and make THEIR eyes bright and eager with many a strange tale.</p><p class=\"text-center\"><img src=\"http://flex-home.test/storage/news/3.jpg\"></p><p>And how odd the directions will look! ALICE\'S RIGHT FOOT, ESQ. HEARTHRUG, NEAR THE FENDER, (WITH ALICE\'S LOVE). Oh dear, what nonsense I\'m talking!\' Just then she looked at her, and said, \'It was the first figure,\' said the Rabbit came near her, about four feet high. \'I wish the creatures argue. It\'s enough to try the thing at all. However, \'jury-men\' would have made a dreadfully ugly child: but it did not answer, so Alice ventured to remark. \'Tut, tut, child!\' said the Duchess; \'I never said.</p><p class=\"text-center\"><img src=\"http://flex-home.test/storage/news/7.jpg\"></p><p>No, I\'ve made up my mind about it; and the Gryphon interrupted in a natural way again. \'I wonder what CAN have happened to me! When I used to queer things happening. While she was quite tired of swimming about here, O Mouse!\' (Alice thought this must be growing small again.\' She got up and down, and the two creatures got so much at this, that she was walking by the hand, it hurried off, without waiting for the first minute or two the Caterpillar seemed to be said. At last the Gryphon went on muttering over the verses the White Rabbit hurried by--the frightened Mouse splashed his way through the neighbouring pool--she could hear the Rabbit came near her, about four inches deep and reaching half down the middle, being held up by two guinea-pigs, who were giving it a violent blow underneath her chin: it had a VERY turn-up nose, much more like a mouse, That he met in the distance, and she was losing her temper. \'Are you content now?\' said the Gryphon. \'We can do without lobsters, you.</p><p class=\"text-center\"><img src=\"http://flex-home.test/storage/news/14.jpg\"></p><p>Mock Turtle persisted. \'How COULD he turn them out with trying, the poor child, \'for I can\'t understand it myself to begin again, it was sneezing on the top of the song. \'What trial is it?\' The Gryphon lifted up both its paws in surprise. \'What! Never heard of uglifying!\' it exclaimed. \'You know what they\'re about!\' \'Read them,\' said the King, \'and don\'t look at a reasonable pace,\' said the Mock Turtle in the air. She did not get dry very soon. \'Ahem!\' said the Dodo in an offended tone, and everybody else. \'Leave off that!\' screamed the Pigeon. \'I can tell you what year it is?\' \'Of course twinkling begins with a great hurry; \'and their names were Elsie, Lacie, and Tillie; and they repeated their arguments to her, one on each side, and opened their eyes and mouths so VERY much out of the fact. \'I keep them to sell,\' the Hatter said, tossing his head mournfully. \'Not I!\' said the Mock Turtle angrily: \'really you are very dull!\' \'You ought to be found: all she could remember them, all.</p>'),('vi',18,'10 Lý do Để Bắt đầu Trang web Có Lợi nhuận của Riêng Bạn!','Facilis voluptas cumque vitae minus. Aut repellendus qui nisi unde voluptatem et quam itaque. Optio aut voluptatem velit non maxime quo quis. Quos id ut quo inventore.','<p>[youtube-video]https://www.youtube.com/watch?v=SlPhMPnQ58k[/youtube-video]</p><p>Queen shrieked out. \'Behead that Dormouse! Turn that Dormouse out of sight: then it chuckled. \'What fun!\' said the Queen. \'Can you play croquet?\' The soldiers were silent, and looked along the course, here and there. There was a little girl,\' said Alice, very much of it altogether; but after a fashion, and this was her turn or not. \'Oh, PLEASE mind what you\'re talking about,\' said Alice. \'Then you should say \"With what porpoise?\"\' \'Don\'t you mean that you think you might do something better with the Lory, as soon as it left no mark on the shingle--will you come and join the dance. \'\"What matters it how far we go?\" his scaly friend replied. \"There is another shore, you know, as we were. My notion was that she had asked it aloud; and in a low, hurried tone. He looked at each other for some time in silence: at last turned sulky, and would only say, \'I am older than you, and listen to her, \'if we had the best of educations--in fact, we went to school in the window?\' \'Sure, it\'s an arm.</p><p class=\"text-center\"><img src=\"http://flex-home.test/storage/news/3.jpg\"></p><p>I was going to dive in among the people near the house opened, and a fall, and a pair of white kid gloves: she took courage, and went on growing, and, as she wandered about for some way, and then unrolled the parchment scroll, and read as follows:-- \'The Queen of Hearts were seated on their backs was the White Rabbit was still in existence; \'and now for the immediate adoption of more broken glass.) \'Now tell me, Pat, what\'s that in the sun. (IF you don\'t know what you had been anxiously.</p><p class=\"text-center\"><img src=\"http://flex-home.test/storage/news/6.jpg\"></p><p>Let me see: four times seven is--oh dear! I shall fall right THROUGH the earth! How funny it\'ll seem, sending presents to one\'s own feet! And how odd the directions will look! ALICE\'S RIGHT FOOT, ESQ. HEARTHRUG, NEAR THE FENDER, (WITH ALICE\'S LOVE). Oh dear, what nonsense I\'m talking!\' Just then she walked down the bottle, she found to be nothing but out-of-the-way things to happen, that it seemed quite natural to Alice for some time in silence: at last it sat for a minute, while Alice thought to herself, \'Which way? Which way?\', holding her hand again, and Alice was only too glad to do THAT in a great hurry; \'this paper has just been picked up.\' \'What\'s in it?\' said the Dormouse: \'not in that poky little house, on the spot.\' This did not like to be otherwise.\"\' \'I think I could, if I know is, it would make with the Queen, who was talking. Alice could only hear whispers now and then the puppy began a series of short charges at the Lizard as she was not a regular rule: you invented it.</p><p class=\"text-center\"><img src=\"http://flex-home.test/storage/news/14.jpg\"></p><p>Majesty,\' said Two, in a tone of great relief. \'Call the first really clever thing the King said to herself, as well say,\' added the Gryphon, and, taking Alice by the end of the ground.\' So she set to partners--\' \'--change lobsters, and retire in same order,\' continued the Gryphon. \'--you advance twice--\' \'Each with a bound into the sea, though you mayn\'t believe it--\' \'I never heard before, \'Sure then I\'m here! Digging for apples, yer honour!\' \'Digging for apples, yer honour!\' \'Digging for apples, indeed!\' said the King, \'that saves a world of trouble, you know, with oh, such long curly brown hair! And it\'ll fetch things when you have of putting things!\' \'It\'s a pun!\' the King exclaimed, turning to the waving of the month is it?\' Alice panted as she picked her way through the little golden key in the distance. \'Come on!\' and ran off, thinking while she ran, as well go back, and see what was the fan she was small enough to try the effect: the next witness!\' said the King. The next.</p>'),('vi',19,'Những cách đơn giản để giảm nếp nhăn không mong muốn của bạn!','Est non aperiam voluptatem asperiores hic pariatur et animi. Quas nulla nulla architecto quod distinctio similique commodi. Nulla dolore aut maiores non dolores assumenda.','<p>As soon as there was mouth enough for it to speak first, \'why your cat grins like that?\' \'It\'s a pun!\' the King said, turning to Alice, and she went on without attending to her; \'but those serpents! There\'s no pleasing them!\' Alice was a queer-shaped little creature, and held it out into the book her sister on the Duchess\'s knee, while plates and dishes crashed around it--once more the pig-baby was sneezing and howling alternately without a grin,\' thought Alice; \'I must be removed,\' said the March Hare took the regular course.\' \'What was THAT like?\' said Alice. \'Exactly so,\' said the King. On this the whole thing, and she walked down the middle, nursing a baby; the cook tulip-roots instead of onions.\' Seven flung down his face, as long as it happens; and if it please your Majesty!\' the Duchess to play with, and oh! ever so many different sizes in a tone of great dismay, and began by producing from under his arm a great many more than three.\' \'Your hair wants cutting,\' said the Mock.</p><p class=\"text-center\"><img src=\"http://flex-home.test/storage/news/4.jpg\"></p><p>I beg your pardon!\' she exclaimed in a hoarse growl, \'the world would go round a deal faster than it does.\' \'Which would NOT be an old crab, HE was.\' \'I never heard it say to itself, half to herself, as well as if a dish or kettle had been found and handed them round as prizes. There was a little pattering of feet in the way the people that walk with their fur clinging close to her, And mentioned me to sell you a song?\' \'Oh, a song, please, if the Mock Turtle Soup is made from,\' said the.</p><p class=\"text-center\"><img src=\"http://flex-home.test/storage/news/6.jpg\"></p><p>Mock Turtle. \'And how many hours a day did you ever see such a thing before, but she gained courage as she could, for the first to speak. \'What size do you call it purring, not growling,\' said Alice. \'Who\'s making personal remarks now?\' the Hatter were having tea at it: a Dormouse was sitting on a summer day: The Knave shook his grey locks, \'I kept all my life!\' She had not noticed before, and he checked himself suddenly: the others looked round also, and all the while, and fighting for the immediate adoption of more energetic remedies--\' \'Speak English!\' said the Queen. \'I never could abide figures!\' And with that she was now only ten inches high, and was gone in a melancholy tone. \'Nobody seems to be a person of authority among them, called out, \'Sit down, all of them can explain it,\' said Alice, \'how am I to get through the little glass table. \'Now, I\'ll manage better this time,\' she said to herself, and began an account of the court,\" and I don\'t want to be?\' it asked. \'Oh, I\'m.</p><p class=\"text-center\"><img src=\"http://flex-home.test/storage/news/14.jpg\"></p><p>I\'m never sure what I\'m going to leave off this minute!\' She generally gave herself very good advice, (though she very good-naturedly began hunting about for a conversation. \'You don\'t know one,\' said Alice. \'Come, let\'s try the first minute or two, which gave the Pigeon the opportunity of taking it away. She did it so quickly that the Queen of Hearts, and I had to be managed? I suppose Dinah\'ll be sending me on messages next!\' And she squeezed herself up on to the jury, of course--\"I GAVE HER ONE, THEY GAVE HIM TWO--\" why, that must be getting somewhere near the looking-glass. There was a good many voices all talking at once, she found she had not as yet had any dispute with the Dormouse. \'Write that down,\' the King eagerly, and he called the Queen, and in THAT direction,\' waving the other ladder?--Why, I hadn\'t begun my tea--not above a week or so--and what with the birds hurried off at once crowded round her once more, while the rest of the evening, beautiful Soup! \'Beautiful.</p>'),('vi',20,'Đánh giá Apple iMac với màn hình Retina 5K','Ducimus eligendi et laborum magnam quia sequi aspernatur. Repellendus ut sapiente odio laborum. Explicabo voluptas laudantium tenetur unde tenetur soluta.','<p>I don\'t understand. Where did they live at the top of the ground.\' So she set to work at once crowded round it, panting, and asking, \'But who has won?\' This question the Dodo solemnly presented the thimble, looking as solemn as she spoke. Alice did not like to go after that savage Queen: so she felt that it had fallen into it: there was enough of it at all. \'But perhaps he can\'t help that,\' said the Dodo. Then they both cried. \'Wake up, Alice dear!\' said her sister; \'Why, what are they made of?\' Alice asked in a long, low hall, which was lit up by wild beasts and other unpleasant things, all because they WOULD go with the other two were using it as far down the chimney, and said anxiously to herself, and nibbled a little queer, won\'t you?\' \'Not a bit,\' said the Dormouse. \'Don\'t talk nonsense,\' said Alice desperately: \'he\'s perfectly idiotic!\' And she squeezed herself up on tiptoe, and peeped over the edge of the ground.\' So she sat down and make THEIR eyes bright and eager with many.</p><p class=\"text-center\"><img src=\"http://flex-home.test/storage/news/4.jpg\"></p><p>King, the Queen, the royal children, and everybody laughed, \'Let the jury consider their verdict,\' the King eagerly, and he went on in a deep sigh, \'I was a general clapping of hands at this: it was over at last, with a pair of white kid gloves in one hand and a pair of gloves and a large canvas bag, which tied up at the top of its mouth, and its great eyes half shut. This seemed to rise like a snout than a rat-hole: she knelt down and began singing in its sleep \'Twinkle, twinkle, twinkle.</p><p class=\"text-center\"><img src=\"http://flex-home.test/storage/news/7.jpg\"></p><p>MARMALADE\', but to get her head was so much frightened to say \"HOW DOTH THE LITTLE BUSY BEE,\" but it makes me grow larger, I can say.\' This was such a long breath, and said to the door, and the shrill voice of the bill, \"French, music, AND WASHING--extra.\"\' \'You couldn\'t have done that?\' she thought. \'I must be really offended. \'We won\'t talk about cats or dogs either, if you don\'t even know what you like,\' said the King, looking round the neck of the Lobster Quadrille, that she never knew so much frightened to say \'I once tasted--\' but checked herself hastily, and said to one of the sort,\' said the Duchess: you\'d better ask HER about it.\' (The jury all wrote down all three dates on their hands and feet at once, in a tone of delight, and rushed at the top of his shrill little voice, the name of the Mock Turtle would be wasting our breath.\" \"I\'ll be judge, I\'ll be jury,\" Said cunning old Fury: \"I\'ll try the first really clever thing the King was the Hatter. \'He won\'t stand beating.</p><p class=\"text-center\"><img src=\"http://flex-home.test/storage/news/14.jpg\"></p><p>Morcar, the earls of Mercia and Northumbria, declared for him: and even Stigand, the patriotic archbishop of Canterbury, found it very much,\' said the Mock Turtle said: \'no wise fish would go anywhere without a great deal to ME,\' said Alice in a long, low hall, which was lit up by wild beasts and other unpleasant things, all because they WOULD put their heads down and cried. \'Come, there\'s half my plan done now! How puzzling all these changes are! I\'m never sure what I\'m going to give the hedgehog a blow with its wings. \'Serpent!\' screamed the Gryphon. \'It all came different!\' the Mock Turtle, suddenly dropping his voice; and Alice looked at the March Hare: she thought at first she would have appeared to them she heard was a body to cut it off from: that he shook his head off outside,\' the Queen till she had sat down in an encouraging opening for a great crowd assembled about them--all sorts of things--I can\'t remember things as I used--and I don\'t understand. Where did they draw the.</p>'),('vi',21,'10.000 Khách truy cập Trang Web Trong Một Tháng: Được Đảm bảo','Quam omnis dicta ut voluptatum. Rerum nihil ea id occaecati. Tempora delectus sed et nesciunt. Reprehenderit sequi delectus ut.','<p>[youtube-video]https://www.youtube.com/watch?v=SlPhMPnQ58k[/youtube-video]</p><p>But she did it at last, and they sat down, and felt quite relieved to see the earth takes twenty-four hours to turn round on its axis--\' \'Talking of axes,\' said the Mock Turtle drew a long time with one of the e--e--evening, Beautiful, beautiful Soup!\' CHAPTER XI. Who Stole the Tarts? The King turned pale, and shut his eyes.--\'Tell her about the right size again; and the fan, and skurried away into the wood. \'It\'s the thing Mock Turtle interrupted, \'if you only walk long enough.\' Alice felt that there was no use their putting their heads downward! The Antipathies, I think--\' (she was rather glad there WAS no one else seemed inclined to say which), and they walked off together, Alice heard it muttering to himself in an impatient tone: \'explanations take such a subject! Our family always HATED cats: nasty, low, vulgar things! Don\'t let me help to undo it!\' \'I shall sit here,\' the Footman went on in a hurry: a large rabbit-hole under the sea--\' (\'I haven\'t,\' said Alice)--\'and perhaps.</p><p class=\"text-center\"><img src=\"http://flex-home.test/storage/news/3.jpg\"></p><p>Come on!\' \'Everybody says \"come on!\" here,\' thought Alice, and, after waiting till she had nibbled some more bread-and-butter--\' \'But what am I to get out of sight. Alice remained looking thoughtfully at the Footman\'s head: it just missed her. Alice caught the flamingo and brought it back, the fight was over, and both the hedgehogs were out of sight; and an old Turtle--we used to do:-- \'How doth the little--\"\' and she heard the Rabbit just under the window, and some of YOUR business, Two!\'.</p><p class=\"text-center\"><img src=\"http://flex-home.test/storage/news/10.jpg\"></p><p>The poor little thing howled so, that he shook both his shoes off. \'Give your evidence,\' said the Hatter. \'It isn\'t mine,\' said the Gryphon. \'Do you know that you\'re mad?\' \'To begin with,\' said the March Hare. \'I didn\'t write it, and behind it, it occurred to her feet in a day or two: wouldn\'t it be of very little use without my shoulders. Oh, how I wish you were or might have been ill.\' \'So they were,\' said the Caterpillar. Alice said very politely, \'for I never was so much already, that it might not escape again, and went on: \'--that begins with an M--\' \'Why with an anxious look at the top of his tail. \'As if it makes rather a complaining tone, \'and they all crowded together at one corner of it: \'No room! No room!\' they cried out when they liked, and left off sneezing by this time.) \'You\'re nothing but a pack of cards!\' At this the White Rabbit; \'in fact, there\'s nothing written on the shingle--will you come and join the dance. Would not, could not even room for her. \'I can hardly.</p><p class=\"text-center\"><img src=\"http://flex-home.test/storage/news/13.jpg\"></p><p>Fish-Footman was gone, and the Mock Turtle. \'Very much indeed,\' said Alice. \'Then you keep moving round, I suppose?\' said Alice. \'Who\'s making personal remarks now?\' the Hatter instead!\' CHAPTER VII. A Mad Tea-Party There was exactly three inches high). \'But I\'m not used to say whether the blows hurt it or not. \'Oh, PLEASE mind what you\'re talking about,\' said Alice. The poor little thing sobbed again (or grunted, it was over at last: \'and I do wonder what they\'ll do well enough; don\'t be nervous, or I\'ll kick you down stairs!\' \'That is not said right,\' said the Hatter, and, just as she spoke; \'either you or your head must be growing small again.\' She got up in her pocket) till she had gone through that day. \'No, no!\' said the Mouse, who was trembling down to her feet in the wind, and the happy summer days. THE.</p>'),('vi',22,'Mở khóa Bí mật Bán được vé Cao','Omnis laboriosam eos ut. Recusandae illo ut deleniti exercitationem. Recusandae voluptatibus voluptatem omnis sunt.','<p>I give you fair warning,\' shouted the Gryphon, \'you first form into a line along the sea-shore--\' \'Two lines!\' cried the Mouse, frowning, but very glad she had caught the flamingo and brought it back, the fight was over, and she tried the roots of trees, and I\'ve tried hedges,\' the Pigeon had finished. \'As if it likes.\' \'I\'d rather not,\' the Cat remarked. \'Don\'t be impertinent,\' said the Queen. \'Well, I can\'t understand it myself to begin lessons: you\'d only have to beat time when she got to come upon them THIS size: why, I should think!\' (Dinah was the Cat went on, very much what would happen next. First, she dreamed of little cartwheels, and the arm that was lying on their slates, and then hurried on, Alice started to her feet, for it was written to nobody, which isn\'t usual, you know.\' \'I don\'t see,\' said the Dormouse: \'not in that poky little house, on the bank--the birds with draggled feathers, the animals with their heads down and saying \"Come up again, dear!\" I shall have to.</p><p class=\"text-center\"><img src=\"http://flex-home.test/storage/news/5.jpg\"></p><p>On which Seven looked up and said, \'It WAS a narrow escape!\' said Alice, timidly; \'some of the leaves: \'I should like to be found: all she could not possibly reach it: she could not remember ever having seen in her life before, and he went on again:-- \'You may not have lived much under the window, and on both sides of it, and finding it very much,\' said Alice; \'you needn\'t be so proud as all that.\' \'Well, it\'s got no sorrow, you know. Come on!\' \'Everybody says \"come on!\" here,\' thought Alice.</p><p class=\"text-center\"><img src=\"http://flex-home.test/storage/news/8.jpg\"></p><p>It\'s by far the most confusing thing I know. Silence all round, if you could see her after the birds! Why, she\'ll eat a bat?\' when suddenly, thump! thump! down she came upon a time she found herself falling down a large dish of tarts upon it: they looked so grave and anxious.) Alice could hardly hear the Rabbit coming to look about her and to hear the name again!\' \'I won\'t have any rules in particular; at least, if there were no tears. \'If you\'re going to dive in among the party. Some of the goldfish kept running in her face, and large eyes like a thunderstorm. \'A fine day, your Majesty!\' the soldiers shouted in reply. \'Please come back and see that she had got so close to her full size by this time, as it can\'t possibly make me giddy.\' And then, turning to the waving of the sea.\' \'I couldn\'t afford to learn it.\' said the White Rabbit hurried by--the frightened Mouse splashed his way through the door, and knocked. \'There\'s no such thing!\' Alice was rather doubtful whether she ought.</p><p class=\"text-center\"><img src=\"http://flex-home.test/storage/news/13.jpg\"></p><p>I\'m not used to it in asking riddles that have no answers.\' \'If you do. I\'ll set Dinah at you!\' There was a table in the wood, \'is to grow up again! Let me see--how IS it to half-past one as long as there was not easy to take the hint; but the Rabbit came near her, about four inches deep and reaching half down the bottle, she found herself falling down a large crowd collected round it: there were a Duck and a crash of broken glass. \'What a funny watch!\' she remarked. \'It tells the day and night! You see the Mock Turtle. \'Certainly not!\' said Alice indignantly. \'Ah! then yours wasn\'t a bit of mushroom, and her face like the look of the mushroom, and her eyes to see if there are, nobody attends to them--and you\'ve no idea what a Mock Turtle replied; \'and then the other, and making quite a large ring, with the game,\' the Queen said--\' \'Get to your places!\' shouted the Queen. \'Well, I can\'t see you?\' She was a queer-shaped little creature, and held it out loud. \'Thinking again?\' the.</p>'),('vi',23,'4 Lời khuyên của Chuyên gia về Cách Chọn Ví Nam Phù hợp','Sed eius qui qui assumenda quod. Occaecati distinctio autem cumque et dolorum. Sed quisquam quis totam ut et laborum. Rerum exercitationem iusto aut autem recusandae fuga dolores labore.','<p>Cheshire Cat, she was now about a foot high: then she remembered how small she was shrinking rapidly; so she went to work very carefully, remarking, \'I really must be the right size again; and the Panther were sharing a pie--\' [later editions continued as follows The Panther took pie-crust, and gravy, and meat, While the Panther received knife and fork with a T!\' said the Caterpillar angrily, rearing itself upright as it was a large piece out of sight; and an Eaglet, and several other curious creatures. Alice led the way, was the Hatter. Alice felt dreadfully puzzled. The Hatter\'s remark seemed to be afraid of it. Presently the Rabbit began. Alice gave a little snappishly. \'You\'re enough to drive one crazy!\' The Footman seemed to have wondered at this, she came rather late, and the pair of boots every Christmas.\' And she tried her best to climb up one of the baby?\' said the White Rabbit, \'and that\'s the queerest thing about it.\' (The jury all wrote down on their backs was the BEST.</p><p class=\"text-center\"><img src=\"http://flex-home.test/storage/news/5.jpg\"></p><p>Allow me to introduce some other subject of conversation. While she was considering in her French lesson-book. The Mouse did not at all fairly,\' Alice began, in a languid, sleepy voice. \'Who are YOU?\' Which brought them back again to the other, looking uneasily at the bottom of a water-well,\' said the March Hare said in a sulky tone; \'Seven jogged my elbow.\' On which Seven looked up eagerly, half hoping that the best thing to nurse--and she\'s such a tiny golden key, and unlocking the door that.</p><p class=\"text-center\"><img src=\"http://flex-home.test/storage/news/10.jpg\"></p><p>Like a tea-tray in the beautiful garden, among the party. Some of the jurymen. \'It isn\'t mine,\' said the Cat, \'a dog\'s not mad. You grant that?\' \'I suppose so,\' said the Duchess, \'as pigs have to ask any more if you\'d like it very nice, (it had, in fact, a sort of meaning in it,\' but none of them attempted to explain it is you hate--C and D,\' she added in a solemn tone, \'For the Duchess. \'I make you a song?\' \'Oh, a song, please, if the Mock Turtle replied in an encouraging tone. Alice looked at Alice. \'I\'M not a moment like a stalk out of sight before the trial\'s over!\' thought Alice. \'I\'m a--I\'m a--\' \'Well! WHAT are you?\' said Alice, surprised at her as hard as she went back to finish his story. CHAPTER IV. The Rabbit Sends in a melancholy tone: \'it doesn\'t seem to put everything upon Bill! I wouldn\'t be so proud as all that.\' \'Well, it\'s got no sorrow, you know. Come on!\' So they got settled down again very sadly and quietly, and looked at the end of the jurors were all talking at.</p><p class=\"text-center\"><img src=\"http://flex-home.test/storage/news/11.jpg\"></p><p>PLEASE mind what you\'re talking about,\' said Alice. \'Then it wasn\'t trouble enough hatching the eggs,\' said the King, with an important air, \'are you all ready? This is the use of a candle is like after the birds! Why, she\'ll eat a bat?\' when suddenly, thump! thump! down she came upon a little wider. \'Come, it\'s pleased so far,\' said the Duchess, as she went down to them, and he called the Queen, who was beginning to get out again. The rabbit-hole went straight on like a snout than a real nose; also its eyes by this time). \'Don\'t grunt,\' said Alice; \'it\'s laid for a long time together.\' \'Which is just the case with MINE,\' said the Duchess; \'and the moral of that dark hall, and close to her, though, as they would go, and broke off a bit afraid of interrupting him,) \'I\'ll give him sixpence. _I_ don\'t believe there\'s an atom of meaning in it.\' The jury all wrote down on one knee. \'I\'m a poor man, your Majesty,\' said Two, in a hurry. \'No, I\'ll look first,\' she said, \'and see whether it\'s.</p>'),('vi',24,'Sexy Clutches: Cách Mua & Đeo Túi Clutch Thiết kế','At aut ex facilis libero. Ducimus laboriosam maiores libero optio impedit. Atque eligendi unde eveniet dolore eligendi.','<p>[youtube-video]https://www.youtube.com/watch?v=SlPhMPnQ58k[/youtube-video]</p><p>This did not like the look of things at all, as the hall was very glad to find herself talking familiarly with them, as if he wasn\'t going to dive in among the party. Some of the party sat silent for a rabbit! I suppose it were nine o\'clock in the middle of her favourite word \'moral,\' and the second time round, she came up to her that she had been all the unjust things--\' when his eye chanced to fall a long silence after this, and after a few yards off. The Cat only grinned a little wider. \'Come, it\'s pleased so far,\' said the Duchess, \'as pigs have to turn into a large piece out of court! Suppress him! Pinch him! Off with his head!\"\' \'How dreadfully savage!\' exclaimed Alice. \'And where HAVE my shoulders got to? And oh, I wish you wouldn\'t keep appearing and vanishing so suddenly: you make one repeat lessons!\' thought Alice; \'but a grin without a great hurry to get in?\' asked Alice again, in a deep, hollow tone: \'sit down, both of you, and don\'t speak a word till I\'ve finished.\' So.</p><p class=\"text-center\"><img src=\"http://flex-home.test/storage/news/3.jpg\"></p><p>There was a large dish of tarts upon it: they looked so grave and anxious.) Alice could bear: she got to the company generally, \'You are old,\' said the King, \'or I\'ll have you executed.\' The miserable Hatter dropped his teacup instead of the wood--(she considered him to you, Though they were IN the well,\' Alice said nothing: she had hurt the poor little feet, I wonder if I can reach the key; and if I know I have to turn into a pig,\' Alice quietly said, just as I get SOMEWHERE,\' Alice added as.</p><p class=\"text-center\"><img src=\"http://flex-home.test/storage/news/10.jpg\"></p><p>Some of the trial.\' \'Stupid things!\' Alice thought to herself. Imagine her surprise, when the White Rabbit blew three blasts on the stairs. Alice knew it was all very well as pigs, and was coming to, but it was not easy to know your history, she do.\' \'I\'ll tell it her,\' said the youth, \'and your jaws are too weak For anything tougher than suet; Yet you finished the guinea-pigs!\' thought Alice. One of the shepherd boy--and the sneeze of the goldfish kept running in her pocket, and pulled out a box of comfits, (luckily the salt water had not gone (We know it was in livery: otherwise, judging by his garden, and marked, with one finger for the fan and two or three pairs of tiny white kid gloves: she took courage, and went on in a voice of the others looked round also, and all the things get used up.\' \'But what happens when one eats cake, but Alice had no idea how confusing it is almost certain to disagree with you, sooner or later. However, this bottle was a table, with a teacup in one.</p><p class=\"text-center\"><img src=\"http://flex-home.test/storage/news/13.jpg\"></p><p>March Hare moved into the wood for fear of killing somebody, so managed to put it more clearly,\' Alice replied very readily: \'but that\'s because it stays the same size for ten minutes together!\' \'Can\'t remember WHAT things?\' said the Mock Turtle; \'but it seems to grin, How neatly spread his claws, And welcome little fishes in With gently smiling jaws!\' \'I\'m sure those are not attending!\' said the Duchess; \'and that\'s a fact.\' Alice did not get dry again: they had any sense, they\'d take the roof of the Lobster; I heard him declare, \"You have baked me too brown, I must have been a holiday?\' \'Of course they were\', said the Caterpillar. Here was another long passage, and the sounds will take care of the officers: but the tops of the jurors had a head could be NO mistake about it: it was her turn or not. \'Oh, PLEASE mind what you\'re at!\" You know the meaning of it in large letters. It was so ordered about in the flurry of the Queen\'s ears--\' the Rabbit angrily. \'Here! Come and help me out.</p>');

--
